288
CDUS43 KILX 200659
CLICMI


CLIMATE REPORT
NATIONAL WEATHER SERVICE LINCOLN IL
1258 AM CST FRI JAN 20 2017


...................................

...THE CHAMPAIGN IL AIRPORT CLIMATE SUMMARY FOR JANUARY 19 2017...

CLIMATE NORMAL PERIOD 1981 TO 2010
CLIMATE RECORD PERIOD 9999 TO 9999


WEATHER ITEM   OBSERVED TIME   RECORD YEAR NORMAL DEPARTURE LAST
                VALUE   (LST)  VALUE       VALUE  FROM      YEAR
                                                  NORMAL
..................................................................
TEMPERATURE (F)
 YESTERDAY
  MAXIMUM         44   1159 PM  MM      MM  34     10       19
  MINIMUM         32    253 AM  MM      MM  17     15        1
  AVERAGE         38                        25     13       10

PRECIPITATION (IN)
  YESTERDAY        0.73         MM      MM   0.06   0.67     0.12
  MONTH TO DATE    1.96                      1.43   0.53     0.77
  SINCE DEC 1      3.11                      3.95  -0.84     7.44
  SINCE JAN 1      1.96                      1.43   0.53     0.77

DEGREE DAYS
 HEATING
  YESTERDAY       27                        40    -13       55
  MONTH TO DATE  677                       756    -79      739
  SINCE DEC 1   1783                      1873    -90     1477
  SINCE JUL 1   2516                      3037   -521     2344

 COOLING
  YESTERDAY        0                         0      0        0
  MONTH TO DATE    0                         0      0        0
  SINCE DEC 1      0                         0      0        0
  SINCE JAN 1      0                         0      0        0
..................................................................


WIND (MPH)
  HIGHEST WIND SPEED    21   HIGHEST WIND DIRECTION     E (90)
  HIGHEST GUST SPEED    24   HIGHEST GUST DIRECTION     E (90)
  AVERAGE WIND SPEED    10.8


SKY COVER
  POSSIBLE SUNSHINE  MM
  AVERAGE SKY COVER 0.7


WEATHER CONDITIONS
 THE FOLLOWING WEATHER WAS RECORDED YESTERDAY.
  HEAVY RAIN
  RAIN
  LIGHT RAIN
  FOG


RELATIVE HUMIDITY (PERCENT)
 HIGHEST   100           500 AM
 LOWEST     86          1100 AM
 AVERAGE    93

..........................................................


THE CHAMPAIGN IL AIRPORT CLIMATE NORMALS FOR TODAY
                         NORMAL    RECORD    YEAR
 MAXIMUM TEMPERATURE (F)   34        MM        MM
 MINIMUM TEMPERATURE (F)   17        MM        MM


SUNRISE AND SUNSET
JANUARY 20 2017.......SUNRISE   711 AM CST   SUNSET   458 PM CST
JANUARY 21 2017.......SUNRISE   710 AM CST   SUNSET   459 PM CST


-  INDICATES NEGATIVE NUMBERS.
R  INDICATES RECORD WAS SET OR TIED.
MM INDICATES DATA IS MISSING.
T  INDICATES TRACE AMOUNT.




$$
