000
CDUS43 KILX 230709
CLICMI


CLIMATE REPORT
NATIONAL WEATHER SERVICE LINCOLN IL
109 AM CST SUN NOV 23 2014


...................................

...THE CHAMPAIGN IL AIRPORT CLIMATE SUMMARY FOR NOVEMBER 22 2014...

CLIMATE NORMAL PERIOD 1981 TO 2010
CLIMATE RECORD PERIOD 9999 TO 9999


WEATHER ITEM   OBSERVED TIME   RECORD YEAR NORMAL DEPARTURE LAST
                VALUE   (LST)  VALUE       VALUE  FROM      YEAR
                                                  NORMAL
..................................................................
TEMPERATURE (F)
 YESTERDAY
  MAXIMUM         57   1233 PM  MM      MM  48      9       48
  MINIMUM         35    147 AM  MM      MM  30      5       28
  AVERAGE         46                        38      8       38

PRECIPITATION (IN)
  YESTERDAY        0.25         MM      MM   0.11   0.14     0.06
  MONTH TO DATE    0.80                      2.56  -1.76     1.13
  SINCE SEP 1      7.40                      8.98  -1.58     5.68
  SINCE JAN 1     35.97                     36.26  -0.29    29.89

DEGREE DAYS
 HEATING
  YESTERDAY       19                        27     -8       27
  MONTH TO DATE  671                       472    199      496
  SINCE SEP 1   1104                       924    180      873
  SINCE JUL 1   1113                       933    180      888

 COOLING
  YESTERDAY        0                         0      0        0
  MONTH TO DATE    0                         0      0        0
  SINCE SEP 1     92                       117    -25      214
  SINCE JAN 1    948                       944      4     1067
..................................................................


WIND (MPH)
  HIGHEST WIND SPEED    26   HIGHEST WIND DIRECTION     S (200)
  HIGHEST GUST SPEED    36   HIGHEST GUST DIRECTION     S (200)
  AVERAGE WIND SPEED    15.2


SKY COVER
  POSSIBLE SUNSHINE  MM
  AVERAGE SKY COVER 0.9


WEATHER CONDITIONS
 THE FOLLOWING WEATHER WAS RECORDED YESTERDAY.
  HEAVY RAIN
  RAIN
  LIGHT RAIN
  FOG


RELATIVE HUMIDITY (PERCENT)
 HIGHEST    93          1100 PM
 LOWEST     72          1200 PM
 AVERAGE    83

..........................................................


THE CHAMPAIGN IL AIRPORT CLIMATE NORMALS FOR TODAY
                         NORMAL    RECORD    YEAR
 MAXIMUM TEMPERATURE (F)   47        MM        MM
 MINIMUM TEMPERATURE (F)   29        MM        MM


SUNRISE AND SUNSET
NOVEMBER 23 2014......SUNRISE   647 AM CST   SUNSET   431 PM CST
NOVEMBER 24 2014......SUNRISE   648 AM CST   SUNSET   431 PM CST


-  INDICATES NEGATIVE NUMBERS.
R  INDICATES RECORD WAS SET OR TIED.
MM INDICATES DATA IS MISSING.
T  INDICATES TRACE AMOUNT.




$$
