195
CDUS43 KILX 060636
CLICMI


CLIMATE REPORT
NATIONAL WEATHER SERVICE LINCOLN IL
1236 AM CST SAT FEB 6 2016


...................................

...THE CHAMPAIGN IL AIRPORT CLIMATE SUMMARY FOR FEBRUARY 5 2016...

CLIMATE NORMAL PERIOD 1981 TO 2010
CLIMATE RECORD PERIOD 9999 TO 9999


WEATHER ITEM   OBSERVED TIME   RECORD YEAR NORMAL DEPARTURE LAST
                VALUE   (LST)  VALUE       VALUE  FROM      YEAR
                                                  NORMAL
..................................................................
TEMPERATURE (F)
 YESTERDAY
  MAXIMUM         33    213 PM  MM      MM  35     -2       16
  MINIMUM         22   1154 PM  MM      MM  18      4       -1
  AVERAGE         28                        27      1        8

PRECIPITATION (IN)
  YESTERDAY        0.00         MM      MM   0.07  -0.07     0.00
  MONTH TO DATE    0.43                      0.32   0.11     0.25
  SINCE DEC 1      7.94                      4.89   3.05     3.04
  SINCE JAN 1      1.27                      2.37  -1.10     1.37

DEGREE DAYS
 HEATING
  YESTERDAY       37                        38     -1       57
  MONTH TO DATE  145                       193    -48      229
  SINCE DEC 1   2048                      2539   -491     2452
  SINCE JUL 1   2915                      3703   -788     3802

 COOLING
  YESTERDAY        0                         0      0        0
  MONTH TO DATE    0                         0      0        0
  SINCE DEC 1      0                         0      0        0
  SINCE JAN 1      0                         0      0        0
..................................................................


WIND (MPH)
  HIGHEST WIND SPEED    16   HIGHEST WIND DIRECTION    NW (330)
  HIGHEST GUST SPEED    19   HIGHEST GUST DIRECTION    NW (300)
  AVERAGE WIND SPEED     7.0


SKY COVER
  POSSIBLE SUNSHINE  MM
  AVERAGE SKY COVER 0.5


WEATHER CONDITIONS
 THE FOLLOWING WEATHER WAS RECORDED YESTERDAY.
  FOG


RELATIVE HUMIDITY (PERCENT)
 HIGHEST    96          1100 PM
 LOWEST     66           300 PM
 AVERAGE    81

..........................................................


THE CHAMPAIGN IL AIRPORT CLIMATE NORMALS FOR TODAY
                         NORMAL    RECORD    YEAR
 MAXIMUM TEMPERATURE (F)   35        MM        MM
 MINIMUM TEMPERATURE (F)   19        MM        MM


SUNRISE AND SUNSET
FEBRUARY  6 2016......SUNRISE   657 AM CST   SUNSET   518 PM CST
FEBRUARY  7 2016......SUNRISE   656 AM CST   SUNSET   519 PM CST


-  INDICATES NEGATIVE NUMBERS.
R  INDICATES RECORD WAS SET OR TIED.
MM INDICATES DATA IS MISSING.
T  INDICATES TRACE AMOUNT.




$$
