000
CDUS43 KILX 010700
CLICMI


CLIMATE REPORT
NATIONAL WEATHER SERVICE LINCOLN IL
1253 AM CST SUN MAR 1 2015


...................................

...THE CHAMPAIGN IL AIRPORT CLIMATE SUMMARY FOR FEBRUARY 28 2015...

CLIMATE NORMAL PERIOD 1981 TO 2010
CLIMATE RECORD PERIOD 9999 TO 9999


WEATHER ITEM   OBSERVED TIME   RECORD YEAR NORMAL DEPARTURE LAST
                VALUE   (LST)  VALUE       VALUE  FROM      YEAR
                                                  NORMAL
..................................................................
TEMPERATURE (F)
 YESTERDAY
  MAXIMUM         23    417 PM  MM      MM  43    -20       37
  MINIMUM          4    158 AM  MM      MM  26    -22        6
  AVERAGE         14                        34    -20       22

PRECIPITATION (IN)
  YESTERDAY       MM            MM      MM   0.07  MM        0.00
  MONTH TO DATE    0.55                      2.02  -1.47     2.04
  SINCE DEC 1      3.34                      6.59  -3.25     4.62
  SINCE JAN 1      1.67                      4.07  -2.40     2.75

DEGREE DAYS
 HEATING
  YESTERDAY       51                        31     20       43
  MONTH TO DATE 1303                       994    309     1301
  SINCE DEC 1   3526                      3338    188     3887
  SINCE JUL 1   4876                      4502    374     5081

 COOLING
  YESTERDAY        0                         0      0        0
  MONTH TO DATE    0                         0      0        0
  SINCE DEC 1      0                         0      0        0
  SINCE JAN 1      0                         0      0        0
..................................................................


WIND (MPH)
  HIGHEST WIND SPEED    13   HIGHEST WIND DIRECTION     E (100)
  HIGHEST GUST SPEED    16   HIGHEST GUST DIRECTION     E (100)
  AVERAGE WIND SPEED     8.7


SKY COVER
  POSSIBLE SUNSHINE  MM
  AVERAGE SKY COVER 0.7


WEATHER CONDITIONS
 THE FOLLOWING WEATHER WAS RECORDED YESTERDAY.
  SNOW
  LIGHT SNOW
  FOG
  HAZE


RELATIVE HUMIDITY (PERCENT)
 HIGHEST    92           800 PM
 LOWEST     59           300 PM
 AVERAGE    76

..........................................................


THE CHAMPAIGN IL AIRPORT CLIMATE NORMALS FOR TODAY
                         NORMAL    RECORD    YEAR
 MAXIMUM TEMPERATURE (F)   43        MM        MM
 MINIMUM TEMPERATURE (F)   26        MM        MM


SUNRISE AND SUNSET
MARCH  1 2015.........SUNRISE   627 AM CST   SUNSET   545 PM CST
MARCH  2 2015.........SUNRISE   625 AM CST   SUNSET   546 PM CST


-  INDICATES NEGATIVE NUMBERS.
R  INDICATES RECORD WAS SET OR TIED.
MM INDICATES DATA IS MISSING.
T  INDICATES TRACE AMOUNT.




$$
