000
CDUS43 KILX 290640
CLICMI


CLIMATE REPORT
NATIONAL WEATHER SERVICE LINCOLN IL
1234 AM CST THU JAN 29 2015


...................................

...THE CHAMPAIGN IL AIRPORT CLIMATE SUMMARY FOR JANUARY 28 2015...

CLIMATE NORMAL PERIOD 1981 TO 2010
CLIMATE RECORD PERIOD 9999 TO 9999


WEATHER ITEM   OBSERVED TIME   RECORD YEAR NORMAL DEPARTURE LAST
                VALUE   (LST)  VALUE       VALUE  FROM      YEAR
                                                  NORMAL
..................................................................
TEMPERATURE (F)
 YESTERDAY
  MAXIMUM         37   1159 PM  MM      MM  34      3       14
  MINIMUM         18    243 AM  MM      MM  17      1       -7
  AVERAGE         28                        26      2        4

PRECIPITATION (IN)
  YESTERDAY        T            MM      MM   0.05  -0.05     0.00
  MONTH TO DATE    1.01                      1.90  -0.89     0.66
  SINCE DEC 1      2.68                      4.42  -1.74     2.53
  SINCE JAN 1      1.01                      1.90  -0.89     0.66

DEGREE DAYS
 HEATING
  YESTERDAY       37                        39     -2       61
  MONTH TO DATE 1135                      1114     21     1281
  SINCE DEC 1   2123                      2231   -108     2463
  SINCE JUL 1   3473                      3395     78     3657

 COOLING
  YESTERDAY        0                         0      0        0
  MONTH TO DATE    0                         0      0        0
  SINCE DEC 1      0                         0      0        0
  SINCE JAN 1      0                         0      0        0
..................................................................


WIND (MPH)
  HIGHEST WIND SPEED    23   HIGHEST WIND DIRECTION    SE (150)
  HIGHEST GUST SPEED    29   HIGHEST GUST DIRECTION    SE (150)
  AVERAGE WIND SPEED    13.4


SKY COVER
  POSSIBLE SUNSHINE  MM
  AVERAGE SKY COVER 0.1


WEATHER CONDITIONS
 THE FOLLOWING WEATHER WAS RECORDED YESTERDAY.
  LIGHT RAIN
  FOG
  HAZE


RELATIVE HUMIDITY (PERCENT)
 HIGHEST    91           300 AM
 LOWEST     64           800 PM
 AVERAGE    78

..........................................................


THE CHAMPAIGN IL AIRPORT CLIMATE NORMALS FOR TODAY
                         NORMAL    RECORD    YEAR
 MAXIMUM TEMPERATURE (F)   34        MM        MM
 MINIMUM TEMPERATURE (F)   17        MM        MM


SUNRISE AND SUNSET
JANUARY 29 2015.......SUNRISE   705 AM CST   SUNSET   508 PM CST
JANUARY 30 2015.......SUNRISE   704 AM CST   SUNSET   510 PM CST


-  INDICATES NEGATIVE NUMBERS.
R  INDICATES RECORD WAS SET OR TIED.
MM INDICATES DATA IS MISSING.
T  INDICATES TRACE AMOUNT.




$$
