000
CDUS43 KILX 230650
CLICMI


CLIMATE REPORT
NATIONAL WEATHER SERVICE LINCOLN IL
1250 AM CST THU NOV 23 2017


...................................

...THE CHAMPAIGN IL AIRPORT CLIMATE SUMMARY FOR NOVEMBER 22 2017...

CLIMATE NORMAL PERIOD 1981 TO 2010
CLIMATE RECORD PERIOD 9999 TO 9999


WEATHER ITEM   OBSERVED TIME   RECORD YEAR NORMAL DEPARTURE LAST
                VALUE   (LST)  VALUE       VALUE  FROM      YEAR
                                                  NORMAL
..................................................................
TEMPERATURE (F)
 YESTERDAY
  MAXIMUM         37    312 PM  MM      MM  48    -11       49
  MINIMUM         19    640 AM  MM      MM  30    -11       30
  AVERAGE         28                        38    -10       40

PRECIPITATION (IN)
  YESTERDAY        0.00         MM      MM   0.11  -0.11     0.26
  MONTH TO DATE    2.30                      2.56  -0.26     1.42
  SINCE SEP 1      9.43                      8.98   0.45     9.68
  SINCE JAN 1     31.53                     36.26  -4.73    34.18

DEGREE DAYS
 HEATING
  YESTERDAY       37                        27     10       25
  MONTH TO DATE  497                       472     25      354
  SINCE SEP 1    785                       924   -139      546
  SINCE JUL 1    789                       933   -144      554

 COOLING
  YESTERDAY        0                         0      0        0
  MONTH TO DATE    0                         0      0       11
  SINCE SEP 1    238                       117    121      263
  SINCE JAN 1   1126                       944    182     1284
..................................................................


WIND (MPH)
  HIGHEST WIND SPEED    12   HIGHEST WIND DIRECTION    NW (330)
  HIGHEST GUST SPEED    14   HIGHEST GUST DIRECTION    NW (320)
  AVERAGE WIND SPEED     5.6


SKY COVER
  POSSIBLE SUNSHINE  MM
  AVERAGE SKY COVER 0.0


WEATHER CONDITIONS
 THE FOLLOWING WEATHER WAS RECORDED YESTERDAY.
  NO SIGNIFICANT WEATHER WAS OBSERVED.


RELATIVE HUMIDITY (PERCENT)
 HIGHEST    92           300 AM
 LOWEST     44           200 PM
 AVERAGE    68

..........................................................


THE CHAMPAIGN IL AIRPORT CLIMATE NORMALS FOR TODAY
                         NORMAL    RECORD    YEAR
 MAXIMUM TEMPERATURE (F)   47        MM        MM
 MINIMUM TEMPERATURE (F)   29        MM        MM


SUNRISE AND SUNSET
NOVEMBER 23 2017......SUNRISE   648 AM CST   SUNSET   431 PM CST
NOVEMBER 24 2017......SUNRISE   649 AM CST   SUNSET   431 PM CST


-  INDICATES NEGATIVE NUMBERS.
R  INDICATES RECORD WAS SET OR TIED.
MM INDICATES DATA IS MISSING.
T  INDICATES TRACE AMOUNT.




$$
