000
CDUS43 KILX 292148
CLICMI


CLIMATE REPORT
NATIONAL WEATHER SERVICE LINCOLN IL
438 PM CDT TUE JUL 29 2014


...................................

...THE CHAMPAIGN IL AIRPORT CLIMATE SUMMARY FOR JULY 29 2014...
VALID TODAY AS OF 0400 PM LOCAL TIME.

CLIMATE NORMAL PERIOD 1981 TO 2010
CLIMATE RECORD PERIOD 9999 TO 9999


WEATHER ITEM   OBSERVED TIME   RECORD YEAR NORMAL DEPARTURE LAST
                VALUE   (LST)  VALUE       VALUE  FROM      YEAR
                                                  NORMAL
..................................................................
TEMPERATURE (F)
 TODAY
  MAXIMUM         77    242 PM  MM      MM  83     -6       77
  MINIMUM         52    317 AM  MM      MM  63    -11       51
  AVERAGE         65                        73     -8       64

PRECIPITATION (IN)
  TODAY            0.00         MM      MM   0.11  -0.11     0.00
  MONTH TO DATE    5.98                      4.11   1.87     4.74
  SINCE JUN 1     12.32                      8.28   4.04     7.99
  SINCE JAN 1     26.86                     23.44   3.42    23.67

DEGREE DAYS
 HEATING
  TODAY            0                         0      0        1
  MONTH TO DATE    7                         0      7        8
  SINCE JUN 1      7                        17    -10       21
  SINCE JUL 1      7                         0      7        8

 COOLING
  TODAY            0                         8     -8        0
  MONTH TO DATE  152                       267   -115      242
  SINCE JUN 1    433                       490    -57      461
  SINCE JAN 1    585                       582      3      593
..................................................................


WIND (MPH)
  HIGHEST WIND SPEED    16   HIGHEST WIND DIRECTION     W (280)
  HIGHEST GUST SPEED    22   HIGHEST GUST DIRECTION     W (280)
  AVERAGE WIND SPEED     9.5


SKY COVER
  POSSIBLE SUNSHINE  MM
  AVERAGE SKY COVER 0.2


WEATHER CONDITIONS
 THE FOLLOWING WEATHER WAS RECORDED TODAY.
  NO SIGNIFICANT WEATHER WAS OBSERVED.


RELATIVE HUMIDITY (PERCENT)
 HIGHEST   100           500 AM
 LOWEST     54           100 PM
 AVERAGE    77

..........................................................


THE CHAMPAIGN IL AIRPORT CLIMATE NORMALS FOR TOMORROW
                         NORMAL    RECORD    YEAR
 MAXIMUM TEMPERATURE (F)   83        MM        MM
 MINIMUM TEMPERATURE (F)   63        MM        MM


SUNRISE AND SUNSET
JULY 29 2014..........SUNRISE   549 AM CDT   SUNSET   810 PM CDT
JULY 30 2014..........SUNRISE   550 AM CDT   SUNSET   809 PM CDT


-  INDICATES NEGATIVE NUMBERS.
R  INDICATES RECORD WAS SET OR TIED.
MM INDICATES DATA IS MISSING.
T  INDICATES TRACE AMOUNT.




$$
