000
CDUS43 KILX 230641
CLICMI


CLIMATE REPORT
NATIONAL WEATHER SERVICE LINCOLN IL
140 AM CDT SAT SEP 23 2017


...................................

...THE CHAMPAIGN IL AIRPORT CLIMATE SUMMARY FOR SEPTEMBER 22 2017...

CLIMATE NORMAL PERIOD 1981 TO 2010
CLIMATE RECORD PERIOD 9999 TO 9999


WEATHER ITEM   OBSERVED TIME   RECORD YEAR NORMAL DEPARTURE LAST
                VALUE   (LST)  VALUE       VALUE  FROM      YEAR
                                                  NORMAL
..................................................................
TEMPERATURE (F)
 YESTERDAY
  MAXIMUM         95    237 PM  MM      MM  76     19       92
  MINIMUM         66    542 AM  MM      MM  50     16       60
  AVERAGE         81                        63     18       76

PRECIPITATION (IN)
  YESTERDAY        T            MM      MM   0.09  -0.09     0.00
  MONTH TO DATE    0.70                      2.47  -1.77     5.13
  SINCE SEP 1      0.70                      2.47  -1.77     5.13
  SINCE JAN 1     22.80                     29.75  -6.95    29.63

DEGREE DAYS
 HEATING
  YESTERDAY        0                         4     -4        0
  MONTH TO DATE   33                        37     -4        1
  SINCE SEP 1     33                        37     -4        1
  SINCE JUL 1     37                        46     -9        9

 COOLING
  YESTERDAY       16                         2     14       11
  MONTH TO DATE  123                        84     39      159
  SINCE SEP 1    123                        84     39      159
  SINCE JAN 1   1011                       911    100     1180
..................................................................


WIND (MPH)
  HIGHEST WIND SPEED    13   HIGHEST WIND DIRECTION    SW (220)
  HIGHEST GUST SPEED    17   HIGHEST GUST DIRECTION     S (200)
  AVERAGE WIND SPEED     4.8


SKY COVER
  POSSIBLE SUNSHINE  MM
  AVERAGE SKY COVER 0.3


WEATHER CONDITIONS
 THE FOLLOWING WEATHER WAS RECORDED YESTERDAY.
  THUNDERSTORM
  LIGHT RAIN


RELATIVE HUMIDITY (PERCENT)
 HIGHEST    93           400 AM
 LOWEST     36          1200 PM
 AVERAGE    65

..........................................................


THE CHAMPAIGN IL AIRPORT CLIMATE NORMALS FOR TODAY
                         NORMAL    RECORD    YEAR
 MAXIMUM TEMPERATURE (F)   75        MM        MM
 MINIMUM TEMPERATURE (F)   50        MM        MM


SUNRISE AND SUNSET
SEPTEMBER 23 2017.....SUNRISE   642 AM CDT   SUNSET   648 PM CDT
SEPTEMBER 24 2017.....SUNRISE   643 AM CDT   SUNSET   646 PM CDT


-  INDICATES NEGATIVE NUMBERS.
R  INDICATES RECORD WAS SET OR TIED.
MM INDICATES DATA IS MISSING.
T  INDICATES TRACE AMOUNT.




$$
