000
CDUS43 KILX 190700
CLICMI


CLIMATE REPORT
NATIONAL WEATHER SERVICE LINCOLN IL
1249 AM CST MON FEB 19 2018


...................................

...THE CHAMPAIGN IL AIRPORT CLIMATE SUMMARY FOR FEBRUARY 18 2018...

CLIMATE NORMAL PERIOD 1981 TO 2010
CLIMATE RECORD PERIOD 9999 TO 9999


WEATHER ITEM   OBSERVED TIME   RECORD YEAR NORMAL DEPARTURE LAST
                VALUE   (LST)  VALUE       VALUE  FROM      YEAR
                                                  NORMAL
..................................................................
TEMPERATURE (F)
 YESTERDAY
  MAXIMUM         46    400 PM  MM      MM  39      7       69
  MINIMUM         21    508 AM  MM      MM  22     -1       42
  AVERAGE         34                        30      4       56

PRECIPITATION (IN)
  YESTERDAY        0.00         MM      MM   0.07  -0.07     0.00
  MONTH TO DATE    0.35                      1.30  -0.95     0.19
  SINCE DEC 1      1.42                      5.87  -4.45     3.78
  SINCE JAN 1      1.19                      3.35  -2.16     2.63

DEGREE DAYS
 HEATING
  YESTERDAY       31                        35     -4        9
  MONTH TO DATE  719                       668     51      521
  SINCE DEC 1   3086                      3014     72     2633
  SINCE JUL 1   4037                      4178   -141     3366

 COOLING
  YESTERDAY        0                         0      0        0
  MONTH TO DATE    0                         0      0        0
  SINCE DEC 1      0                         0      0        0
  SINCE JAN 1      0                         0      0        0
..................................................................


WIND (MPH)
  HIGHEST WIND SPEED    21   HIGHEST WIND DIRECTION     S (170)
  HIGHEST GUST SPEED    28   HIGHEST GUST DIRECTION     S (160)
  AVERAGE WIND SPEED    13.3


SKY COVER
  POSSIBLE SUNSHINE  MM
  AVERAGE SKY COVER 0.1


WEATHER CONDITIONS
 THE FOLLOWING WEATHER WAS RECORDED YESTERDAY.
  FOG


RELATIVE HUMIDITY (PERCENT)
 HIGHEST    96           300 AM
 LOWEST     65           200 PM
 AVERAGE    81

..........................................................


THE CHAMPAIGN IL AIRPORT CLIMATE NORMALS FOR TODAY
                         NORMAL    RECORD    YEAR
 MAXIMUM TEMPERATURE (F)   39        MM        MM
 MINIMUM TEMPERATURE (F)   23        MM        MM


SUNRISE AND SUNSET
FEBRUARY 19 2018......SUNRISE   641 AM CST   SUNSET   534 PM CST
FEBRUARY 20 2018......SUNRISE   639 AM CST   SUNSET   535 PM CST


-  INDICATES NEGATIVE NUMBERS.
R  INDICATES RECORD WAS SET OR TIED.
MM INDICATES DATA IS MISSING.
T  INDICATES TRACE AMOUNT.




$$
