000
CDUS43 KTOP 260632
CLICNK


CLIMATE REPORT
NATIONAL WEATHER SERVICE TOPEKA KS
131 AM CDT SAT JUL 26 2014


...................................

...THE CONCORDIA KS CLIMATE SUMMARY FOR JULY 25 2014...

CLIMATE NORMAL PERIOD 1981 TO 2010
CLIMATE RECORD PERIOD 1885 TO 2014


WEATHER ITEM   OBSERVED TIME   RECORD YEAR NORMAL DEPARTURE LAST
                VALUE   (LST)  VALUE       VALUE  FROM      YEAR
                                                  NORMAL
..................................................................
TEMPERATURE (F)
 YESTERDAY
  MAXIMUM        103    347 PM 110    1940  91     12       74
                                      1936
  MINIMUM         77   1159 PM  51    1911  68      9       67
  AVERAGE         90                        79     11       71

PRECIPITATION (IN)
  YESTERDAY        0.00          1.60 1950   0.10  -0.10     0.58
  MONTH TO DATE    0.97                      3.26  -2.29     1.81
  SINCE JUN 1      7.67                      7.31   0.36     3.09
  SINCE JAN 1     13.50                     17.30  -3.80    14.48

SNOWFALL (IN)
  YESTERDAY        0.0           T    1997   0.0    0.0      0.0
  MONTH TO DATE    0.0                       0.0    0.0      0.0
  SINCE JAN 1     16.9                      13.7    3.2     20.3
  SINCE JUL 1      0.0                       0.0    0.0      0.0
  SNOW DEPTH       0

DEGREE DAYS
 HEATING
  YESTERDAY        0                         0      0        0
  MONTH TO DATE    2                         0      2        0
  SINCE JUN 1      3                        13    -10       15
  SINCE JUL 1      2                         0      2        0

 COOLING
  YESTERDAY       25                        14     11        6
  MONTH TO DATE  300                       346    -46      330
  SINCE JUN 1    587                       611    -24      626
  SINCE JAN 1    762                       700     62      729
..................................................................


WIND (MPH)
  HIGHEST WIND SPEED    25   HIGHEST WIND DIRECTION    SW (240)
  HIGHEST GUST SPEED    35   HIGHEST GUST DIRECTION    SW (220)
  AVERAGE WIND SPEED    12.2


SKY COVER
  AVERAGE SKY COVER 0.0


WEATHER CONDITIONS
 THE FOLLOWING WEATHER WAS RECORDED YESTERDAY.
  NO SIGNIFICANT WEATHER WAS OBSERVED.


RELATIVE HUMIDITY (PERCENT)
 HIGHEST    85          1100 PM
 LOWEST     27           400 PM
 AVERAGE    56

..........................................................


THE CONCORDIA KS CLIMATE NORMALS FOR TODAY
                         NORMAL    RECORD    YEAR
 MAXIMUM TEMPERATURE (F)   91       108      2002
 MINIMUM TEMPERATURE (F)   68        51      2004


SUNRISE AND SUNSET
JULY 26 2014..........SUNRISE   625 AM CDT   SUNSET   849 PM CDT
JULY 27 2014..........SUNRISE   626 AM CDT   SUNSET   848 PM CDT


-  INDICATES NEGATIVE NUMBERS.
R  INDICATES RECORD WAS SET OR TIED.
MM INDICATES DATA IS MISSING.
T  INDICATES TRACE AMOUNT.




$$
