000
CDUS43 KTOP 230632
CLICNK


CLIMATE REPORT
NATIONAL WEATHER SERVICE TOPEKA KS
132 AM CDT WED APR 23 2014


...................................

...THE CONCORDIA KS CLIMATE SUMMARY FOR APRIL 22 2014...

CLIMATE NORMAL PERIOD 1981 TO 2010
CLIMATE RECORD PERIOD 1885 TO 2014


WEATHER ITEM   OBSERVED TIME   RECORD YEAR NORMAL DEPARTURE LAST
                VALUE   (LST)  VALUE       VALUE  FROM      YEAR
                                                  NORMAL
..................................................................
TEMPERATURE (F)
 YESTERDAY
  MAXIMUM         75    400 PM  97    1989  67      8       54
  MINIMUM         36    534 AM  30    1992  44     -8       32
  AVERAGE         56                        55      1       43

PRECIPITATION (IN)
  YESTERDAY        0.00          1.33 2010   0.09  -0.09     0.54
  MONTH TO DATE    0.58                      1.70  -1.12     3.34
  SINCE MAR 1      0.81                      3.71  -2.90     4.23
  SINCE JAN 1      2.00                      5.08  -3.08     5.71

SNOWFALL (IN)
  YESTERDAY        0.0           T    1968   0.0    0.0      0.0
  MONTH TO DATE    T                         0.5   -0.5      0.2
  SINCE JAN 1     16.9                      13.7    3.2     18.1
  SINCE JUL 1     23.2                      20.2    3.0     26.6
  SNOW DEPTH       0

DEGREE DAYS
 HEATING
  YESTERDAY        9                        11     -2       22
  MONTH TO DATE  288                       300    -12      424
  SINCE MAR 1   1084                       984    100     1241
  SINCE JUL 1   5566                      5191    375     5260

 COOLING
  YESTERDAY        0                         1     -1        0
  MONTH TO DATE   15                         7      8        0
  SINCE MAR 1     15                         8      7        0
  SINCE JAN 1     15                         8      7        0
..................................................................


WIND (MPH)
  HIGHEST WIND SPEED    23   HIGHEST WIND DIRECTION    SE (130)
  HIGHEST GUST SPEED    27   HIGHEST GUST DIRECTION    SE (140)
  AVERAGE WIND SPEED    11.3


SKY COVER
  AVERAGE SKY COVER 0.1


WEATHER CONDITIONS
 THE FOLLOWING WEATHER WAS RECORDED YESTERDAY.
  NO SIGNIFICANT WEATHER WAS OBSERVED.


RELATIVE HUMIDITY (PERCENT)
 HIGHEST    64           600 AM
 LOWEST     19           200 PM
 AVERAGE    42

..........................................................


THE CONCORDIA KS CLIMATE NORMALS FOR TODAY
                         NORMAL    RECORD    YEAR
 MAXIMUM TEMPERATURE (F)   67        95      1989
 MINIMUM TEMPERATURE (F)   44        29      2013
                                             1967


SUNRISE AND SUNSET
APRIL 23 2014.........SUNRISE   642 AM CDT   SUNSET   817 PM CDT
APRIL 24 2014.........SUNRISE   641 AM CDT   SUNSET   817 PM CDT


-  INDICATES NEGATIVE NUMBERS.
R  INDICATES RECORD WAS SET OR TIED.
MM INDICATES DATA IS MISSING.
T  INDICATES TRACE AMOUNT.




$$
