000
CDUS43 KICT 070629
CLICNU


CLIMATE REPORT
NATIONAL WEATHER SERVICE WICHITA KS
129 AM CDT TUE JUL 7 2015


...................................

...THE CHANUTE KS CLIMATE SUMMARY FOR JULY 6 2015...

CLIMATE NORMAL PERIOD 1981 TO 2010
CLIMATE RECORD PERIOD 1894 TO 2015


WEATHER ITEM   OBSERVED TIME   RECORD YEAR NORMAL DEPARTURE LAST
                VALUE   (LST)  VALUE       VALUE  FROM      YEAR
                                                  NORMAL
..................................................................
TEMPERATURE (F)
 YESTERDAY
  MAXIMUM         91    318 PM 103    1980  89      2       91
  MINIMUM         71   1011 PM  49    1972  69      2       73
  AVERAGE         81                        79      2       82

PRECIPITATION (IN)
  YESTERDAY        2.60          3.29 2010   0.16   2.44     0.02
  MONTH TO DATE    2.77                      0.95   1.82     0.60
  SINCE JUN 1      5.14                      6.98  -1.84     8.65
  SINCE JAN 1     23.11                     23.38  -0.27    18.11

DEGREE DAYS
 HEATING
  YESTERDAY        0                         0      0        0
  MONTH TO DATE    0                         0      0        0
  SINCE JUN 1      0                         6     -6        0
  SINCE JUL 1      0                         0      0        0

 COOLING
  YESTERDAY       16                        14      2       17
  MONTH TO DATE   84                        82      2       51
  SINCE JUN 1    475                       374    101      349
  SINCE JAN 1    584                       507     77      541
..................................................................


WIND (MPH)
  HIGHEST WIND SPEED    24   HIGHEST WIND DIRECTION     N (350)
  HIGHEST GUST SPEED    42   HIGHEST GUST DIRECTION     N (350)
  AVERAGE WIND SPEED    11.9


SKY COVER
  POSSIBLE SUNSHINE  MM
  AVERAGE SKY COVER 0.4


WEATHER CONDITIONS
 THE FOLLOWING WEATHER WAS RECORDED YESTERDAY.
  THUNDERSTORM
  HEAVY RAIN
  RAIN
  LIGHT RAIN
  FOG


RELATIVE HUMIDITY (PERCENT)
 HIGHEST   100          1100 PM
 LOWEST     59           200 PM
 AVERAGE    80

..........................................................


THE CHANUTE KS CLIMATE NORMALS FOR TODAY
                         NORMAL    RECORD    YEAR
 MAXIMUM TEMPERATURE (F)   89       105      1918
 MINIMUM TEMPERATURE (F)   69        52      1915


SUNRISE AND SUNSET
JULY  7 2015..........SUNRISE   607 AM CDT   SUNSET   846 PM CDT
JULY  8 2015..........SUNRISE   608 AM CDT   SUNSET   846 PM CDT


-  INDICATES NEGATIVE NUMBERS.
R  INDICATES RECORD WAS SET OR TIED.
MM INDICATES DATA IS MISSING.
T  INDICATES TRACE AMOUNT.




$$
