000
CDUS45 KGJT 190725
CLICNY


CLIMATE REPORT
NATIONAL WEATHER SERVICE GRAND JUNCTION CO
124 AM MDT THU OCT 19 2017


...................................

...THE CANYONLANDS AIRPORT UT CLIMATE SUMMARY FOR OCTOBER 18 2017...

CLIMATE NORMAL PERIOD 1981 TO 2010
CLIMATE RECORD PERIOD 9999 TO 9999


WEATHER ITEM   OBSERVED TIME   RECORD YEAR NORMAL DEPARTURE LAST
                VALUE   (LST)  VALUE       VALUE  FROM      YEAR
                                                  NORMAL
..................................................................
TEMPERATURE (F)
 YESTERDAY
  MAXIMUM         75    301 PM  MM      MM  67      8       72
  MINIMUM         35    225 AM  MM      MM  38     -3       43
  AVERAGE         55                        53      2       58

PRECIPITATION (IN)
  YESTERDAY        0.00         MM      MM   0.03  -0.03      T
  MONTH TO DATE    0.31                      0.76  -0.45     0.14
  SINCE SEP 1      1.23                      1.72  -0.49     1.28
  SINCE JAN 1      4.06                      7.10  -3.04     5.47

SNOWFALL (IN)
  YESTERDAY       MM            MM      MM  MM     MM       MM
  MONTH TO DATE   MM                        MM     MM       MM
  SINCE SEP 1     MM                        MM     MM       MM
  SINCE JUL 1     MM                        MM     MM       MM
  SNOW DEPTH      MM

DEGREE DAYS
 HEATING
  YESTERDAY       10                        12     -2        7
  MONTH TO DATE  202                       156     46       94
  SINCE SEP 1    287                       213     74      127
  SINCE JUL 1    287                       214     73      127

 COOLING
  YESTERDAY        0                         0      0        0
  MONTH TO DATE    0                         4     -4       14
  SINCE SEP 1    202                       122     80      151
  SINCE JAN 1   1729                      1288    441     1627
..................................................................


WIND (MPH)
  HIGHEST WIND SPEED    10   HIGHEST WIND DIRECTION    NW (310)
  HIGHEST GUST SPEED    11   HIGHEST GUST DIRECTION    NW (320)
  AVERAGE WIND SPEED     2.0


SKY COVER
  POSSIBLE SUNSHINE  MM
  AVERAGE SKY COVER 0.0


WEATHER CONDITIONS
 THE FOLLOWING WEATHER WAS RECORDED YESTERDAY.
  NO SIGNIFICANT WEATHER WAS OBSERVED.


RELATIVE HUMIDITY (PERCENT)
 HIGHEST    37           300 AM
 LOWEST      9           200 PM
 AVERAGE    23

..........................................................


THE CANYONLANDS AIRPORT UT CLIMATE NORMALS FOR TODAY
                         NORMAL    RECORD    YEAR
 MAXIMUM TEMPERATURE (F)   67        MM        MM
 MINIMUM TEMPERATURE (F)   38        MM        MM


SUNRISE AND SUNSET
OCTOBER 19 2017.......SUNRISE   733 AM MDT   SUNSET   635 PM MDT
OCTOBER 20 2017.......SUNRISE   734 AM MDT   SUNSET   633 PM MDT


-  INDICATES NEGATIVE NUMBERS.
R  INDICATES RECORD WAS SET OR TIED.
MM INDICATES DATA IS MISSING.
T  INDICATES TRACE AMOUNT.




$$
