000
CDUS41 KGYX 170943
CLICON


CLIMATE REPORT
NATIONAL WEATHER SERVICE GRAY ME
443 AM EST TUE JAN 17 2017


...................................

...THE CONCORD NH CLIMATE SUMMARY FOR JANUARY 16 2017...

CLIMATE NORMAL PERIOD 1981 TO 2010
CLIMATE RECORD PERIOD 1868 TO 2017


WEATHER ITEM   OBSERVED TIME   RECORD YEAR NORMAL DEPARTURE LAST
                VALUE   (LST)  VALUE       VALUE  FROM      YEAR
                                                  NORMAL
..................................................................
TEMPERATURE (F)
 YESTERDAY
  MAXIMUM         40    210 PM  63    1995  30     10       37
  MINIMUM          7    736 AM -24    2009  10     -3       29
  AVERAGE         24                        20      4       33

PRECIPITATION (IN)
  YESTERDAY        0.00          0.82 1945   0.09  -0.09     0.22
  MONTH TO DATE    1.18                      1.39  -0.21     1.24
  SINCE DEC 1      4.50                      4.59  -0.09     6.02
  SINCE JAN 1      1.18                      1.39  -0.21     1.24

SNOWFALL (IN)
  YESTERDAY        0.0           9.0  1945   0.6   -0.6      0.9
  MONTH TO DATE    2.2                       9.3   -7.1      5.0
  SINCE DEC 1     25.4                      23.8    1.6      9.4
  SINCE JUL 1     26.1                      26.4   -0.3      9.4
  SNOW DEPTH       7

DEGREE DAYS
 HEATING
  YESTERDAY       41                        45     -4       32
  MONTH TO DATE  630                       710    -80      608
  SINCE DEC 1   1781                      1896   -115     1442
  SINCE JUL 1   3033                      3456   -423     2722

 COOLING
  YESTERDAY        0                         0      0        0
  MONTH TO DATE    0                         0      0        0
  SINCE DEC 1      0                         0      0        0
  SINCE JAN 1      0                         0      0        0
..................................................................


WIND (MPH)
  RESULTANT WIND SPEED   1   RESULTANT WIND DIRECTION  SW (210)
  HIGHEST WIND SPEED    14   HIGHEST WIND DIRECTION    SW (230)
  HIGHEST GUST SPEED    19   HIGHEST GUST DIRECTION    SW (230)
  AVERAGE WIND SPEED     2.1


SKY COVER
  AVERAGE SKY COVER 0.0


WEATHER CONDITIONS
 THE FOLLOWING WEATHER WAS RECORDED YESTERDAY.
  NO SIGNIFICANT WEATHER WAS OBSERVED.


RELATIVE HUMIDITY (PERCENT)
 HIGHEST    91           400 AM
 LOWEST     34           200 PM
 AVERAGE    63

..........................................................


THE CONCORD NH CLIMATE NORMALS FOR TODAY
                         NORMAL    RECORD    YEAR
 MAXIMUM TEMPERATURE (F)   30        56      1995
 MINIMUM TEMPERATURE (F)   10       -20      1971
                                             1944


SUNRISE AND SUNSET
JANUARY 17 2017.......SUNRISE   714 AM EST   SUNSET   439 PM EST
JANUARY 18 2017.......SUNRISE   713 AM EST   SUNSET   440 PM EST


-  INDICATES NEGATIVE NUMBERS.
R  INDICATES RECORD WAS SET OR TIED.
MM INDICATES DATA IS MISSING.
T  INDICATES TRACE AMOUNT.




$$
