048
CDUS41 KGYX 232140
CLICON


CLIMATE REPORT
NATIONAL WEATHER SERVICE GRAY ME
440 PM EST THU NOV 23 2017


...................................

...THE CONCORD NH CLIMATE SUMMARY FOR NOVEMBER 23 2017...
VALID TODAY AS OF 0400 PM LOCAL TIME.

CLIMATE NORMAL PERIOD 1981 TO 2010
CLIMATE RECORD PERIOD 1868 TO 2017


WEATHER ITEM   OBSERVED TIME   RECORD YEAR NORMAL DEPARTURE LAST
                VALUE   (LST)  VALUE       VALUE  FROM      YEAR
                                                  NORMAL
..................................................................
TEMPERATURE (F)
 TODAY
  MAXIMUM         39    118 PM  73    1931  45     -6       41
  MINIMUM         26    708 AM  -1    1972  26      0       27
  AVERAGE         33                        36     -3       34

PRECIPITATION (IN)
  TODAY            0.00          1.25 1884   0.13  -0.13     0.00
  MONTH TO DATE    1.33                      2.90  -1.57     1.20
  SINCE SEP 1     12.30                     10.32   1.98    10.40
  SINCE JAN 1     40.82                     36.59   4.23    28.58

SNOWFALL (IN)
  TODAY            0.0           4.3  1943   0.1   -0.1      0.0
  MONTH TO DATE    0.6                       1.3   -0.7      0.7
  SINCE SEP 1      0.6                       1.3   -0.7      0.7
  SINCE JUL 1      0.6                       1.3   -0.7      0.7
  SNOW DEPTH       0

DEGREE DAYS
 HEATING
  TODAY           32                        29      3       31
  MONTH TO DATE  598                       585     13      499
  SINCE SEP 1    945                      1296   -351     1035
  SINCE JUL 1    998                      1344   -346     1047

 COOLING
  TODAY            0                         0      0        0
  MONTH TO DATE    0                         0      0        0
  SINCE SEP 1    119                        39     80       91
  SINCE JAN 1    564                       452    112      715
..................................................................


WIND (MPH)
  HIGHEST WIND SPEED    23   HIGHEST WIND DIRECTION    NW (310)
  HIGHEST GUST SPEED    32   HIGHEST GUST DIRECTION    NW (330)
  AVERAGE WIND SPEED    10.9


SKY COVER
  POSSIBLE SUNSHINE  MM
  AVERAGE SKY COVER 0.2


WEATHER CONDITIONS
 THE FOLLOWING WEATHER WAS RECORDED TODAY.
  NO SIGNIFICANT WEATHER WAS OBSERVED.


RELATIVE HUMIDITY (PERCENT)
 HIGHEST    68           600 AM
 LOWEST     35           100 PM
 AVERAGE    52

..........................................................


THE CONCORD NH CLIMATE NORMALS FOR TOMORROW
                         NORMAL    RECORD    YEAR
 MAXIMUM TEMPERATURE (F)   45        69      1999
 MINIMUM TEMPERATURE (F)   26        -5      1989


SUNRISE AND SUNSET
NOVEMBER 23 2017......SUNRISE   649 AM EST   SUNSET   415 PM EST
NOVEMBER 24 2017......SUNRISE   650 AM EST   SUNSET   415 PM EST


-  INDICATES NEGATIVE NUMBERS.
R  INDICATES RECORD WAS SET OR TIED.
MM INDICATES DATA IS MISSING.
T  INDICATES TRACE AMOUNT.




$$
