000
CDUS41 KGYX 150802
CLICON


CLIMATE REPORT
NATIONAL WEATHER SERVICE GRAY ME
402 AM EDT MON SEP 15 2014


...................................

...THE CONCORD NH CLIMATE SUMMARY FOR SEPTEMBER 14 2014...

CLIMATE NORMAL PERIOD 1981 TO 2010
CLIMATE RECORD PERIOD 1868 TO 2014


WEATHER ITEM   OBSERVED TIME   RECORD YEAR NORMAL DEPARTURE LAST
                VALUE   (LST)  VALUE       VALUE  FROM      YEAR
                                                  NORMAL
..................................................................
TEMPERATURE (F)
 YESTERDAY
  MAXIMUM         63    318 PM  91    1931  73    -10       67
  MINIMUM         37   1154 PM  29    1911  48    -11       46
  AVERAGE         50                        61    -11       57

PRECIPITATION (IN)
  YESTERDAY        0.00          2.98 1944   0.11  -0.11     0.00
  MONTH TO DATE    0.29                      1.45  -1.16     4.16
  SINCE SEP 1      0.29                      1.45  -1.16     4.16
  SINCE JAN 1     33.17                     27.72   5.45    32.45

SNOWFALL (IN)
  YESTERDAY        0.0           0.0  2002   0.0    0.0      0.0
                                      2001
                                      2000
  MONTH TO DATE    0.0                       0.0    0.0      0.0
  SINCE SEP 1      0.0                       0.0    0.0      0.0
  SINCE JUL 1      0.0                       0.0    0.0      0.0
  SNOW DEPTH       0

DEGREE DAYS
 HEATING
  YESTERDAY       15                         5     10        8
  MONTH TO DATE   56                        52      4       56
  SINCE SEP 1     56                        52      4       56
  SINCE JUL 1     88                       100    -12       86

 COOLING
  YESTERDAY        0                         1     -1        0
  MONTH TO DATE   46                        27     19       46
  SINCE SEP 1     46                        27     19       46
  SINCE JAN 1    377                       440    -63      537
..................................................................


WIND (MPH)
  RESULTANT WIND SPEED   8   RESULTANT WIND DIRECTION  NW (320)
  HIGHEST WIND SPEED    22   HIGHEST WIND DIRECTION    NW (310)
  HIGHEST GUST SPEED    25   HIGHEST GUST DIRECTION    NW (310)
  AVERAGE WIND SPEED     8.4


SKY COVER
  AVERAGE SKY COVER 0.2


WEATHER CONDITIONS
 THE FOLLOWING WEATHER WAS RECORDED YESTERDAY.
  NO SIGNIFICANT WEATHER WAS OBSERVED.


RELATIVE HUMIDITY (PERCENT)
 HIGHEST   100          1200 AM
 LOWEST     43           200 PM
 AVERAGE    72

..........................................................


THE CONCORD NH CLIMATE NORMALS FOR TODAY
                         NORMAL    RECORD    YEAR
 MAXIMUM TEMPERATURE (F)   73        93      1939
 MINIMUM TEMPERATURE (F)   48        27      1975
                                             1895


SUNRISE AND SUNSET
SEPTEMBER 15 2014.....SUNRISE   625 AM EDT   SUNSET   656 PM EDT
SEPTEMBER 16 2014.....SUNRISE   627 AM EDT   SUNSET   654 PM EDT


-  INDICATES NEGATIVE NUMBERS.
R  INDICATES RECORD WAS SET OR TIED.
MM INDICATES DATA IS MISSING.
T  INDICATES TRACE AMOUNT.




$$
