000
CDUS41 KGYX 190814
CLICON


CLIMATE REPORT
NATIONAL WEATHER SERVICE GRAY ME
414 AM EDT TUE SEP 19 2017


...................................

...THE CONCORD NH CLIMATE SUMMARY FOR SEPTEMBER 18 2017...

CLIMATE NORMAL PERIOD 1981 TO 2010
CLIMATE RECORD PERIOD 1868 TO 2017


WEATHER ITEM   OBSERVED TIME   RECORD YEAR NORMAL DEPARTURE LAST
                VALUE   (LST)  VALUE       VALUE  FROM      YEAR
                                                  NORMAL
..................................................................
TEMPERATURE (F)
 YESTERDAY
  MAXIMUM         73    153 PM  91    1955  72      1       78
  MINIMUM         59    115 AM  29    1868  47     12       65
  AVERAGE         66                        59      7       72

PRECIPITATION (IN)
  YESTERDAY        0.00          2.42 2004   0.12  -0.12     0.12
  MONTH TO DATE    2.97                      1.91   1.06     0.52
  SINCE SEP 1      2.97                      1.91   1.06     0.52
  SINCE JAN 1     31.49                     28.18   3.31    18.70

SNOWFALL (IN)
  YESTERDAY        0.0           0.0  2002   0.0    0.0      0.0
                                      2001
                                      2000
  MONTH TO DATE    0.0                       0.0    0.0      0.0
  SINCE SEP 1      0.0                       0.0    0.0      0.0
  SINCE JUL 1      0.0                       0.0    0.0      0.0
  SNOW DEPTH       0

DEGREE DAYS
 HEATING
  YESTERDAY        0                         7     -7        0
  MONTH TO DATE   57                        77    -20       20
  SINCE SEP 1     57                        77    -20       20
  SINCE JUL 1    110                       125    -15       32

 COOLING
  YESTERDAY        1                         1      0        7
  MONTH TO DATE   41                        31     10       68
  SINCE SEP 1     41                        31     10       68
  SINCE JAN 1    486                       444     42      692
..................................................................


WIND (MPH)
  RESULTANT WIND SPEED   2   RESULTANT WIND DIRECTION   E (110)
  HIGHEST WIND SPEED     9   HIGHEST WIND DIRECTION    SE (140)
  HIGHEST GUST SPEED    11   HIGHEST GUST DIRECTION    SE (140)
  AVERAGE WIND SPEED     2.4


SKY COVER
  AVERAGE SKY COVER 0.9


WEATHER CONDITIONS
 THE FOLLOWING WEATHER WAS RECORDED YESTERDAY.
  FOG
  FOG W/VISIBILITY <= 1/4 MILE


RELATIVE HUMIDITY (PERCENT)
 HIGHEST   100           300 AM
 LOWEST     73           200 PM
 AVERAGE    87

..........................................................


THE CONCORD NH CLIMATE NORMALS FOR TODAY
                         NORMAL    RECORD    YEAR
 MAXIMUM TEMPERATURE (F)   71        91      1983
 MINIMUM TEMPERATURE (F)   46        30      1990
                                             1959
                                             1956


SUNRISE AND SUNSET
SEPTEMBER 19 2017.....SUNRISE   630 AM EDT   SUNSET   648 PM EDT
SEPTEMBER 20 2017.....SUNRISE   631 AM EDT   SUNSET   647 PM EDT


-  INDICATES NEGATIVE NUMBERS.
R  INDICATES RECORD WAS SET OR TIED.
MM INDICATES DATA IS MISSING.
T  INDICATES TRACE AMOUNT.




$$
