000
CDUS41 KGYX 290804
CLICON


CLIMATE REPORT
NATIONAL WEATHER SERVICE GRAY ME
404 AM EDT FRI APR 29 2016


...................................

...THE CONCORD NH CLIMATE SUMMARY FOR APRIL 28 2016...

CLIMATE NORMAL PERIOD 1981 TO 2010
CLIMATE RECORD PERIOD 1868 TO 2016


WEATHER ITEM   OBSERVED TIME   RECORD YEAR NORMAL DEPARTURE LAST
                VALUE   (LST)  VALUE       VALUE  FROM      YEAR
                                                  NORMAL
..................................................................
TEMPERATURE (F)
 YESTERDAY
  MAXIMUM         61    404 PM  93    2009  63     -2       63
  MINIMUM         26    522 AM  25    1975  37    -11       43
                                      1971
  AVERAGE         44                        50     -6       53

PRECIPITATION (IN)
  YESTERDAY        0.00          2.04 1904   0.11  -0.11     0.03
  MONTH TO DATE    1.65                      3.17  -1.52     2.26
  SINCE MAR 1      4.32                      6.44  -2.12     3.74
  SINCE JAN 1     10.07                     11.76  -1.69     9.80

SNOWFALL (IN)
  YESTERDAY        0.0           5.5  1928   0.1   -0.1      0.0
  MONTH TO DATE    2.7                       2.8   -0.1      2.1
  SINCE MAR 1      5.0                      13.9   -8.9      7.9
  SINCE JUL 1     29.7                      61.4  -31.7     92.1
  SNOW DEPTH       0

DEGREE DAYS
 HEATING
  YESTERDAY       21                        15      6       12
  MONTH TO DATE  596                       571     25      584
  SINCE MAR 1   1378                      1558   -180     1732
  SINCE JUL 1   5727                      6818  -1091     7186

 COOLING
  YESTERDAY        0                         0      0        0
  MONTH TO DATE    0                         0      0        0
  SINCE MAR 1      0                         0      0        0
  SINCE JAN 1      0                         0      0        0
..................................................................


WIND (MPH)
  RESULTANT WIND SPEED   3   RESULTANT WIND DIRECTION   N (0)
  HIGHEST WIND SPEED    16   HIGHEST WIND DIRECTION    NW (330)
  HIGHEST GUST SPEED    22   HIGHEST GUST DIRECTION    NW (320)
  AVERAGE WIND SPEED     5.6


SKY COVER
  AVERAGE SKY COVER 0.0


WEATHER CONDITIONS
 THE FOLLOWING WEATHER WAS RECORDED YESTERDAY.
  NO SIGNIFICANT WEATHER WAS OBSERVED.


RELATIVE HUMIDITY (PERCENT)
 HIGHEST    69           300 AM
 LOWEST     17           200 PM
 AVERAGE    43

..........................................................


THE CONCORD NH CLIMATE NORMALS FOR TODAY
                         NORMAL    RECORD    YEAR
 MAXIMUM TEMPERATURE (F)   64        86      1974
 MINIMUM TEMPERATURE (F)   37        18      1975


SUNRISE AND SUNSET
APRIL 29 2016.........SUNRISE   542 AM EDT   SUNSET   746 PM EDT
APRIL 30 2016.........SUNRISE   540 AM EDT   SUNSET   747 PM EDT


-  INDICATES NEGATIVE NUMBERS.
R  INDICATES RECORD WAS SET OR TIED.
MM INDICATES DATA IS MISSING.
T  INDICATES TRACE AMOUNT.




$$
