000
CDUS41 KGYX 130913
CLICON


CLIMATE REPORT
NATIONAL WEATHER SERVICE GRAY ME
413 AM EST SAT FEB 13 2016


...................................

...THE CONCORD NH CLIMATE SUMMARY FOR FEBRUARY 12 2016...

CLIMATE NORMAL PERIOD 1981 TO 2010
CLIMATE RECORD PERIOD 1868 TO 2016


WEATHER ITEM   OBSERVED TIME   RECORD YEAR NORMAL DEPARTURE LAST
                VALUE   (LST)  VALUE       VALUE  FROM      YEAR
                                                  NORMAL
..................................................................
TEMPERATURE (F)
 YESTERDAY
  MAXIMUM         23    249 PM  68    1872  34    -11       22
  MINIMUM         -2    610 AM -19    1962  13    -15        1
  AVERAGE         11                        24    -13       12

PRECIPITATION (IN)
  YESTERDAY        0.00          1.00 1910   0.09  -0.09     0.04
  MONTH TO DATE    1.59                      1.10   0.49     1.86
  SINCE DEC 1      7.73                      7.00   0.73    10.29
  SINCE JAN 1      2.95                      3.80  -0.85     5.13

SNOWFALL (IN)
  YESTERDAY        0.0          13.5  1988   0.4   -0.4      0.8
  MONTH TO DATE    8.3                       5.6    2.7     24.3
  SINCE DEC 1     20.3                      38.2  -17.9     53.1
  SINCE JUL 1     20.3                      40.8  -20.5     66.0
  SNOW DEPTH       5

DEGREE DAYS
 HEATING
  YESTERDAY       54                        41     13       53
  MONTH TO DATE  438                       510    -72      617
  SINCE DEC 1   2446                      3072   -626     3094
  SINCE JUL 1   3726                      4632   -906     4598

 COOLING
  YESTERDAY        0                         0      0        0
  MONTH TO DATE    0                         0      0        0
  SINCE DEC 1      0                         0      0        0
  SINCE JAN 1      0                         0      0        0
..................................................................


WIND (MPH)
  RESULTANT WIND SPEED   3   RESULTANT WIND DIRECTION   W (280)
  HIGHEST WIND SPEED    18   HIGHEST WIND DIRECTION    NW (310)
  HIGHEST GUST SPEED    24   HIGHEST GUST DIRECTION    NW (300)
  AVERAGE WIND SPEED     5.9


SKY COVER
  AVERAGE SKY COVER 0.0


WEATHER CONDITIONS
 THE FOLLOWING WEATHER WAS RECORDED YESTERDAY.
  HAZE


RELATIVE HUMIDITY (PERCENT)
 HIGHEST    66          1100 PM
 LOWEST     36           100 PM
 AVERAGE    51

..........................................................


THE CONCORD NH CLIMATE NORMALS FOR TODAY
                         NORMAL    RECORD    YEAR
 MAXIMUM TEMPERATURE (F)   34        60      1951
 MINIMUM TEMPERATURE (F)   13       -34      1875


SUNRISE AND SUNSET
FEBRUARY 13 2016......SUNRISE   647 AM EST   SUNSET   514 PM EST
FEBRUARY 14 2016......SUNRISE   646 AM EST   SUNSET   515 PM EST


-  INDICATES NEGATIVE NUMBERS.
R  INDICATES RECORD WAS SET OR TIED.
MM INDICATES DATA IS MISSING.
T  INDICATES TRACE AMOUNT.




$$
