540
CDUS41 KGYX 252040
CLICON


CLIMATE REPORT
NATIONAL WEATHER SERVICE GRAY ME
440 PM EDT SUN JUN 25 2017


...................................

...THE CONCORD NH CLIMATE SUMMARY FOR JUNE 25 2017...
VALID TODAY AS OF 0400 PM LOCAL TIME.

CLIMATE NORMAL PERIOD 1981 TO 2010
CLIMATE RECORD PERIOD 1868 TO 2017


WEATHER ITEM   OBSERVED TIME   RECORD YEAR NORMAL DEPARTURE LAST
                VALUE   (LST)  VALUE       VALUE  FROM      YEAR
                                                  NORMAL
..................................................................
TEMPERATURE (F)
 TODAY
  MAXIMUM         83    259 PM  99    1870  80      3       86
  MINIMUM         55    433 AM  40    1986  55      0       49
                                      1979
  AVERAGE         69                        68      1       68

PRECIPITATION (IN)
  TODAY            0.00          2.32 2014   0.11  -0.11     0.00
  MONTH TO DATE    3.63                      3.14   0.49     1.11
  SINCE JUN 1      3.63                      3.14   0.49     1.11
  SINCE JAN 1     22.70                     18.80   3.90    13.81

SNOWFALL (IN)
  TODAY            0.0           0.0  2002   0.0    0.0      0.0
                                      2001
                                      2000
  MONTH TO DATE    0.0                       0.0    0.0      0.0
  SINCE JUN 1      0.0                       0.0    0.0      0.0
  SINCE JUL 1     86.3                      61.4   24.9     29.7
  SNOW DEPTH       0

DEGREE DAYS
 HEATING
  TODAY            0                         1     -1        0
  MONTH TO DATE   67                        79    -12       42
  SINCE JUN 1     67                        79    -12       42
  SINCE JUL 1   6464                      7229   -765     6061

 COOLING
  TODAY            4                         4      0        3
  MONTH TO DATE  110                        62     48       42
  SINCE JUN 1    110                        62     48       42
  SINCE JAN 1    142                        80     62       82
..................................................................


WIND (MPH)
  HIGHEST WIND SPEED    17   HIGHEST WIND DIRECTION    SW (230)
  HIGHEST GUST SPEED    25   HIGHEST GUST DIRECTION    SW (230)
  AVERAGE WIND SPEED     7.3


SKY COVER
  POSSIBLE SUNSHINE  MM
  AVERAGE SKY COVER 0.1


WEATHER CONDITIONS
 THE FOLLOWING WEATHER WAS RECORDED TODAY.
  NO SIGNIFICANT WEATHER WAS OBSERVED.


RELATIVE HUMIDITY (PERCENT)
 HIGHEST    80           500 AM
 LOWEST     33           100 PM
 AVERAGE    57

..........................................................


THE CONCORD NH CLIMATE NORMALS FOR TOMORROW
                         NORMAL    RECORD    YEAR
 MAXIMUM TEMPERATURE (F)   80        97      1980
                                             1952
 MINIMUM TEMPERATURE (F)   55        32      1979


SUNRISE AND SUNSET
JUNE 25 2017..........SUNRISE   507 AM EDT   SUNSET   830 PM EDT
JUNE 26 2017..........SUNRISE   508 AM EDT   SUNSET   830 PM EDT


-  INDICATES NEGATIVE NUMBERS.
R  INDICATES RECORD WAS SET OR TIED.
MM INDICATES DATA IS MISSING.
T  INDICATES TRACE AMOUNT.




$$
