000
CDUS41 KGYX 282146
CLICON


CLIMATE REPORT
NATIONAL WEATHER SERVICE GRAY ME
446 PM EST FRI NOV 28 2014


...................................

...THE CONCORD NH CLIMATE SUMMARY FOR NOVEMBER 28 2014...
VALID TODAY AS OF 0400 PM LOCAL TIME.

CLIMATE NORMAL PERIOD 1981 TO 2010
CLIMATE RECORD PERIOD 1868 TO 2014


WEATHER ITEM   OBSERVED TIME   RECORD YEAR NORMAL DEPARTURE LAST
                VALUE   (LST)  VALUE       VALUE  FROM      YEAR
                                                  NORMAL
..................................................................
TEMPERATURE (F)
 TODAY
  MAXIMUM         MM        MM  71    1990  43     MM       35
  MINIMUM         MM        MM  -5    1873  24     MM       15
  AVERAGE         MM                        34     MM       25

PRECIPITATION (IN)
  TODAY           MM             2.04 1937   0.12  MM         T
  MONTH TO DATE    3.02                      3.49  -0.47     3.02
  SINCE SEP 1      7.90                     10.91  -3.01     9.11
  SINCE JAN 1     40.78                     37.18   3.60    37.40

SNOWFALL (IN)
  TODAY           MM             4.0  1985   0.2   MM         T
  MONTH TO DATE   11.4                       2.2    9.2      0.2
  SINCE SEP 1     11.4                       2.2    9.2      0.2
  SINCE JUL 1     11.4                       2.2    9.2      0.2
  SNOW DEPTH      MM

DEGREE DAYS
 HEATING
  TODAY           MM                        31     MM       40
  MONTH TO DATE  749                       737     12      708
  SINCE SEP 1   1347                      1448   -101     1393
  SINCE JUL 1   1379                      1496   -117     1423

 COOLING
  TODAY           MM                         0     MM        0
  MONTH TO DATE    0                         0      0        0
  SINCE SEP 1     56                        39     17       46
  SINCE JAN 1    387                       452    -65      537
..................................................................


WIND (MPH)
  HIGHEST WIND SPEED    MM   HIGHEST WIND DIRECTION    MM
  HIGHEST GUST SPEED    MM   HIGHEST GUST DIRECTION    MM
  AVERAGE WIND SPEED    MM


SKY COVER
  POSSIBLE SUNSHINE  MM
  AVERAGE SKY COVER  MM


WEATHER CONDITIONS
 THE FOLLOWING WEATHER WAS RECORDED TODAY.
  NO SIGNIFICANT WEATHER WAS OBSERVED.


RELATIVE HUMIDITY (PERCENT)
 HIGHEST    MM
 LOWEST     MM
 AVERAGE    MM

..........................................................


THE CONCORD NH CLIMATE NORMALS FOR TOMORROW
                         NORMAL    RECORD    YEAR
 MAXIMUM TEMPERATURE (F)   43        67      1990
 MINIMUM TEMPERATURE (F)   24        -9      1873


SUNRISE AND SUNSET
NOVEMBER 28 2014......SUNRISE   655 AM EST   SUNSET   413 PM EST
NOVEMBER 29 2014......SUNRISE   656 AM EST   SUNSET   413 PM EST


-  INDICATES NEGATIVE NUMBERS.
R  INDICATES RECORD WAS SET OR TIED.
MM INDICATES DATA IS MISSING.
T  INDICATES TRACE AMOUNT.




$$
