000
CDUS41 KGYX 300802
CLICON


CLIMATE REPORT
NATIONAL WEATHER SERVICE GRAY ME
401 AM EDT MON MAY 30 2016


...................................

...THE CONCORD NH CLIMATE SUMMARY FOR MAY 29 2016...

CLIMATE NORMAL PERIOD 1981 TO 2010
CLIMATE RECORD PERIOD 1868 TO 2016


WEATHER ITEM   OBSERVED TIME   RECORD YEAR NORMAL DEPARTURE LAST
                VALUE   (LST)  VALUE       VALUE  FROM      YEAR
                                                  NORMAL
..................................................................
TEMPERATURE (F)
 YESTERDAY
  MAXIMUM         71   1201 AM  94    1978  73     -2       82
  MINIMUM         53   1159 PM  29    1970  47      6       53
  AVERAGE         62                        60      2       68

PRECIPITATION (IN)
  YESTERDAY        0.00          2.42 1984   0.12  -0.12     0.00
  MONTH TO DATE    2.50                      3.40  -0.90     0.18
  SINCE MAR 1      6.82                     10.08  -3.26     3.92
  SINCE JAN 1     12.57                     15.40  -2.83     9.98

SNOWFALL (IN)
  YESTERDAY        0.0           0.0  2002   0.0    0.0      0.0
                                      2001
                                      2000
  MONTH TO DATE    0.0                       0.2   -0.2      0.0
  SINCE MAR 1      5.0                      14.1   -9.1      7.9
  SINCE JUL 1     29.7                      61.6  -31.9     92.1
  SNOW DEPTH       0

DEGREE DAYS
 HEATING
  YESTERDAY        3                         6     -3        0
  MONTH TO DATE  262                       292    -30      151
  SINCE MAR 1   1670                      1879   -209     1908
  SINCE JUL 1   6019                      7139  -1120     7362

 COOLING
  YESTERDAY        0                         1     -1        3
  MONTH TO DATE   32                        12     20       58
  SINCE MAR 1     32                        14     18       58
  SINCE JAN 1     32                        14     18       58
..................................................................


WIND (MPH)
  RESULTANT WIND SPEED   5   RESULTANT WIND DIRECTION   E (90)
  HIGHEST WIND SPEED    12   HIGHEST WIND DIRECTION    NE (40)
  HIGHEST GUST SPEED    15   HIGHEST GUST DIRECTION     E (90)
  AVERAGE WIND SPEED     5.9


SKY COVER
  AVERAGE SKY COVER 0.9


WEATHER CONDITIONS
 THE FOLLOWING WEATHER WAS RECORDED YESTERDAY.
  FOG
  HAZE


RELATIVE HUMIDITY (PERCENT)
 HIGHEST    90           500 AM
 LOWEST     68           800 AM
 AVERAGE    79

..........................................................


THE CONCORD NH CLIMATE NORMALS FOR TODAY
                         NORMAL    RECORD    YEAR
 MAXIMUM TEMPERATURE (F)   73        95      1929
 MINIMUM TEMPERATURE (F)   47        30      1967


SUNRISE AND SUNSET
MAY 30 2016...........SUNRISE   510 AM EDT   SUNSET   818 PM EDT
MAY 31 2016...........SUNRISE   509 AM EDT   SUNSET   819 PM EDT


-  INDICATES NEGATIVE NUMBERS.
R  INDICATES RECORD WAS SET OR TIED.
MM INDICATES DATA IS MISSING.
T  INDICATES TRACE AMOUNT.




$$
