000
CDUS41 KGYX 270909
CLICON


CLIMATE REPORT
NATIONAL WEATHER SERVICE GRAY ME
409 AM EST FRI FEB 27 2015


...................................

...THE CONCORD NH CLIMATE SUMMARY FOR FEBRUARY 26 2015...

CLIMATE NORMAL PERIOD 1981 TO 2010
CLIMATE RECORD PERIOD 1868 TO 2015


WEATHER ITEM   OBSERVED TIME   RECORD YEAR NORMAL DEPARTURE LAST
                VALUE   (LST)  VALUE       VALUE  FROM      YEAR
                                                  NORMAL
..................................................................
TEMPERATURE (F)
 YESTERDAY
  MAXIMUM         23    215 PM  66    1957  38    -15       25
  MINIMUM         12    741 AM -15    1993  17     -5       -1
                                      1950
  AVERAGE         18                        27     -9       12

PRECIPITATION (IN)
  YESTERDAY        0.00          1.15 1979   0.11  -0.11      T
  MONTH TO DATE    2.79                      2.42   0.37     4.10
  SINCE DEC 1     11.22                      8.32   2.90    10.70
  SINCE JAN 1      6.06                      5.12   0.94     7.31

SNOWFALL (IN)
  YESTERDAY        0.0          10.6  1934   0.4   -0.4       T
  MONTH TO DATE   42.6                      11.5   31.1     35.1
  SINCE DEC 1     71.4                      44.1   27.3     69.4
  SINCE JUL 1     84.3                      46.7   37.6     69.6
  SNOW DEPTH      23

DEGREE DAYS
 HEATING
  YESTERDAY       47                        38      9       53
  MONTH TO DATE 1366                      1063    303     1164
  SINCE DEC 1   3843                      3625    218     3844
  SINCE JUL 1   5347                      5185    162     5361

 COOLING
  YESTERDAY        0                         0      0        0
  MONTH TO DATE    0                         0      0        0
  SINCE DEC 1      0                         0      0        0
  SINCE JAN 1      0                         0      0        0
..................................................................


WIND (MPH)
  RESULTANT WIND SPEED   5   RESULTANT WIND DIRECTION  NW (320)
  HIGHEST WIND SPEED    15   HIGHEST WIND DIRECTION    NW (300)
  HIGHEST GUST SPEED    19   HIGHEST GUST DIRECTION    NW (310)
  AVERAGE WIND SPEED     6.0


SKY COVER
  AVERAGE SKY COVER 0.5


WEATHER CONDITIONS
 THE FOLLOWING WEATHER WAS RECORDED YESTERDAY.
  NO SIGNIFICANT WEATHER WAS OBSERVED.


RELATIVE HUMIDITY (PERCENT)
 HIGHEST    61           400 AM
 LOWEST     34           200 PM
 AVERAGE    48

..........................................................


THE CONCORD NH CLIMATE NORMALS FOR TODAY
                         NORMAL    RECORD    YEAR
 MAXIMUM TEMPERATURE (F)   38        68      1880
 MINIMUM TEMPERATURE (F)   17       -16      1993
                                             1963


SUNRISE AND SUNSET
FEBRUARY 27 2015......SUNRISE   626 AM EST   SUNSET   532 PM EST
FEBRUARY 28 2015......SUNRISE   624 AM EST   SUNSET   533 PM EST


-  INDICATES NEGATIVE NUMBERS.
R  INDICATES RECORD WAS SET OR TIED.
MM INDICATES DATA IS MISSING.
T  INDICATES TRACE AMOUNT.




$$
