918
CDUS45 KPUB 250046
CLICOS


CLIMATE REPORT
NATIONAL WEATHER SERVICE PUEBLO
546 PM MST TUE JAN 24 2017


...................................

...THE COLORADO SPRINGS CO CLIMATE SUMMARY FOR JANUARY 24 2017...
VALID TODAY AS OF 0500 PM LOCAL TIME.

CLIMATE NORMAL PERIOD 1981 TO 2010
CLIMATE RECORD PERIOD 1872 TO 2017


WEATHER ITEM   OBSERVED TIME   RECORD YEAR NORMAL DEPARTURE LAST
                VALUE   (LST)  VALUE       VALUE  FROM      YEAR
                                                  NORMAL
..................................................................
TEMPERATURE (F)
 TODAY
  MAXIMUM         40    146 AM  66    2013  43     -3       56
  MINIMUM         24    624 AM  -6    1949  18      6       29
                                      1897
  AVERAGE         32                        30      2       43

PRECIPITATION (IN)
  TODAY            0.00          0.43 1921   0.01  -0.01      T
  MONTH TO DATE    0.29                      0.24   0.05     0.20
  SINCE DEC 1      0.97                      0.58   0.39     0.45
  SINCE JAN 1      0.29                      0.24   0.05     0.20

SNOWFALL (IN)
  TODAY            0.0           7.0  1921   0.2   -0.2       T
  MONTH TO DATE    4.9                       4.3    0.6      3.0
  SINCE DEC 1     11.3                      10.0    1.3      7.3
  SINCE JUL 1     11.3                      17.8   -6.5     13.1
  SNOW DEPTH       0

DEGREE DAYS
 HEATING
  TODAY           33                        34     -1       22
  MONTH TO DATE  827                       826      1      795
  SINCE DEC 1   1927                      1917     10     1796
  SINCE JUL 1   2830                      3398   -568     2899

 COOLING
  TODAY            0                         0      0        0
  MONTH TO DATE    0                         0      0        0
  SINCE DEC 1      0                         0      0        0
  SINCE JAN 1      0                         0      0        0
..................................................................


WIND (MPH)
  HIGHEST WIND SPEED    28   HIGHEST WIND DIRECTION     N (350)
  HIGHEST GUST SPEED    31   HIGHEST GUST DIRECTION     N (360)
  AVERAGE WIND SPEED    13.9


SKY COVER
  POSSIBLE SUNSHINE  MM
  AVERAGE SKY COVER 0.8


WEATHER CONDITIONS
 THE FOLLOWING WEATHER WAS RECORDED TODAY.
  NO SIGNIFICANT WEATHER WAS OBSERVED.


RELATIVE HUMIDITY (PERCENT)
 HIGHEST    75           700 AM
 LOWEST     37           100 AM
 AVERAGE    56

..........................................................


THE COLORADO SPRINGS CO CLIMATE NORMALS FOR TOMORROW
                         NORMAL    RECORD    YEAR
 MAXIMUM TEMPERATURE (F)   43        65      1935
 MINIMUM TEMPERATURE (F)   18       -12      1940
                                             1929


SUNRISE AND SUNSET
JANUARY 24 2017.......SUNRISE   711 AM MST   SUNSET   512 PM MST
JANUARY 25 2017.......SUNRISE   710 AM MST   SUNSET   513 PM MST


-  INDICATES NEGATIVE NUMBERS.
R  INDICATES RECORD WAS SET OR TIED.
MM INDICATES DATA IS MISSING.
T  INDICATES TRACE AMOUNT.




$$
