000
CDUS45 KPUB 220036
CLICOS


CLIMATE REPORT
NATIONAL WEATHER SERVICE PUEBLO
635 PM MDT SUN SEP 21 2014


...................................

...THE COLORADO SPRINGS CO CLIMATE SUMMARY FOR SEPTEMBER 21 2014...
VALID TODAY AS OF 0500 PM LOCAL TIME.

CLIMATE NORMAL PERIOD 1981 TO 2010
CLIMATE RECORD PERIOD 1872 TO 2014


WEATHER ITEM   OBSERVED TIME   RECORD YEAR NORMAL DEPARTURE LAST
                VALUE   (LST)  VALUE       VALUE  FROM      YEAR
                                                  NORMAL
..................................................................
TEMPERATURE (F)
 TODAY
  MAXIMUM         72    109 PM  86    2010  73     -1       80
                                      2007
  MINIMUM         57    537 AM  24    1912  45     12       46
  AVERAGE         65                        59      6       63

PRECIPITATION (IN)
  TODAY            0.01          1.30 1902   0.04  -0.03     0.00
  MONTH TO DATE    0.11                      0.95  -0.84     4.00
  SINCE SEP 1      0.11                      0.95  -0.84     4.00
  SINCE JAN 1     13.16                     14.74  -1.58    17.66

SNOWFALL (IN)
  TODAY            0.0           0.8  1951   0.0    0.0      0.0
  MONTH TO DATE    T                         0.1   -0.1      0.0
  SINCE SEP 1      T                         0.1   -0.1      0.0
  SINCE JUL 1      T                         0.1   -0.1       T
  SNOW DEPTH       0

DEGREE DAYS
 HEATING
  TODAY            0                         7     -7        2
  MONTH TO DATE   71                        82    -11       26
  SINCE SEP 1     71                        82    -11       26
  SINCE JUL 1    101                       113    -12       36

 COOLING
  TODAY            0                         1     -1        0
  MONTH TO DATE   50                        34     16       86
  SINCE SEP 1     50                        34     16       86
  SINCE JAN 1    477                       452     25      688
..................................................................


WIND (MPH)
  HIGHEST WIND SPEED    24   HIGHEST WIND DIRECTION     S (160)
  HIGHEST GUST SPEED    29   HIGHEST GUST DIRECTION     S (170)
  AVERAGE WIND SPEED    14.6


SKY COVER
  POSSIBLE SUNSHINE  MM
  AVERAGE SKY COVER 0.8


WEATHER CONDITIONS
 THE FOLLOWING WEATHER WAS RECORDED TODAY.
  LIGHT RAIN


RELATIVE HUMIDITY (PERCENT)
 HIGHEST    86           700 AM
 LOWEST     40           200 PM
 AVERAGE    63

..........................................................


THE COLORADO SPRINGS CO CLIMATE NORMALS FOR TOMORROW
                         NORMAL    RECORD    YEAR
 MAXIMUM TEMPERATURE (F)   72        88      1944
 MINIMUM TEMPERATURE (F)   45        26      1895


SUNRISE AND SUNSET
SEPTEMBER 21 2014.....SUNRISE   646 AM MDT   SUNSET   657 PM MDT
SEPTEMBER 22 2014.....SUNRISE   647 AM MDT   SUNSET   656 PM MDT


-  INDICATES NEGATIVE NUMBERS.
R  INDICATES RECORD WAS SET OR TIED.
MM INDICATES DATA IS MISSING.
T  INDICATES TRACE AMOUNT.




$$
