380
CDUS45 KPUB 111135
CLICOS


CLIMATE REPORT
NATIONAL WEATHER SERVICE PUEBLO
435 AM MST MON DEC 11 2017


...................................

...THE COLORADO SPRINGS CO CLIMATE SUMMARY FOR DECEMBER 10 2017...

CLIMATE NORMAL PERIOD 1981 TO 2010
CLIMATE RECORD PERIOD 1872 TO 2017


WEATHER ITEM   OBSERVED TIME   RECORD YEAR NORMAL DEPARTURE LAST
                VALUE   (LST)  VALUE       VALUE  FROM      YEAR
                                                  NORMAL
..................................................................
TEMPERATURE (F)
 YESTERDAY
  MAXIMUM         55    311 PM  66    2015  42     13       64
                                      1975
                                      1929
  MINIMUM         26    715 AM -13    1898  18      8       22
  AVERAGE         41                        30     11       43

PRECIPITATION (IN)
  YESTERDAY        0.00          0.21 1961   0.01  -0.01     0.00
  MONTH TO DATE    0.00                      0.12  -0.12     0.13
  SINCE DEC 1      0.00                      0.12  -0.12     0.13
  SINCE JAN 1     18.43                     16.32   2.11    13.80

SNOWFALL (IN)
  YESTERDAY        0.0           3.0  1961   0.2   -0.2      0.0
  MONTH TO DATE    0.0                       1.9   -1.9      2.4
  SINCE DEC 1      0.0                       1.9   -1.9      2.4
  SINCE JUL 1      1.6                       9.7   -8.1      2.4
  SNOW DEPTH       0

DEGREE DAYS
 HEATING
  YESTERDAY       24                        35    -11       22
  MONTH TO DATE  267                       343    -76      393
  SINCE DEC 1    267                       343    -76      393
  SINCE JUL 1   1435                      1824   -389     1296

 COOLING
  YESTERDAY        0                         0      0        0
  MONTH TO DATE    0                         0      0        0
  SINCE DEC 1      0                         0      0        0
  SINCE JAN 1    639                       455    184      710
..................................................................


WIND (MPH)
  HIGHEST WIND SPEED    14   HIGHEST WIND DIRECTION     N (10)
  HIGHEST GUST SPEED    17   HIGHEST GUST DIRECTION     S (160)
  AVERAGE WIND SPEED     6.9


SKY COVER
  POSSIBLE SUNSHINE  MM
  AVERAGE SKY COVER 0.1


WEATHER CONDITIONS
 THE FOLLOWING WEATHER WAS RECORDED YESTERDAY.
  NO SIGNIFICANT WEATHER WAS OBSERVED.


RELATIVE HUMIDITY (PERCENT)
 HIGHEST    29          1200 AM
 LOWEST      8           100 PM
 AVERAGE    19

..........................................................


THE COLORADO SPRINGS CO CLIMATE NORMALS FOR TODAY
                         NORMAL    RECORD    YEAR
 MAXIMUM TEMPERATURE (F)   42        72      1939
 MINIMUM TEMPERATURE (F)   17       -21      1932


SUNRISE AND SUNSET
DECEMBER 11 2017......SUNRISE   707 AM MST   SUNSET   437 PM MST
DECEMBER 12 2017......SUNRISE   708 AM MST   SUNSET   437 PM MST


-  INDICATES NEGATIVE NUMBERS.
R  INDICATES RECORD WAS SET OR TIED.
MM INDICATES DATA IS MISSING.
T  INDICATES TRACE AMOUNT.




$$
