000
CDUS45 KPUB 251136
CLICOS


CLIMATE REPORT
NATIONAL WEATHER SERVICE PUEBLO
436 AM MST SUN FEB 25 2018


...................................

...THE COLORADO SPRINGS CO CLIMATE SUMMARY FOR FEBRUARY 24 2018...

CLIMATE NORMAL PERIOD 1981 TO 2010
CLIMATE RECORD PERIOD 1872 TO 2018


WEATHER ITEM   OBSERVED TIME   RECORD YEAR NORMAL DEPARTURE LAST
                VALUE   (LST)  VALUE       VALUE  FROM      YEAR
                                                  NORMAL
..................................................................
TEMPERATURE (F)
 YESTERDAY
  MAXIMUM         38    435 PM  71    1986  47     -9       30
  MINIMUM         17    646 AM  -5    1955  21     -4       12
  AVERAGE         28                        34     -6       21

PRECIPITATION (IN)
  YESTERDAY        0.00          0.36 1912   0.01  -0.01      T
  MONTH TO DATE    0.40                      0.27   0.13     0.06
  SINCE DEC 1      0.57                      0.93  -0.36     1.06
  SINCE JAN 1      0.56                      0.59  -0.03     0.38

SNOWFALL (IN)
  YESTERDAY        0.0           5.3  1912   0.2   -0.2      0.1
  MONTH TO DATE    9.0                       4.2    4.8      0.7
  SINCE DEC 1     11.6                      15.5   -3.9     13.4
  SINCE JUL 1     13.2                      23.3  -10.1     13.4
  SNOW DEPTH       T

DEGREE DAYS
 HEATING
  YESTERDAY       37                        31      6       44
  MONTH TO DATE  810                       796     14      558
  SINCE DEC 1   2704                      2958   -254     2709
  SINCE JUL 1   3872                      4439   -567     3612

 COOLING
  YESTERDAY        0                         0      0        0
  MONTH TO DATE    0                         0      0        0
  SINCE DEC 1      0                         0      0        0
  SINCE JAN 1      0                         0      0        0
..................................................................


WIND (MPH)
  HIGHEST WIND SPEED    33   HIGHEST WIND DIRECTION     W (290)
  HIGHEST GUST SPEED    43   HIGHEST GUST DIRECTION     W (290)
  AVERAGE WIND SPEED    11.1


SKY COVER
  POSSIBLE SUNSHINE  MM
  AVERAGE SKY COVER 0.5


WEATHER CONDITIONS
 THE FOLLOWING WEATHER WAS RECORDED YESTERDAY.
  FOG
  FOG W/VISIBILITY <= 1/4 MILE


RELATIVE HUMIDITY (PERCENT)
 HIGHEST   100           400 AM
 LOWEST     16           100 PM
 AVERAGE    58

..........................................................


THE COLORADO SPRINGS CO CLIMATE NORMALS FOR TODAY
                         NORMAL    RECORD    YEAR
 MAXIMUM TEMPERATURE (F)   47        71      1986
 MINIMUM TEMPERATURE (F)   21        -4      1960


SUNRISE AND SUNSET
FEBRUARY 25 2018......SUNRISE   637 AM MST   SUNSET   548 PM MST
FEBRUARY 26 2018......SUNRISE   635 AM MST   SUNSET   549 PM MST


-  INDICATES NEGATIVE NUMBERS.
R  INDICATES RECORD WAS SET OR TIED.
MM INDICATES DATA IS MISSING.
T  INDICATES TRACE AMOUNT.




$$
