000
CDUS45 KPUB 252325
CLICOS


CLIMATE REPORT
NATIONAL WEATHER SERVICE PUEBLO
525 PM MDT SUN SEP 25 2016


...................................

...THE COLORADO SPRINGS CO CLIMATE SUMMARY FOR SEPTEMBER 25 2016...
VALID TODAY AS OF 0500 PM LOCAL TIME.

CLIMATE NORMAL PERIOD 1981 TO 2010
CLIMATE RECORD PERIOD 1872 TO 2016


WEATHER ITEM   OBSERVED TIME   RECORD YEAR NORMAL DEPARTURE LAST
                VALUE   (LST)  VALUE       VALUE  FROM      YEAR
                                                  NORMAL
..................................................................
TEMPERATURE (F)
 TODAY
  MAXIMUM         66    306 PM  87    1998  71     -5       82
  MINIMUM         46    133 AM  23    1926  43      3       48
  AVERAGE         56                        57     -1       65

PRECIPITATION (IN)
  TODAY            0.00          1.13 1915   0.03  -0.03     0.00
  MONTH TO DATE    0.05                      1.08  -1.03     0.29
  SINCE SEP 1      0.05                      1.08  -1.03     0.29
  SINCE JAN 1     13.49                     14.87  -1.38    23.11

SNOWFALL (IN)
  TODAY            0.0           0.8  1970   0.0    0.0      0.0
  MONTH TO DATE    0.0                       0.1   -0.1      0.0
  SINCE SEP 1      0.0                       0.1   -0.1      0.0
  SINCE JUL 1      T                         0.1   -0.1       T
  SNOW DEPTH       0

DEGREE DAYS
 HEATING
  TODAY            9                         8      1        0
  MONTH TO DATE   45                       113    -68       15
  SINCE SEP 1     45                       113    -68       15
  SINCE JUL 1     66                       144    -78       34

 COOLING
  TODAY            0                         0      0        0
  MONTH TO DATE   74                        35     39       88
  SINCE SEP 1     74                        35     39       88
  SINCE JAN 1    700                       453    247      603
..................................................................


WIND (MPH)
  HIGHEST WIND SPEED    16   HIGHEST WIND DIRECTION     N (350)
  HIGHEST GUST SPEED    21   HIGHEST GUST DIRECTION     N (360)
  AVERAGE WIND SPEED     9.1


SKY COVER
  POSSIBLE SUNSHINE  MM
  AVERAGE SKY COVER 0.4


WEATHER CONDITIONS
 THE FOLLOWING WEATHER WAS RECORDED TODAY.
  NO SIGNIFICANT WEATHER WAS OBSERVED.


RELATIVE HUMIDITY (PERCENT)
 HIGHEST    60           100 AM
 LOWEST     26           400 PM
 AVERAGE    43

..........................................................


THE COLORADO SPRINGS CO CLIMATE NORMALS FOR TOMORROW
                         NORMAL    RECORD    YEAR
 MAXIMUM TEMPERATURE (F)   70        87      2001
 MINIMUM TEMPERATURE (F)   43        25      1930


SUNRISE AND SUNSET
SEPTEMBER 25 2016.....SUNRISE   650 AM MDT   SUNSET   650 PM MDT
SEPTEMBER 26 2016.....SUNRISE   651 AM MDT   SUNSET   649 PM MDT


-  INDICATES NEGATIVE NUMBERS.
R  INDICATES RECORD WAS SET OR TIED.
MM INDICATES DATA IS MISSING.
T  INDICATES TRACE AMOUNT.




$$
