000
CDUS43 KLSX 050734
CLICOU


CLIMATE REPORT
NATIONAL WEATHER SERVICE ST LOUIS MO
133 AM CST THU MAR 5 2015


...................................

...THE COLUMBIA ASOS CLIMATE SUMMARY FOR MARCH 4 2015...

CLIMATE NORMAL PERIOD 1981 TO 2010
CLIMATE RECORD PERIOD 1890 TO 2015


WEATHER ITEM   OBSERVED TIME   RECORD YEAR NORMAL DEPARTURE LAST
                VALUE   (LST)  VALUE       VALUE  FROM      YEAR
                                                  NORMAL
..................................................................
TEMPERATURE (F)
 YESTERDAY
  MAXIMUM         34    139 AM  80    1938  50    -16       43
  MINIMUM         18   1147 PM  -5    1978  30    -12       13
  AVERAGE         26                        40    -14       28

PRECIPITATION (IN)
  YESTERDAY        0.04          1.78 1897   0.09  -0.05     0.00
  MONTH TO DATE    0.11                      0.34  -0.23     0.05
  SINCE MAR 1      0.11                      0.34  -0.23     0.05
  SINCE JAN 1      2.46                      4.51  -2.05     2.31

SNOWFALL (IN)
  YESTERDAY        0.6           6.4  1965   0.0    0.6      0.0
  MONTH TO DATE    1.6                       0.3    1.3      0.4
  SINCE MAR 1      1.6                       0.3    1.3      0.4
  SINCE JUL 1     12.0                      16.4   -4.4     17.7
  SNOW DEPTH       0

DEGREE DAYS
 HEATING
  YESTERDAY       39                        25     14       37
  MONTH TO DATE  146                       102     44      181
  SINCE MAR 1    146                       102     44      181
  SINCE JUL 1   4201                      4048    153     4610

 COOLING
  YESTERDAY        0                         0      0        0
  MONTH TO DATE    0                         0      0        0
  SINCE MAR 1      0                         0      0        0
  SINCE JAN 1      0                         0      0        0
..................................................................


WIND (MPH)
  HIGHEST WIND SPEED    26   HIGHEST WIND DIRECTION     N (360)
  HIGHEST GUST SPEED    32   HIGHEST GUST DIRECTION     N (360)
  AVERAGE WIND SPEED    12.3


SKY COVER
  AVERAGE SKY COVER 0.8


WEATHER CONDITIONS
 THE FOLLOWING WEATHER WAS RECORDED YESTERDAY.
  LIGHT SNOW
  FOG


RELATIVE HUMIDITY (PERCENT)
 HIGHEST    84
 LOWEST     42
 AVERAGE    63

..........................................................


THE COLUMBIA ASOS CLIMATE NORMALS FOR TODAY
                         NORMAL    RECORD    YEAR
 MAXIMUM TEMPERATURE (F)   51        84      1956
 MINIMUM TEMPERATURE (F)   30        -9      1960


SUNRISE AND SUNSET
MARCH  5 2015.........SUNRISE   636 AM CST   SUNSET   606 PM CST
MARCH  6 2015.........SUNRISE   634 AM CST   SUNSET   607 PM CST


-  INDICATES NEGATIVE NUMBERS.
R  INDICATES RECORD WAS SET OR TIED.
MM INDICATES DATA IS MISSING.
T  INDICATES TRACE AMOUNT.




$$
