088
CDUS43 KLSX 100730
CLICOU


CLIMATE REPORT
NATIONAL WEATHER SERVICE ST LOUIS MO
127 AM CST WED FEB 10 2016


...................................

...THE COLUMBIA ASOS CLIMATE SUMMARY FOR FEBRUARY 9 2016...

CLIMATE NORMAL PERIOD 1981 TO 2010
CLIMATE RECORD PERIOD 1890 TO 2016


WEATHER ITEM   OBSERVED TIME   RECORD YEAR NORMAL DEPARTURE LAST
                VALUE   (LST)  VALUE       VALUE  FROM      YEAR
                                                  NORMAL
..................................................................
TEMPERATURE (F)
 YESTERDAY
  MAXIMUM         28    312 PM  75    1943  42    -14       39
  MINIMUM         17    851 AM -20    1899  23     -6       27
  AVERAGE         23                        33    -10       33

PRECIPITATION (IN)
  YESTERDAY        T             1.31 1959   0.08  -0.08     0.00
  MONTH TO DATE    0.03                      0.64  -0.61     0.50
  SINCE DEC 1      7.97                      5.00   2.97     3.62
  SINCE JAN 1      0.93                      2.56  -1.63     1.44

SNOWFALL (IN)
  YESTERDAY        T             4.2  1942   0.2   MM        0.0
  MONTH TO DATE    T                         1.6   -1.6      0.9
  SINCE DEC 1      6.9                      12.1   -5.2      2.0
  SINCE JUL 1      6.9                      13.0   -6.1      2.8
  SNOW DEPTH       0

DEGREE DAYS
 HEATING
  YESTERDAY       42                        32     10       32
  MONTH TO DATE  251                       300    -49      292
  SINCE DEC 1   1928                      2404   -476     2170
  SINCE JUL 1   2624                      3389   -765     3251

 COOLING
  YESTERDAY        0                         0      0        0
  MONTH TO DATE    0                         0      0        0
  SINCE DEC 1      0                         0      0        0
  SINCE JAN 1      0                         0      0        0
..................................................................


WIND (MPH)
  HIGHEST WIND SPEED    29   HIGHEST WIND DIRECTION    NW (330)
  HIGHEST GUST SPEED    33   HIGHEST GUST DIRECTION    NW (330)
  AVERAGE WIND SPEED    18.0


SKY COVER
  AVERAGE SKY COVER 0.8


WEATHER CONDITIONS
 THE FOLLOWING WEATHER WAS RECORDED YESTERDAY.
  LIGHT SNOW


RELATIVE HUMIDITY (PERCENT)
 HIGHEST    67
 LOWEST     46
 AVERAGE    57

..........................................................


THE COLUMBIA ASOS CLIMATE NORMALS FOR TODAY
                         NORMAL    RECORD    YEAR
 MAXIMUM TEMPERATURE (F)   42        77      1932
 MINIMUM TEMPERATURE (F)   24       -12      1899


SUNRISE AND SUNSET
FEBRUARY 10 2016......SUNRISE   706 AM CST   SUNSET   540 PM CST
FEBRUARY 11 2016......SUNRISE   705 AM CST   SUNSET   541 PM CST


-  INDICATES NEGATIVE NUMBERS.
R  INDICATES RECORD WAS SET OR TIED.
MM INDICATES DATA IS MISSING.
T  INDICATES TRACE AMOUNT.




$$
