000
CDUS43 KLSX 012229
CLICOU


CLIMATE REPORT
NATIONAL WEATHER SERVICE ST LOUIS MO
529 PM CDT FRI AUG 1 2014


...................................

...THE COLUMBIA ASOS CLIMATE SUMMARY FOR AUGUST 1 2014...
VALID TODAY AS OF 0500 PM LOCAL TIME.

CLIMATE NORMAL PERIOD 1981 TO 2010
CLIMATE RECORD PERIOD 1890 TO 2014


WEATHER ITEM   OBSERVED TIME   RECORD YEAR NORMAL DEPARTURE LAST
                VALUE   (LST)  VALUE       VALUE  FROM      YEAR
                                                  NORMAL
..................................................................
TEMPERATURE (F)
 TODAY
  MAXIMUM         83    356 PM 108    1980  88     -5       88
  MINIMUM         61    601 AM  53    1992  67     -6       62
                                      1895
  AVERAGE         72                        77     -5       75

PRECIPITATION (IN)
  TODAY            0.01          1.48 1954   0.13  -0.12     0.00
  MONTH TO DATE    0.01                      0.13  -0.12     0.00
  SINCE JUN 1      6.54                      8.97  -2.43     4.50
  SINCE JAN 1     21.36                     25.52  -4.16    31.21

SNOWFALL (IN)
  TODAY            0.0           0.0  2013   0.0    0.0      0.0
  MONTH TO DATE    0.0                       0.0    0.0      0.0
  SINCE JUN 1      0.0                       0.0    0.0      0.0
  SINCE JUL 1      0.0                       0.0    0.0      0.0
  SNOW DEPTH       0

DEGREE DAYS
 HEATING
  TODAY            0                         0      0        0
  MONTH TO DATE    0                         0      0        0
  SINCE JUN 1      0                        11    -11        6
  SINCE JUL 1      0                         0      0        0

 COOLING
  TODAY            7                        12     -5       10
  MONTH TO DATE    7                        12     -5       10
  SINCE JUN 1    560                       642    -82      599
  SINCE JAN 1    720                       745    -25      733
..................................................................


WIND (MPH)
  HIGHEST WIND SPEED    13   HIGHEST WIND DIRECTION     N (350)
  HIGHEST GUST SPEED    14   HIGHEST GUST DIRECTION     N (350)
  AVERAGE WIND SPEED     5.1


SKY COVER
  AVERAGE SKY COVER 0.2



RELATIVE HUMIDITY (PERCENT)
 HIGHEST   100           600 AM
 LOWEST     54           300 PM
 AVERAGE    77

..........................................................


THE COLUMBIA ASOS CLIMATE NORMALS FOR TOMORROW
                         NORMAL    RECORD    YEAR
 MAXIMUM TEMPERATURE (F)   88       108      2011
 MINIMUM TEMPERATURE (F)   67        54      1925


SUNRISE AND SUNSET
AUGUST  1 2014........SUNRISE   610 AM CDT   SUNSET   820 PM CDT
AUGUST  2 2014........SUNRISE   611 AM CDT   SUNSET   819 PM CDT


-  INDICATES NEGATIVE NUMBERS.
R  INDICATES RECORD WAS SET OR TIED.
MM INDICATES DATA IS MISSING.
T  INDICATES TRACE AMOUNT.




$$
