000
CDUS45 KRIW 080735
CLICPR


CLIMATE REPORT
NATIONAL WEATHER SERVICE RIVERTON WY
1233 AM MST MON FEB 8 2016


...................................

...THE CASPER WY CLIMATE SUMMARY FOR FEBRUARY 7 2016...

CLIMATE NORMAL PERIOD 1981 TO 2010
CLIMATE RECORD PERIOD 1939 TO 2016


WEATHER ITEM   OBSERVED TIME   RECORD YEAR NORMAL DEPARTURE LAST
                VALUE   (LST)  VALUE       VALUE  FROM      YEAR
                                                  NORMAL
..................................................................
TEMPERATURE (F)
 YESTERDAY
  MAXIMUM         31    225 PM  60    2015  36     -5       60
  MINIMUM          7    451 AM -16    1971  15     -8       39
  AVERAGE         19                        25     -6       50

PRECIPITATION (IN)
  YESTERDAY        0.00          0.18 1940   0.02  -0.02     0.00
  MONTH TO DATE    0.34                      0.13   0.21     0.30
  SINCE DEC 1      2.39                      1.13   1.26     2.07
  SINCE JAN 1      1.33                      0.64   0.69     0.82

SNOWFALL (IN)
  YESTERDAY        0.0                       0.4   -0.4      0.0
  MONTH TO DATE   14.6                       2.4   12.2      3.0
  SINCE DEC 1     44.8                      22.5   22.3     27.2
  SINCE JUL 1     58.1                      42.0   16.1     42.0
  SNOW DEPTH       8

DEGREE DAYS
 HEATING
  YESTERDAY       46                        40      6       15
  MONTH TO DATE  346                       280     66      196
  SINCE DEC 1   2796                      2803     -7     2503
  SINCE JUL 1   4318                      4657   -339     4278

 COOLING
  YESTERDAY        0                         0      0        0
  MONTH TO DATE    0                         0      0        0
  SINCE DEC 1      0                         0      0        0
  SINCE JAN 1      0                         0      0        0
..................................................................


WIND (MPH)
  HIGHEST WIND SPEED    18   HIGHEST WIND DIRECTION    SW (230)
  HIGHEST GUST SPEED    21   HIGHEST GUST DIRECTION    NE (30)
  AVERAGE WIND SPEED     7.0


SKY COVER
  POSSIBLE SUNSHINE  MM
  AVERAGE SKY COVER 0.3


WEATHER CONDITIONS
 THE FOLLOWING WEATHER WAS RECORDED YESTERDAY.
  NO SIGNIFICANT WEATHER WAS OBSERVED.


RELATIVE HUMIDITY (PERCENT)
 HIGHEST    84           700 AM
 LOWEST     53           100 PM
 AVERAGE    69

..........................................................


THE CASPER WY CLIMATE NORMALS FOR TODAY
                         NORMAL    RECORD    YEAR
 MAXIMUM TEMPERATURE (F)   36        61      1996
 MINIMUM TEMPERATURE (F)   15       -24      1982


SUNRISE AND SUNSET
FEBRUARY  8 2016......SUNRISE   713 AM MST   SUNSET   528 PM MST
FEBRUARY  9 2016......SUNRISE   712 AM MST   SUNSET   529 PM MST


-  INDICATES NEGATIVE NUMBERS.
R  INDICATES RECORD WAS SET OR TIED.
MM INDICATES DATA IS MISSING.
T  INDICATES TRACE AMOUNT.




$$
