000
CDUS45 KRIW 280731
CLICPR


CLIMATE REPORT
NATIONAL WEATHER SERVICE RIVERTON WY
130 AM MDT WED JUN 28 2017


...................................

...THE CASPER WY CLIMATE SUMMARY FOR JUNE 27 2017...

CLIMATE NORMAL PERIOD 1981 TO 2010
CLIMATE RECORD PERIOD 1939 TO 2017


WEATHER ITEM   OBSERVED TIME   RECORD YEAR NORMAL DEPARTURE LAST
                VALUE   (LST)  VALUE       VALUE  FROM      YEAR
                                                  NORMAL
..................................................................
TEMPERATURE (F)
 YESTERDAY
  MAXIMUM         87   1048 AM 101    1990  84      3       86
                                      1970
  MINIMUM         48   1159 PM  38    2011  49     -1       46
  AVERAGE         68                        66      2       66

PRECIPITATION (IN)
  YESTERDAY        0.01          0.52 2014   0.05  -0.04     0.00
  MONTH TO DATE    0.94                      1.48  -0.54     1.03
  SINCE JUN 1      0.94                      1.48  -0.54     1.03
  SINCE JAN 1      8.54                      6.69   1.85    10.49

SNOWFALL (IN)
  YESTERDAY        0.0                       0.0    0.0      0.0
  MONTH TO DATE    0.0                       0.1   -0.1      0.0
  SINCE JUN 1      0.0                       0.1   -0.1      0.0
  SINCE JUL 1     70.0                      74.9   -4.9     86.6
  SNOW DEPTH       0

DEGREE DAYS
 HEATING
  YESTERDAY        0                         2     -2        0
  MONTH TO DATE   77                       130    -53       37
  SINCE JUN 1     77                       130    -53       37
  SINCE JUL 1   7028                      7574   -546     6942

 COOLING
  YESTERDAY        3                         3      0        1
  MONTH TO DATE   36                        43     -7       90
  SINCE JUN 1     36                        43     -7       90
  SINCE JAN 1     36                        47    -11       90
..................................................................


WIND (MPH)
  HIGHEST WIND SPEED    47   HIGHEST WIND DIRECTION     W (260)
  HIGHEST GUST SPEED    65   HIGHEST GUST DIRECTION     W (290)
  AVERAGE WIND SPEED    12.8


SKY COVER
  POSSIBLE SUNSHINE  MM
  AVERAGE SKY COVER 0.0


WEATHER CONDITIONS
 THE FOLLOWING WEATHER WAS RECORDED YESTERDAY.
  LIGHT RAIN


RELATIVE HUMIDITY (PERCENT)
 HIGHEST    71          1100 PM
 LOWEST     16          1100 AM
 AVERAGE    44

..........................................................


THE CASPER WY CLIMATE NORMALS FOR TODAY
                         NORMAL    RECORD    YEAR
 MAXIMUM TEMPERATURE (F)   84        97      2012
                                             1990
 MINIMUM TEMPERATURE (F)   49        38      2000


SUNRISE AND SUNSET
JUNE 28 2017..........SUNRISE   530 AM MDT   SUNSET   849 PM MDT
JUNE 29 2017..........SUNRISE   530 AM MDT   SUNSET   849 PM MDT


-  INDICATES NEGATIVE NUMBERS.
R  INDICATES RECORD WAS SET OR TIED.
MM INDICATES DATA IS MISSING.
T  INDICATES TRACE AMOUNT.




$$
