000
CDUS45 KRIW 240728
CLICPR


CLIMATE REPORT
NATIONAL WEATHER SERVICE RIVERTON WY
127 AM MDT THU JUL 24 2014


...................................

...THE CASPER WY CLIMATE SUMMARY FOR JULY 23 2014...

CLIMATE NORMAL PERIOD 1981 TO 2010
CLIMATE RECORD PERIOD 1939 TO 2014


WEATHER ITEM   OBSERVED TIME   RECORD YEAR NORMAL DEPARTURE LAST
                VALUE   (LST)  VALUE       VALUE  FROM      YEAR
                                                  NORMAL
..................................................................
TEMPERATURE (F)
 YESTERDAY
  MAXIMUM        100R   214 PM 100    2006  89     11       91
                                      2000
                                      1940
  MINIMUM         53    507 AM  43    1972  54     -1       52
  AVERAGE         77                        72      5       72

PRECIPITATION (IN)
  YESTERDAY        0.00          1.14 1977   0.05  -0.05     0.00
  MONTH TO DATE    1.11                      1.05   0.06     1.32
  SINCE JUN 1      2.46                      2.66  -0.20     2.19
  SINCE JAN 1      7.22                      7.87  -0.65     8.16

SNOWFALL (IN)
  YESTERDAY        0.0                       0.0    0.0      0.0
  MONTH TO DATE    T                         0.0    0.0      0.0
  SINCE JUN 1      T                         0.1   -0.1      0.0
  SINCE JUL 1      T                         0.0    0.0      0.0
  SNOW DEPTH       0

DEGREE DAYS
 HEATING
  YESTERDAY        0                         0      0        0
  MONTH TO DATE   16                        11      5        0
  SINCE JUN 1    174                       147     27       72
  SINCE JUL 1     16                        11      5        0

 COOLING
  YESTERDAY       12                         7      5        7
  MONTH TO DATE  151                       134     17      189
  SINCE JUN 1    168                       187    -19      272
  SINCE JAN 1    174                       191    -17      282
..................................................................


WIND (MPH)
  HIGHEST WIND SPEED    22   HIGHEST WIND DIRECTION    SW (230)
  HIGHEST GUST SPEED    33   HIGHEST GUST DIRECTION    SW (230)
  AVERAGE WIND SPEED     7.7


SKY COVER
  POSSIBLE SUNSHINE  MM
  AVERAGE SKY COVER 0.0


WEATHER CONDITIONS
 THE FOLLOWING WEATHER WAS RECORDED YESTERDAY.
  NO SIGNIFICANT WEATHER WAS OBSERVED.


RELATIVE HUMIDITY (PERCENT)
 HIGHEST   100           500 AM
 LOWEST     11           300 PM
 AVERAGE    56

..........................................................


THE CASPER WY CLIMATE NORMALS FOR TODAY
                         NORMAL    RECORD    YEAR
 MAXIMUM TEMPERATURE (F)   89       100      2003
                                             1959
 MINIMUM TEMPERATURE (F)   54        45      2010


SUNRISE AND SUNSET
JULY 24 2014..........SUNRISE   549 AM MDT   SUNSET   835 PM MDT
JULY 25 2014..........SUNRISE   550 AM MDT   SUNSET   834 PM MDT


-  INDICATES NEGATIVE NUMBERS.
R  INDICATES RECORD WAS SET OR TIED.
MM INDICATES DATA IS MISSING.
T  INDICATES TRACE AMOUNT.




$$
