000
CDUS45 KRIW 250738
CLICPR


CLIMATE REPORT
NATIONAL WEATHER SERVICE RIVERTON WY
129 AM MDT THU AUG 25 2016


...................................

...THE CASPER WY CLIMATE SUMMARY FOR AUGUST 24 2016...

CLIMATE NORMAL PERIOD 1981 TO 2010
CLIMATE RECORD PERIOD 1939 TO 2016


WEATHER ITEM   OBSERVED TIME   RECORD YEAR NORMAL DEPARTURE LAST
                VALUE   (LST)  VALUE       VALUE  FROM      YEAR
                                                  NORMAL
..................................................................
TEMPERATURE (F)
 YESTERDAY
  MAXIMUM         75    317 PM  97    1994  85    -10       89
  MINIMUM         41    548 AM  39    2010  50     -9       40
  AVERAGE         58                        67     -9       65

PRECIPITATION (IN)
  YESTERDAY        0.29R         0.26 1940   0.02   0.27     0.00
  MONTH TO DATE    0.81                      0.69   0.12     0.83
  SINCE JUN 1      2.22                      3.71  -1.49     2.90
  SINCE JAN 1     11.68                      8.92   2.76    10.40

SNOWFALL (IN)
  YESTERDAY        0.0                       0.0    0.0      0.0
  MONTH TO DATE    0.0                       0.0    0.0      0.0
  SINCE JUN 1      0.0                       0.1   -0.1      0.0
  SINCE JUL 1      0.0                       0.0    0.0      0.0
  SNOW DEPTH       0

DEGREE DAYS
 HEATING
  YESTERDAY        7                         1      6        0
  MONTH TO DATE   39                        15     24       44
  SINCE JUN 1     81                       167    -86       86
  SINCE JUL 1     44                        31     13       60

 COOLING
  YESTERDAY        0                         4     -4        0
  MONTH TO DATE  103                       132    -29      100
  SINCE JUN 1    412                       373     39      306
  SINCE JAN 1    412                       377     35      306
..................................................................


WIND (MPH)
  HIGHEST WIND SPEED    26   HIGHEST WIND DIRECTION     N (20)
  HIGHEST GUST SPEED    33   HIGHEST GUST DIRECTION     N (20)
  AVERAGE WIND SPEED    12.1


SKY COVER
  POSSIBLE SUNSHINE  MM
  AVERAGE SKY COVER 0.2


WEATHER CONDITIONS
 THE FOLLOWING WEATHER WAS RECORDED YESTERDAY.
  HEAVY RAIN
  RAIN
  FOG


RELATIVE HUMIDITY (PERCENT)
 HIGHEST    61          1000 PM
 LOWEST     25           300 PM
 AVERAGE    43

..........................................................


THE CASPER WY CLIMATE NORMALS FOR TODAY
                         NORMAL    RECORD    YEAR
 MAXIMUM TEMPERATURE (F)   85        96      2011
                                             1994
                                             1969
 MINIMUM TEMPERATURE (F)   50        36      1964


SUNRISE AND SUNSET
AUGUST 25 2016........SUNRISE   623 AM MDT   SUNSET   751 PM MDT
AUGUST 26 2016........SUNRISE   625 AM MDT   SUNSET   750 PM MDT


-  INDICATES NEGATIVE NUMBERS.
R  INDICATES RECORD WAS SET OR TIED.
MM INDICATES DATA IS MISSING.
T  INDICATES TRACE AMOUNT.




$$
