000
CDUS46 KLOX 260915
CLICQT


CLIMATE REPORT
NATIONAL WEATHER SERVICE LOS ANGELES/OXNARD CA
115 AM PST SUN FEB 26 2017


...................................

...THE DOWNTOWN LOS ANGELES (USC) CA CLIMATE SUMMARY FOR FEBRUARY 25 2017...

CLIMATE NORMAL PERIOD 1981 TO 2010
CLIMATE RECORD PERIOD 1877 TO 2017


WEATHER ITEM   OBSERVED TIME   RECORD YEAR NORMAL DEPARTURE LAST
                VALUE   (LST)  VALUE       VALUE  FROM      YEAR
                                                  NORMAL
..................................................................
TEMPERATURE (F)
 YESTERDAY
  MAXIMUM         66   1244 PM  92    1921  69     -3       83
  MINIMUM         44    654 AM  40    1962  50     -6       57
                                      1887
                                      1882
  AVERAGE         55                        60     -5       70

PRECIPITATION (IN)
  YESTERDAY        0.00          2.33 2001   0.14  -0.14     0.00
  MONTH TO DATE    4.11                      3.42   0.69     0.79
  SINCE OCT 1     18.44                     10.57   7.87     4.99
  SINCE JAN 1     12.49                      6.54   5.95     3.96

SNOWFALL (IN)
  YESTERDAY        0.0
  MONTH TO DATE    0.0
  SINCE DEC 1      0.0
  SINCE JUL 1      0.0

DEGREE DAYS
 HEATING
  YESTERDAY       10                         6      4        0
  MONTH TO DATE  117                       168    -51       68
  SINCE DEC 1    554                       628    -74      535
  SINCE JUL 1    625                       759   -134      639

 COOLING
  YESTERDAY        0                         1     -1        5
  MONTH TO DATE    5                        12     -7       72
  SINCE DEC 1     14                        25    -11       82
  SINCE JAN 1      8                        21    -13       72
..................................................................


WIND (MPH)
  HIGHEST WIND SPEED    10   HIGHEST WIND DIRECTION     W (270)
  HIGHEST GUST SPEED    16   HIGHEST GUST DIRECTION     W (260)
  AVERAGE WIND SPEED     1.2


SKY COVER
  POSSIBLE SUNSHINE  MM
  AVERAGE SKY COVER 0.2


WEATHER CONDITIONS
 THE FOLLOWING WEATHER WAS RECORDED YESTERDAY.
  NO SIGNIFICANT WEATHER WAS OBSERVED.


RELATIVE HUMIDITY (PERCENT)
 HIGHEST    76           400 AM
 LOWEST     31          1200 PM
 AVERAGE    54

..........................................................


THE DOWNTOWN LOS ANGELES (USC) CA CLIMATE NORMALS FOR TODAY
                         NORMAL    RECORD    YEAR
 MAXIMUM TEMPERATURE (F)   69        87      2002
                                             1980
                                             1926
 MINIMUM TEMPERATURE (F)   50        37      1894


SUNRISE AND SUNSET
FEBRUARY 26 2017......SUNRISE   625 AM PST   SUNSET   547 PM PST
FEBRUARY 27 2017......SUNRISE   624 AM PST   SUNSET   548 PM PST


-  INDICATES NEGATIVE NUMBERS.
R  INDICATES RECORD WAS SET OR TIED.
MM INDICATES DATA IS MISSING.
T  INDICATES TRACE AMOUNT.




$$
