000
CDUS46 KLOX 030856
CLICQT


CLIMATE REPORT
NATIONAL WEATHER SERVICE LOS ANGELES/OXNARD CA
156 AM PDT FRI JUL 3 2015


...................................

...THE DOWNTOWN LOS ANGELES (USC) CA CLIMATE SUMMARY FOR JULY 2 2015...

CLIMATE NORMAL PERIOD 1981 TO 2010
CLIMATE RECORD PERIOD 1877 TO 2015


WEATHER ITEM   OBSERVED TIME   RECORD YEAR NORMAL DEPARTURE LAST
                VALUE   (LST)  VALUE       VALUE  FROM      YEAR
                                                  NORMAL
..................................................................
TEMPERATURE (F)
 YESTERDAY
  MAXIMUM         83    101 PM 102    1985  82      1       80
                                      1907
  MINIMUM         65   1159 PM  51    1887  63      2       64
                                      1881
  AVERAGE         74                        72      2       72

PRECIPITATION (IN)
  YESTERDAY        0.00          T    1961   0.00   0.00     0.00
                                      1957
                                      1925
  MONTH TO DATE    0.00                      0.00   0.00     0.00
  SINCE OCT 1      8.47                     14.64  -6.17     5.99
  SINCE JAN 1      3.86                     10.61  -6.75     5.11

SNOWFALL (IN)
  YESTERDAY        0.0
  MONTH TO DATE    0.0
  SINCE JUN 1      0.0
  SINCE JUL 1      0.0

DEGREE DAYS
 HEATING
  YESTERDAY        0                         0      0        0
  MONTH TO DATE    0                         0      0        0
  SINCE JUN 1      0                         8     -8        0
  SINCE JUL 1      0                         0      0        0

 COOLING
  YESTERDAY        9                         7      2        7
  MONTH TO DATE   20                        14      6       15
  SINCE JUN 1    195                       148     47      143
  SINCE JAN 1    483                       302    181      437
..................................................................


WIND (MPH)
  HIGHEST WIND SPEED    12   HIGHEST WIND DIRECTION     W (280)
  HIGHEST GUST SPEED    16   HIGHEST GUST DIRECTION     W (270)
  AVERAGE WIND SPEED     1.9


SKY COVER
  POSSIBLE SUNSHINE  MM
  AVERAGE SKY COVER 0.0


WEATHER CONDITIONS
 THE FOLLOWING WEATHER WAS RECORDED YESTERDAY.
  NO SIGNIFICANT WEATHER WAS OBSERVED.


RELATIVE HUMIDITY (PERCENT)
 HIGHEST    81           900 PM
 LOWEST     47           300 PM
 AVERAGE    64

..........................................................


THE DOWNTOWN LOS ANGELES (USC) CA CLIMATE NORMALS FOR TODAY
                         NORMAL    RECORD    YEAR
 MAXIMUM TEMPERATURE (F)   82       100      1985
                                             1973
 MINIMUM TEMPERATURE (F)   63        52      1902
                                             1886


SUNRISE AND SUNSET
JULY  3 2015..........SUNRISE   546 AM PDT   SUNSET   808 PM PDT
JULY  4 2015..........SUNRISE   547 AM PDT   SUNSET   808 PM PDT


-  INDICATES NEGATIVE NUMBERS.
R  INDICATES RECORD WAS SET OR TIED.
MM INDICATES DATA IS MISSING.
T  INDICATES TRACE AMOUNT.




$$
