000
CDUS46 KLOX 230902
CLICQT


CLIMATE REPORT
NATIONAL WEATHER SERVICE LOS ANGELES/OXNARD CA
102 AM PST MON JAN 23 2017


...................................

...THE DOWNTOWN LOS ANGELES (USC) CA CLIMATE SUMMARY FOR JANUARY 22 2017...

CLIMATE NORMAL PERIOD 1981 TO 2010
CLIMATE RECORD PERIOD 1877 TO 2017


WEATHER ITEM   OBSERVED TIME   RECORD YEAR NORMAL DEPARTURE LAST
                VALUE   (LST)  VALUE       VALUE  FROM      YEAR
                                                  NORMAL
..................................................................
TEMPERATURE (F)
 YESTERDAY
  MAXIMUM         56   1045 PM  84    1994  68    -12       71
  MINIMUM         51    144 PM  34    1937  48      3       50
  AVERAGE         54                        58     -4       61

PRECIPITATION (IN)
  YESTERDAY        2.67          3.69 1967   0.09   2.58     0.00
  MONTH TO DATE    8.05                      2.23   5.82     2.74
  SINCE OCT 1     14.00                      6.26   7.74     3.77
  SINCE JAN 1      8.05                      2.23   5.82     2.74

SNOWFALL (IN)
  YESTERDAY        0.0
  MONTH TO DATE    0.0
  SINCE DEC 1      0.0
  SINCE JUL 1      0.0

DEGREE DAYS
 HEATING
  YESTERDAY       11                         7      4        4
  MONTH TO DATE  166                       160      6      174
  SINCE DEC 1    363                       394    -31      421
  SINCE JUL 1    434                       525    -91      525

 COOLING
  YESTERDAY        0                         0      0        0
  MONTH TO DATE    1                         0      1        0
  SINCE DEC 1      7                         4      3       10
  SINCE JAN 1      1                         0      1        0
..................................................................


WIND (MPH)
  HIGHEST WIND SPEED    17   HIGHEST WIND DIRECTION     E (100)
  HIGHEST GUST SPEED    28   HIGHEST GUST DIRECTION     E (90)
  AVERAGE WIND SPEED     6.6


SKY COVER
  POSSIBLE SUNSHINE  MM
  AVERAGE SKY COVER 1.0


WEATHER CONDITIONS
 THE FOLLOWING WEATHER WAS RECORDED YESTERDAY.
  HEAVY RAIN
  RAIN
  LIGHT RAIN
  FOG


RELATIVE HUMIDITY (PERCENT)
 HIGHEST    96           300 PM
 LOWEST     77          1200 AM
 AVERAGE    87

..........................................................


THE DOWNTOWN LOS ANGELES (USC) CA CLIMATE NORMALS FOR TODAY
                         NORMAL    RECORD    YEAR
 MAXIMUM TEMPERATURE (F)   68        84      1968
                                             1953
 MINIMUM TEMPERATURE (F)   48        33      1937


SUNRISE AND SUNSET
JANUARY 23 2017.......SUNRISE   655 AM PST   SUNSET   515 PM PST
JANUARY 24 2017.......SUNRISE   655 AM PST   SUNSET   516 PM PST


-  INDICATES NEGATIVE NUMBERS.
R  INDICATES RECORD WAS SET OR TIED.
MM INDICATES DATA IS MISSING.
T  INDICATES TRACE AMOUNT.




$$
