000
CDUS46 KLOX 270900
CLICQT


CLIMATE REPORT
NATIONAL WEATHER SERVICE LOS ANGELES/OXNARD CA
200 AM PDT TUE JUN 27 2017


...................................

...THE DOWNTOWN LOS ANGELES (USC) CA CLIMATE SUMMARY FOR JUNE 26 2017...

CLIMATE NORMAL PERIOD 1981 TO 2010
CLIMATE RECORD PERIOD 1877 TO 2017


WEATHER ITEM   OBSERVED TIME   RECORD YEAR NORMAL DEPARTURE LAST
                VALUE   (LST)  VALUE       VALUE  FROM      YEAR
                                                  NORMAL
..................................................................
TEMPERATURE (F)
 YESTERDAY
  MAXIMUM         94   1038 AM 112    1990  80     14       82
  MINIMUM         67    512 AM  48    1894  62      5       65
  AVERAGE         81                        71     10       74

PRECIPITATION (IN)
  YESTERDAY        0.00          0.19 1913   0.00   0.00     0.00
  MONTH TO DATE    0.01                      0.09  -0.08     0.00
  SINCE OCT 1     19.00                     14.64   4.36     6.88
  SINCE JAN 1     13.05                     10.61   2.44     5.85

SNOWFALL (IN)
  YESTERDAY        0.0
  MONTH TO DATE    0.0
  SINCE JUN 1      0.0
  SINCE JUL 1      0.0

DEGREE DAYS
 HEATING
  YESTERDAY        0                         0      0        0
  MONTH TO DATE    0                         6     -6        0
  SINCE JUN 1      0                         6     -6        0
  SINCE JUL 1    729                      1082   -353      758

 COOLING
  YESTERDAY       16                         6     10        9
  MONTH TO DATE  171                       109     62      151
  SINCE JUN 1    171                       109     62      151
  SINCE JAN 1    447                       263    184      358
..................................................................


WIND (MPH)
  HIGHEST WIND SPEED    12   HIGHEST WIND DIRECTION     W (270)
  HIGHEST GUST SPEED    18   HIGHEST GUST DIRECTION     W (270)
  AVERAGE WIND SPEED     1.7


SKY COVER
  POSSIBLE SUNSHINE  MM
  AVERAGE SKY COVER 0.0


WEATHER CONDITIONS
 THE FOLLOWING WEATHER WAS RECORDED YESTERDAY.
  NO SIGNIFICANT WEATHER WAS OBSERVED.


RELATIVE HUMIDITY (PERCENT)
 HIGHEST    76           100 AM
 LOWEST     30           200 PM
 AVERAGE    53

..........................................................


THE DOWNTOWN LOS ANGELES (USC) CA CLIMATE NORMALS FOR TODAY
                         NORMAL    RECORD    YEAR
 MAXIMUM TEMPERATURE (F)   81       109      1990
 MINIMUM TEMPERATURE (F)   62        49      1894


SUNRISE AND SUNSET
JUNE 27 2017..........SUNRISE   544 AM PDT   SUNSET   808 PM PDT
JUNE 28 2017..........SUNRISE   544 AM PDT   SUNSET   808 PM PDT


-  INDICATES NEGATIVE NUMBERS.
R  INDICATES RECORD WAS SET OR TIED.
MM INDICATES DATA IS MISSING.
T  INDICATES TRACE AMOUNT.




$$
