000
CDUS46 KLOX 180111
CLICQT


CLIMATE REPORT
NATIONAL WEATHER SERVICE LOS ANGELES/OXNARD CA
511 PM PST SUN DEC 17 2017


...................................

...THE DOWNTOWN LOS ANGELES (USC) CA CLIMATE SUMMARY FOR DECEMBER 17 2017...
VALID TODAY AS OF 0500 PM LOCAL TIME.

CLIMATE NORMAL PERIOD 1981 TO 2010
CLIMATE RECORD PERIOD 1877 TO 2017


WEATHER ITEM   OBSERVED TIME   RECORD YEAR NORMAL DEPARTURE LAST
                VALUE   (LST)  VALUE       VALUE  FROM      YEAR
                                                  NORMAL
..................................................................
TEMPERATURE (F)
 TODAY
  MAXIMUM         72    355 PM  85    1998  67      5       62
  MINIMUM         48    631 AM  34    1895  47      1       47
  AVERAGE         60                        57      3       55

PRECIPITATION (IN)
  TODAY            0.00          1.97 1880   0.08  -0.08     0.00
  MONTH TO DATE    0.00                      1.06  -1.06     1.76
  SINCE OCT 1      0.11                      2.76  -2.65     3.16
  SINCE JAN 1     13.23                     13.66  -0.43     9.01

SNOWFALL (IN)
  TODAY            0.0
  MONTH TO DATE    0.0
  SINCE DEC 1      0.0
  SINCE JUL 1      0.0

DEGREE DAYS
 HEATING
  TODAY            5                         8     -3       10
  MONTH TO DATE   40                       125    -85      107
  SINCE DEC 1     40                       125    -85      107
  SINCE JUL 1     58                       256   -198      178

 COOLING
  TODAY            0                         0      0        0
  MONTH TO DATE    9                         0      9        0
  SINCE DEC 1      9                         0      9        0
  SINCE JAN 1   1884                      1240    644     1522
..................................................................


WIND (MPH)
  HIGHEST WIND SPEED     8   HIGHEST WIND DIRECTION     N (10)
  HIGHEST GUST SPEED    14   HIGHEST GUST DIRECTION     N (10)
  AVERAGE WIND SPEED     0.7


SKY COVER
  POSSIBLE SUNSHINE  MM
  AVERAGE SKY COVER 0.0


WEATHER CONDITIONS
 THE FOLLOWING WEATHER WAS RECORDED TODAY.
  FOG
  HAZE


RELATIVE HUMIDITY (PERCENT)
 HIGHEST    83           100 AM
 LOWEST     14          1100 AM
 AVERAGE    49

..........................................................


THE DOWNTOWN LOS ANGELES (USC) CA CLIMATE NORMALS FOR TOMORROW
                         NORMAL    RECORD    YEAR
 MAXIMUM TEMPERATURE (F)   67        86      1917
                                             1901
 MINIMUM TEMPERATURE (F)   47        35      1895
                                             1887
                                             1878


SUNRISE AND SUNSET
DECEMBER 17 2017......SUNRISE   653 AM PST   SUNSET   446 PM PST
DECEMBER 18 2017......SUNRISE   653 AM PST   SUNSET   447 PM PST


-  INDICATES NEGATIVE NUMBERS.
R  INDICATES RECORD WAS SET OR TIED.
MM INDICATES DATA IS MISSING.
T  INDICATES TRACE AMOUNT.




$$
