000
CDUS46 KLOX 310115
CLICQT


CLIMATE REPORT
NATIONAL WEATHER SERVICE LOS ANGELES/OXNARD CA
615 PM PDT SAT AUG 30 2014


...................................

...THE DOWNTOWN LOS ANGELES (USC) CA CLIMATE SUMMARY FOR AUGUST 30 2014...
VALID TODAY AS OF 0600 PM LOCAL TIME.

CLIMATE NORMAL PERIOD 1981 TO 2010
CLIMATE RECORD PERIOD 1877 TO 2014


WEATHER ITEM   OBSERVED TIME   RECORD YEAR NORMAL DEPARTURE LAST
                VALUE   (LST)  VALUE       VALUE  FROM      YEAR
                                                  NORMAL
..................................................................
TEMPERATURE (F)
 TODAY
  MAXIMUM         89   1141 AM 101    1998  85      4       95
  MINIMUM         65    534 AM  49    1901  64      1       73
  AVERAGE         77                        74      3       84

PRECIPITATION (IN)
  TODAY            0.00          0.21 1886   0.00   0.00     0.00
  MONTH TO DATE    0.04                      0.04   0.00     0.00
  SINCE JUL 1      0.04                      0.05  -0.01     0.09
  SINCE JAN 1      5.15                     10.66  -5.51     2.72

SNOWFALL (IN)
  TODAY            0.0
  MONTH TO DATE    0.0
  SINCE JUN 1      0.0
  SINCE JUL 1      0.0

DEGREE DAYS
 HEATING
  TODAY            0                         0      0        0
  MONTH TO DATE    0                         0      0        0
  SINCE JUN 1      0                         8     -8        0
  SINCE JUL 1      0                         0      0        0

 COOLING
  TODAY           12                         9      3       19
  MONTH TO DATE  316                       270     46      224
  SINCE JUN 1    770                       663    107      630
  SINCE JAN 1   1064                       817    247      788
..................................................................


WIND (MPH)
  HIGHEST WIND SPEED     9   HIGHEST WIND DIRECTION     W (270)
  HIGHEST GUST SPEED    13   HIGHEST GUST DIRECTION     W (280)
  AVERAGE WIND SPEED     1.8


SKY COVER
  POSSIBLE SUNSHINE  MM
  AVERAGE SKY COVER 0.0


WEATHER CONDITIONS
 THE FOLLOWING WEATHER WAS RECORDED TODAY.
  FOG
  HAZE


RELATIVE HUMIDITY (PERCENT)
 HIGHEST    87           100 AM
 LOWEST     43          1200 PM
 AVERAGE    65

..........................................................


THE DOWNTOWN LOS ANGELES (USC) CA CLIMATE NORMALS FOR TOMORROW
                         NORMAL    RECORD    YEAR
 MAXIMUM TEMPERATURE (F)   85       103      1967
 MINIMUM TEMPERATURE (F)   64        52      1895


SUNRISE AND SUNSET
AUGUST 30 2014........SUNRISE   625 AM PDT   SUNSET   721 PM PDT
AUGUST 31 2014........SUNRISE   626 AM PDT   SUNSET   720 PM PDT


-  INDICATES NEGATIVE NUMBERS.
R  INDICATES RECORD WAS SET OR TIED.
MM INDICATES DATA IS MISSING.
T  INDICATES TRACE AMOUNT.




$$
