000
CDUS46 KLOX 180114
CLICQT


CLIMATE REPORT
NATIONAL WEATHER SERVICE LOS ANGELES/OXNARD CA
514 PM PST WED DEC 17 2014


...................................

...THE DOWNTOWN LOS ANGELES (USC) CA CLIMATE SUMMARY FOR DECEMBER 17 2014...
VALID TODAY AS OF 0500 PM LOCAL TIME.

CLIMATE NORMAL PERIOD 1981 TO 2010
CLIMATE RECORD PERIOD 1877 TO 2014


WEATHER ITEM   OBSERVED TIME   RECORD YEAR NORMAL DEPARTURE LAST
                VALUE   (LST)  VALUE       VALUE  FROM      YEAR
                                                  NORMAL
..................................................................
TEMPERATURE (F)
 TODAY
  MAXIMUM         65    105 PM  85    1998  67     -2       82
  MINIMUM         53    728 AM  34    1895  47      6       58
  AVERAGE         59                        57      2       70

PRECIPITATION (IN)
  TODAY            0.15          1.97 1880   0.08   0.07     0.00
  MONTH TO DATE    3.69                      1.06   2.63     0.09
  SINCE JUL 1      4.47                      3.05   1.42     0.86
  SINCE JAN 1      9.58                     13.66  -4.08     3.49

SNOWFALL (IN)
  TODAY            0.0
  MONTH TO DATE    0.0
  SINCE DEC 1      0.0
  SINCE JUL 1      0.0

DEGREE DAYS
 HEATING
  TODAY            6                         8     -2        0
  MONTH TO DATE   60                       125    -65      132
  SINCE DEC 1     60                       125    -65      132
  SINCE JUL 1     83                       256   -173      213

 COOLING
  TODAY            0                         0      0        5
  MONTH TO DATE    2                         0      2       14
  SINCE DEC 1      2                         0      2       14
  SINCE JAN 1   1747                      1240    507     1223
..................................................................


WIND (MPH)
  HIGHEST WIND SPEED     8   HIGHEST WIND DIRECTION     W (270)
  HIGHEST GUST SPEED    14   HIGHEST GUST DIRECTION     W (250)
  AVERAGE WIND SPEED     2.2


SKY COVER
  POSSIBLE SUNSHINE  MM
  AVERAGE SKY COVER 0.4


WEATHER CONDITIONS
 THE FOLLOWING WEATHER WAS RECORDED TODAY.
  HEAVY RAIN
  RAIN
  LIGHT RAIN
  FOG


RELATIVE HUMIDITY (PERCENT)
 HIGHEST    89           700 AM
 LOWEST     52           100 PM
 AVERAGE    71

..........................................................


THE DOWNTOWN LOS ANGELES (USC) CA CLIMATE NORMALS FOR TOMORROW
                         NORMAL    RECORD    YEAR
 MAXIMUM TEMPERATURE (F)   67        86      1917
 MINIMUM TEMPERATURE (F)   47        35      1895


SUNRISE AND SUNSET
DECEMBER 17 2014......SUNRISE   652 AM PST   SUNSET   446 PM PST
DECEMBER 18 2014......SUNRISE   653 AM PST   SUNSET   447 PM PST


-  INDICATES NEGATIVE NUMBERS.
R  INDICATES RECORD WAS SET OR TIED.
MM INDICATES DATA IS MISSING.
T  INDICATES TRACE AMOUNT.




$$
