000
CDUS46 KLOX 240915
CLICQT


CLIMATE REPORT
NATIONAL WEATHER SERVICE LOS ANGELES/OXNARD CA
215 AM PDT FRI MAR 24 2017


...................................

...THE DOWNTOWN LOS ANGELES (USC) CA CLIMATE SUMMARY FOR MARCH 23 2017...

CLIMATE NORMAL PERIOD 1981 TO 2010
CLIMATE RECORD PERIOD 1877 TO 2017


WEATHER ITEM   OBSERVED TIME   RECORD YEAR NORMAL DEPARTURE LAST
                VALUE   (LST)  VALUE       VALUE  FROM      YEAR
                                                  NORMAL
..................................................................
TEMPERATURE (F)
 YESTERDAY
  MAXIMUM         70   1040 AM  88    2008  71     -1       77
                                      1926
  MINIMUM         54    300 AM  36    1898  51      3       52
  AVERAGE         62                        61      1       65

PRECIPITATION (IN)
  YESTERDAY        0.00          2.08 1904   0.06  -0.06     0.00
  MONTH TO DATE    0.09                      1.99  -1.90     1.58
  SINCE OCT 1     18.59                     12.94   5.65     6.57
  SINCE JAN 1     12.64                      8.91   3.73     5.54

SNOWFALL (IN)
  YESTERDAY        0.0
  MONTH TO DATE    0.0
  SINCE MAR 1      0.0
  SINCE JUL 1      0.0

DEGREE DAYS
 HEATING
  YESTERDAY        3                         5     -2        0
  MONTH TO DATE   36                       119    -83       48
  SINCE MAR 1     36                       119    -83       48
  SINCE JUL 1    688                       894   -206      688

 COOLING
  YESTERDAY        0                         1     -1        0
  MONTH TO DATE   53                        20     33       14
  SINCE MAR 1     53                        20     33       14
  SINCE JAN 1     61                        43     18       89
..................................................................


WIND (MPH)
  HIGHEST WIND SPEED    10   HIGHEST WIND DIRECTION     N (340)
  HIGHEST GUST SPEED    20   HIGHEST GUST DIRECTION     N (350)
  AVERAGE WIND SPEED     3.0


SKY COVER
  POSSIBLE SUNSHINE  MM
  AVERAGE SKY COVER 0.0


WEATHER CONDITIONS
 THE FOLLOWING WEATHER WAS RECORDED YESTERDAY.
  NO SIGNIFICANT WEATHER WAS OBSERVED.


RELATIVE HUMIDITY (PERCENT)
 HIGHEST    83          1200 AM
 LOWEST     33          1100 AM
 AVERAGE    58

..........................................................


THE DOWNTOWN LOS ANGELES (USC) CA CLIMATE NORMALS FOR TODAY
                         NORMAL    RECORD    YEAR
 MAXIMUM TEMPERATURE (F)   71        94      1988
 MINIMUM TEMPERATURE (F)   51        37      1898


SUNRISE AND SUNSET
MARCH 24 2017.........SUNRISE   651 AM PDT   SUNSET   708 PM PDT
MARCH 25 2017.........SUNRISE   650 AM PDT   SUNSET   709 PM PDT


-  INDICATES NEGATIVE NUMBERS.
R  INDICATES RECORD WAS SET OR TIED.
MM INDICATES DATA IS MISSING.
T  INDICATES TRACE AMOUNT.




$$
