000
CDUS42 KILM 050840
CLICRE


CLIMATE REPORT
NATIONAL WEATHER SERVICE WILMINGTON NC
440 AM EDT THU MAY 5 2016


...................................

...THE NORTH MYRTLE BEACH SC CLIMATE SUMMARY FOR MAY 4 2016...

CLIMATE NORMAL PERIOD 1981 TO 2010
CLIMATE RECORD PERIOD 1949 TO 2016


WEATHER ITEM   OBSERVED TIME   RECORD YEAR NORMAL DEPARTURE LAST
                VALUE   (LST)  VALUE       VALUE  FROM      YEAR
                                                  NORMAL
..................................................................
TEMPERATURE (F)
 YESTERDAY
  MAXIMUM         81    200 PM  87    1949  76      5       76
  MINIMUM         63   1130 PM  45    2004  57      6       54
  AVERAGE         72                        67      5       65

PRECIPITATION (IN)
  YESTERDAY        0.02                      0.10  -0.08     0.00
  MONTH TO DATE    2.29                      0.39   1.90      T
  SINCE MAR 1      4.75                      7.27  -2.52     6.07
  SINCE JAN 1     12.82                     14.38  -1.56    13.26

DEGREE DAYS
 HEATING
  YESTERDAY        0                         2     -2        0
  MONTH TO DATE    0                         8     -8        8
  SINCE MAR 1    294                       487   -193      363
  SINCE JUL 1   1769                      2431   -662     2450

 COOLING
  YESTERDAY        7                         3      4        0
  MONTH TO DATE   31                        12     19        0
  SINCE MAR 1    131                        54     77       52
  SINCE JAN 1    131                        54     77       53
..................................................................


WIND (MPH)
  HIGHEST WIND SPEED    17   HIGHEST WIND DIRECTION    SW (240)
  HIGHEST GUST SPEED    22   HIGHEST GUST DIRECTION    SW (240)
  AVERAGE WIND SPEED     7.3


SKY COVER
  POSSIBLE SUNSHINE  MM
  AVERAGE SKY COVER 0.5


WEATHER CONDITIONS
 THE FOLLOWING WEATHER WAS RECORDED YESTERDAY.
  LIGHT RAIN
  FOG


RELATIVE HUMIDITY (PERCENT)
 HIGHEST    87           600 AM
 LOWEST     39           300 PM
 AVERAGE    63

..........................................................


THE NORTH MYRTLE BEACH SC CLIMATE NORMALS FOR TODAY
                         NORMAL    RECORD    YEAR
 MAXIMUM TEMPERATURE (F)   76        91      1952
 MINIMUM TEMPERATURE (F)   57        45      1997


SUNRISE AND SUNSET
MAY  5 2016...........SUNRISE   622 AM EDT   SUNSET   802 PM EDT
MAY  6 2016...........SUNRISE   621 AM EDT   SUNSET   803 PM EDT


-  INDICATES NEGATIVE NUMBERS.
R  INDICATES RECORD WAS SET OR TIED.
MM INDICATES DATA IS MISSING.
T  INDICATES TRACE AMOUNT.




$$
