000
CDUS42 KILM 102140
CLICRE


CLIMATE REPORT
NATIONAL WEATHER SERVICE WILMINGTON NC
440 PM EST SUN DEC 10 2017


...................................

...THE N.MYRTLE BEACH SOUTH CAROLINA CLIMATE SUMMARY FOR DECEMBER 10 2017...
VALID TODAY AS OF 0400 PM LOCAL TIME.

CLIMATE NORMAL PERIOD 1981 TO 2010
CLIMATE RECORD PERIOD 1949 TO 2017


WEATHER ITEM   OBSERVED TIME   RECORD YEAR NORMAL DEPARTURE LAST
                VALUE   (LST)  VALUE       VALUE  FROM      YEAR
                                                  NORMAL
..................................................................
TEMPERATURE (F)
 TODAY
  MAXIMUM         48    359 PM  76    2004  60    -12       47
  MINIMUM         31    750 AM  25    2006  40     -9       27
  AVERAGE         40                        50    -10       37

PRECIPITATION (IN)
  TODAY            0.00          1.73 2001   0.12  -0.12     0.00
  MONTH TO DATE    1.98                      1.19   0.79     1.17
  SINCE DEC 1      1.98                      1.19   0.79     1.17
  SINCE JAN 1     47.66                     49.74  -2.08    54.74

SNOWFALL (IN)
  TODAY           MM
  MONTH TO DATE   MM
  SINCE DEC 1     MM
  SINCE JUL 1     MM
  SNOW DEPTH      MM

DEGREE DAYS
 HEATING
  TODAY           25                        15     10       28
  MONTH TO DATE  131                       142    -11      145
  SINCE DEC 1    131                       142    -11      145
  SINCE JUL 1    472                       503    -31      448

 COOLING
  TODAY            0                         0      0        0
  MONTH TO DATE    0                         0      0        0
  SINCE DEC 1      0                         0      0        0
  SINCE JAN 1   2197                      1899    298     2370
..................................................................


WIND (MPH)
  HIGHEST WIND SPEED    14   HIGHEST WIND DIRECTION    NW (320)
  HIGHEST GUST SPEED    20   HIGHEST GUST DIRECTION     N (350)
  AVERAGE WIND SPEED     7.0


SKY COVER
  POSSIBLE SUNSHINE  MM
  AVERAGE SKY COVER 0.0


WEATHER CONDITIONS
 THE FOLLOWING WEATHER WAS RECORDED TODAY.
  NO SIGNIFICANT WEATHER WAS OBSERVED.


RELATIVE HUMIDITY (PERCENT)
 HIGHEST    92           600 AM
 LOWEST     36           300 PM
 AVERAGE    64

..........................................................


THE N.MYRTLE BEACH SOUTH CAROLINA CLIMATE NORMALS FOR TOMORROW
                         NORMAL    RECORD    YEAR
 MAXIMUM TEMPERATURE (F)   59        75      2007
 MINIMUM TEMPERATURE (F)   40        21      1954


SUNRISE AND SUNSET
DECEMBER 10 2017......SUNRISE   709 AM EST   SUNSET   506 PM EST
DECEMBER 11 2017......SUNRISE   710 AM EST   SUNSET   507 PM EST


-  INDICATES NEGATIVE NUMBERS.
R  INDICATES RECORD WAS SET OR TIED.
MM INDICATES DATA IS MISSING.
T  INDICATES TRACE AMOUNT.




$$
