000
CDUS42 KILM 210846
CLICRE


CLIMATE REPORT
NATIONAL WEATHER SERVICE WILMINGTON NC
446 AM EDT SAT OCT 21 2017


...................................

...THE N.MYRTLE BEACH SOUTH CAROLINA CLIMATE SUMMARY FOR OCTOBER 20 2017...

CLIMATE NORMAL PERIOD 1981 TO 2010
CLIMATE RECORD PERIOD 1949 TO 2017


WEATHER ITEM   OBSERVED TIME   RECORD YEAR NORMAL DEPARTURE LAST
                VALUE   (LST)  VALUE       VALUE  FROM      YEAR
                                                  NORMAL
..................................................................
TEMPERATURE (F)
 YESTERDAY
  MAXIMUM         79    202 PM  84    2006  74      5       80
                                      1953
  MINIMUM         53    649 AM  36    1992  54     -1       63
  AVERAGE         66                        64      2       72

PRECIPITATION (IN)
  YESTERDAY        0.00          0.37 1999   0.13  -0.13     0.00
  MONTH TO DATE    1.87                      2.78  -0.91     9.38
  SINCE SEP 1      6.15                      9.06  -2.91    27.75
  SINCE JAN 1     41.76                     44.41  -2.65    53.39

DEGREE DAYS
 HEATING
  YESTERDAY        0                         3     -3        0
  MONTH TO DATE   10                        34    -24        6
  SINCE SEP 1     10                        38    -28        6
  SINCE JUL 1     10                        38    -28        6

 COOLING
  YESTERDAY        1                         2     -1        7
  MONTH TO DATE  147                        78     69      105
  SINCE SEP 1    497                       386    111      483
  SINCE JAN 1   2162                      1862    300     2339
..................................................................


WIND (MPH)
  HIGHEST WIND SPEED     9   HIGHEST WIND DIRECTION     S (170)
  HIGHEST GUST SPEED    16   HIGHEST GUST DIRECTION     N (10)
  AVERAGE WIND SPEED     2.4


SKY COVER
  POSSIBLE SUNSHINE  MM
  AVERAGE SKY COVER 0.0


WEATHER CONDITIONS
 THE FOLLOWING WEATHER WAS RECORDED YESTERDAY.
  FOG


RELATIVE HUMIDITY (PERCENT)
 HIGHEST   100          1200 AM
 LOWEST     35           200 PM
 AVERAGE    68

..........................................................


THE N.MYRTLE BEACH SOUTH CAROLINA CLIMATE NORMALS FOR TODAY
                         NORMAL    RECORD    YEAR
 MAXIMUM TEMPERATURE (F)   74        83      1953
 MINIMUM TEMPERATURE (F)   54        34      1954


SUNRISE AND SUNSET
OCTOBER 21 2017.......SUNRISE   725 AM EDT   SUNSET   634 PM EDT
OCTOBER 22 2017.......SUNRISE   726 AM EDT   SUNSET   632 PM EDT


-  INDICATES NEGATIVE NUMBERS.
R  INDICATES RECORD WAS SET OR TIED.
MM INDICATES DATA IS MISSING.
T  INDICATES TRACE AMOUNT.




$$
