000
CDUS42 KILM 010845
CLICRE


CLIMATE REPORT
NATIONAL WEATHER SERVICE WILMINGTON NC
445 AM EDT SAT OCT 1 2016


...................................

...THE NORTH MYRTLE BEACH SC CLIMATE SUMMARY FOR SEPTEMBER 30 2016...

CLIMATE NORMAL PERIOD 1981 TO 2010
CLIMATE RECORD PERIOD 1949 TO 2016


WEATHER ITEM   OBSERVED TIME   RECORD YEAR NORMAL DEPARTURE LAST
                VALUE   (LST)  VALUE       VALUE  FROM      YEAR
                                                  NORMAL
..................................................................
TEMPERATURE (F)
 YESTERDAY
  MAXIMUM         85    321 PM  86    2011  80      5       85
                                      1997
  MINIMUM         74   1159 PM  48    2003  62     12       74
                                      2001
  AVERAGE         80                        71      9       80

PRECIPITATION (IN)
  YESTERDAY        0.67                      0.18   0.49     0.03
  MONTH TO DATE   18.39                      6.28  12.11     5.33
  SINCE SEP 1     18.39                      6.28  12.11     5.33
  SINCE JAN 1     44.03                     41.63   2.40    38.09

DEGREE DAYS
 HEATING
  YESTERDAY        0                         1     -1        0
  MONTH TO DATE    0                         1     -1        0
  SINCE SEP 1      0                         4     -4        0
  SINCE JUL 1      0                         4     -4        0

 COOLING
  YESTERDAY       15                         7      8       15
  MONTH TO DATE  378                       308     70      364
  SINCE SEP 1    378                       308     70      364
  SINCE JAN 1   2234                      1784    450     2073
..................................................................


WIND (MPH)
  HIGHEST WIND SPEED    18   HIGHEST WIND DIRECTION    SW (210)
  HIGHEST GUST SPEED    24   HIGHEST GUST DIRECTION     S (200)
  AVERAGE WIND SPEED     8.7


SKY COVER
  POSSIBLE SUNSHINE  MM
  AVERAGE SKY COVER 0.3


WEATHER CONDITIONS
 THE FOLLOWING WEATHER WAS RECORDED YESTERDAY.
  THUNDERSTORM
  HEAVY RAIN
  LIGHT RAIN
  FOG


RELATIVE HUMIDITY (PERCENT)
 HIGHEST    91          1200 AM
 LOWEST     65           400 PM
 AVERAGE    78

..........................................................


THE NORTH MYRTLE BEACH SC CLIMATE NORMALS FOR TODAY
                         NORMAL    RECORD    YEAR
 MAXIMUM TEMPERATURE (F)   80        88      1998
 MINIMUM TEMPERATURE (F)   62        46      2001
                                             1993


SUNRISE AND SUNSET
OCTOBER  1 2016.......SUNRISE   710 AM EDT   SUNSET   658 PM EDT
OCTOBER  2 2016.......SUNRISE   710 AM EDT   SUNSET   657 PM EDT


-  INDICATES NEGATIVE NUMBERS.
R  INDICATES RECORD WAS SET OR TIED.
MM INDICATES DATA IS MISSING.
T  INDICATES TRACE AMOUNT.




$$
