000
CDUS42 KILM 262041
CLICRE


CLIMATE REPORT
NATIONAL WEATHER SERVICE WILMINGTON NC
440 PM EDT THU MAR 26 2015


...................................

...THE NORTH MYRTLE BEACH SC CLIMATE SUMMARY FOR MARCH 26 2015...
VALID TODAY AS OF 0400 PM LOCAL TIME.

CLIMATE NORMAL PERIOD 1981 TO 2010
CLIMATE RECORD PERIOD 1949 TO 2015


WEATHER ITEM   OBSERVED TIME   RECORD YEAR NORMAL DEPARTURE LAST
                VALUE   (LST)  VALUE       VALUE  FROM      YEAR
                                                  NORMAL
..................................................................
TEMPERATURE (F)
 TODAY
  MAXIMUM         75   1144 AM  80    2012  66      9       52
  MINIMUM         63    437 AM  30    2014  47     16       30
  AVERAGE         69                        56     13       41

PRECIPITATION (IN)
  TODAY            0.40                      0.14   0.26     0.00
  MONTH TO DATE    1.98                      3.27  -1.29     2.50
  SINCE MAR 1      1.98                      3.27  -1.29     2.50
  SINCE JAN 1      9.17                     10.38  -1.21     6.62

SNOWFALL (IN)
  TODAY           MM
  MONTH TO DATE   MM
  SINCE MAR 1     MM
  SINCE JUL 1     MM
  SNOW DEPTH      MM

DEGREE DAYS
 HEATING
  TODAY            0                         9     -9       24
  MONTH TO DATE  233                       298    -65      401
  SINCE MAR 1    233                       298    -65      401
  SINCE JUL 1   2288                      2242     46     2425

 COOLING
  TODAY            4                         0      4        0
  MONTH TO DATE    8                         0      8        0
  SINCE MAR 1      8                         0      8        0
  SINCE JAN 1      9                         0      9        0
..................................................................


WIND (MPH)
  HIGHEST WIND SPEED    18   HIGHEST WIND DIRECTION     S (200)
  HIGHEST GUST SPEED    24   HIGHEST GUST DIRECTION     S (160)
  AVERAGE WIND SPEED    10.1


SKY COVER
  POSSIBLE SUNSHINE  MM
  AVERAGE SKY COVER 0.9


WEATHER CONDITIONS
 THE FOLLOWING WEATHER WAS RECORDED TODAY.
  HEAVY RAIN
  RAIN
  LIGHT RAIN
  FOG


RELATIVE HUMIDITY (PERCENT)
 HIGHEST    93           400 AM
 LOWEST     64          1200 PM
 AVERAGE    79

..........................................................


THE NORTH MYRTLE BEACH SC CLIMATE NORMALS FOR TOMORROW
                         NORMAL    RECORD    YEAR
 MAXIMUM TEMPERATURE (F)   67        79      1949
 MINIMUM TEMPERATURE (F)   47        25      1955


SUNRISE AND SUNSET
MARCH 26 2015.........SUNRISE   711 AM EDT   SUNSET   731 PM EDT
MARCH 27 2015.........SUNRISE   709 AM EDT   SUNSET   732 PM EDT


-  INDICATES NEGATIVE NUMBERS.
R  INDICATES RECORD WAS SET OR TIED.
MM INDICATES DATA IS MISSING.
T  INDICATES TRACE AMOUNT.




$$
