000
CDUS42 KILM 210941
CLICRE


CLIMATE REPORT
NATIONAL WEATHER SERVICE WILMINGTON NC
440 AM EST TUE FEB 21 2017


...................................

...THE NORTH MYRTLE BEACH SC CLIMATE SUMMARY FOR FEBRUARY 20 2017...

CLIMATE NORMAL PERIOD 1981 TO 2010
CLIMATE RECORD PERIOD 1949 TO 2017


WEATHER ITEM   OBSERVED TIME   RECORD YEAR NORMAL DEPARTURE LAST
                VALUE   (LST)  VALUE       VALUE  FROM      YEAR
                                                  NORMAL
..................................................................
TEMPERATURE (F)
 YESTERDAY
  MAXIMUM         69   1112 AM  77    1949  58     11       64
  MINIMUM         46    303 AM  15    2015  39      7       41
  AVERAGE         58                        49      9       53

PRECIPITATION (IN)
  YESTERDAY        0.00                      0.13  -0.13     0.00
  MONTH TO DATE    1.31                      2.42  -1.11     5.41
  SINCE DEC 1      5.96                      9.57  -3.61    10.43
  SINCE JAN 1      3.34                      6.11  -2.77     7.31

SNOWFALL (IN)
  YESTERDAY       MM
  MONTH TO DATE   MM
  SINCE DEC 1     MM
  SINCE JUL 1     MM
  SNOW DEPTH      MM

DEGREE DAYS
 HEATING
  YESTERDAY        7                        16     -9       12
  MONTH TO DATE  236                       355   -119      376
  SINCE DEC 1   1062                      1462   -400     1181
  SINCE JUL 1   1365                      1823   -458     1378

 COOLING
  YESTERDAY        0                         0      0        0
  MONTH TO DATE    0                         0      0        0
  SINCE DEC 1      0                         3     -3       51
  SINCE JAN 1      0                         0      0        0
..................................................................


WIND (MPH)
  HIGHEST WIND SPEED    15   HIGHEST WIND DIRECTION    NE (40)
  HIGHEST GUST SPEED    18   HIGHEST GUST DIRECTION     E (100)
  AVERAGE WIND SPEED     6.3


SKY COVER
  POSSIBLE SUNSHINE  MM
  AVERAGE SKY COVER 0.0


WEATHER CONDITIONS
 THE FOLLOWING WEATHER WAS RECORDED YESTERDAY.
  FOG


RELATIVE HUMIDITY (PERCENT)
 HIGHEST   100           200 AM
 LOWEST     42          1100 AM
 AVERAGE    71

..........................................................


THE NORTH MYRTLE BEACH SC CLIMATE NORMALS FOR TODAY
                         NORMAL    RECORD    YEAR
 MAXIMUM TEMPERATURE (F)   59        76      1953
 MINIMUM TEMPERATURE (F)   40        24      2015


SUNRISE AND SUNSET
FEBRUARY 21 2017......SUNRISE   653 AM EST   SUNSET   605 PM EST
FEBRUARY 22 2017......SUNRISE   651 AM EST   SUNSET   606 PM EST


-  INDICATES NEGATIVE NUMBERS.
R  INDICATES RECORD WAS SET OR TIED.
MM INDICATES DATA IS MISSING.
T  INDICATES TRACE AMOUNT.




$$
