000
CDUS44 KCRP 242136
CLICRP

CLIMATE REPORT
NATIONAL WEATHER SERVICE CORPUS CHRISTI TX
434 PM CDT MON JUL 24 2017

...................................

...THE CORPUS CHRISTI CLIMATE SUMMARY FOR JULY 24 2017...
VALID AS OF 400 PM LOCAL TIME.

CLIMATE NORMAL PERIOD 1981 TO 2010
CLIMATE RECORD PERIOD 1887 TO 2017


WEATHER ITEM   OBSERVED TIME   RECORD YEAR NORMAL DEPARTURE LAST
                VALUE   (LST)  VALUE       VALUE  FROM      YEAR
                                                  NORMAL
..................................................................
TEMPERATURE (F)
 TODAY
  MAXIMUM         95    141 PM 105    1934  94      1       95
  MINIMUM         76    630 AM  69    1999  75      1       78
  AVERAGE         86                        84      2       87

PRECIPITATION (IN)
  TODAY            0.00          2.61 2008   0.07  -0.07     0.00
  MONTH TO DATE    1.27                      2.37  -1.10      T
  SINCE JUN 1      3.20                      5.73  -2.53     2.95
  SINCE JAN 1     16.47                     16.00   0.47    21.17

SNOWFALL (IN)
  TODAY            0.0
  MONTH TO DATE    0.0
  SINCE JUN 1      0.0
  SINCE JUL 1      0.0
  SNOW DEPTH       0

DEGREE DAYS
 HEATING
  TODAY            0                         0      0        0
  MONTH TO DATE    0                         0      0        0
  SINCE JUN 1      0                         0      0        0
  SINCE JUL 1      0                         0      0        0

 COOLING
  TODAY           21                        19      2       22
  MONTH TO DATE  459                       452      7      515
  SINCE JUN 1   1031                       974     57     1075
  SINCE JAN 1   2221                      1815    406     2111
..................................................................


WIND (MPH)
  HIGHEST WIND SPEED    22   HIGHEST WIND DIRECTION    SE (150)
  HIGHEST GUST SPEED    30   HIGHEST GUST DIRECTION     S (170)


SKY COVER
  POSSIBLE SUNSHINE  MM
  AVERAGE SKY COVER 0.5


WEATHER CONDITIONS
 THE FOLLOWING WEATHER WAS RECORDED TODAY.
  FOG


RELATIVE HUMIDITY (PERCENT)
 HIGHEST   100           300 AM
 LOWEST     49           200 PM
 AVERAGE    75

..........................................................


THE CORPUS CHRISTI CLIMATE NORMALS FOR TOMORROW
                         NORMAL    RECORD    YEAR
 MAXIMUM TEMPERATURE (F)   94       101      1954
 MINIMUM TEMPERATURE (F)   75        70      1976
                                             1903


SUNRISE AND SUNSET
JULY 24 2017..........SUNRISE   649 AM CDT   SUNSET   824 PM CDT
JULY 25 2017..........SUNRISE   649 AM CDT   SUNSET   823 PM CDT


-  INDICATES NEGATIVE NUMBERS.
R  INDICATES RECORD WAS SET OR TIED.
MM INDICATES DATA IS MISSING.
T  INDICATES TRACE AMOUNT.




$$
