000
CDUS44 KCRP 250034
CLICRP

CLIMATE REPORT
NATIONAL WEATHER SERVICE CORPUS CHRISTI TX
633 PM CST SAT FEB 24 2018


...................................

...THE CORPUS CHRISTI CLIMATE SUMMARY FOR FEBRUARY 24 2018...
VALID TODAY AS OF 600 PM LOCAL TIME.

CLIMATE NORMAL PERIOD 1981 TO 2010
CLIMATE RECORD PERIOD 1887 TO 2018


WEATHER ITEM   OBSERVED TIME   RECORD YEAR NORMAL DEPARTURE LAST
                VALUE   (LST)  VALUE       VALUE  FROM      YEAR
                                                  NORMAL
..................................................................
TEMPERATURE (F)
 TODAY
  MAXIMUM         83    204 PM  90    2007  72     11       88
  MINIMUM         69    634 AM  29    1968  52     17       65
  AVERAGE         76                        62     14       77

PRECIPITATION (IN)
  TODAY            0.00          1.39 2004   0.07  -0.07     0.00
  MONTH TO DATE    0.41                      1.61  -1.20     2.57
  SINCE DEC 1      6.06                      4.98   1.08     5.04
  SINCE JAN 1      1.68                      3.15  -1.47     2.84

SNOWFALL (IN)
  TODAY            0.0
  MONTH TO DATE    0.0
  SINCE DEC 1      1.0
  SINCE JUL 1      1.0
  SNOW DEPTH       0

DEGREE DAYS
 HEATING
  TODAY            0                         5     -5        0
  MONTH TO DATE  107                       155    -48       26
  SINCE DEC 1    763                       681     82      330
  SINCE JUL 1    827                       782     45      348

 COOLING
  TODAY           11                         2      9       12
  MONTH TO DATE   86                        41     45      148
  SINCE DEC 1    131                       120     11      328
  SINCE JAN 1     93                        71     22      240
..................................................................


WIND (MPH)
  HIGHEST WIND SPEED    31   HIGHEST WIND DIRECTION    SE (150)
  HIGHEST GUST SPEED    36   HIGHEST GUST DIRECTION     S (160)


SKY COVER
  POSSIBLE SUNSHINE  MM
  AVERAGE SKY COVER 0.8


WEATHER CONDITIONS
 THE FOLLOWING WEATHER WAS RECORDED TODAY.
  FOG


RELATIVE HUMIDITY (PERCENT)
 HIGHEST   100          1200 AM
 LOWEST     65           100 PM
 AVERAGE    83

..........................................................


THE CORPUS CHRISTI CLIMATE NORMALS FOR TOMORROW
                         NORMAL    RECORD    YEAR
 MAXIMUM TEMPERATURE (F)   72        91      2008
 MINIMUM TEMPERATURE (F)   53        27      1960


SUNRISE AND SUNSET
FEBRUARY 24 2018......SUNRISE   659 AM CST   SUNSET   627 PM CST
FEBRUARY 25 2018......SUNRISE   658 AM CST   SUNSET   628 PM CST


-  INDICATES NEGATIVE NUMBERS.
R  INDICATES RECORD WAS SET OR TIED.
MM INDICATES DATA IS MISSING.
T  INDICATES TRACE AMOUNT.




$$
