000
CDUS44 KCRP 260734
CLICRP

CLIMATE REPORT
NATIONAL WEATHER SERVICE CORPUS CHRISTI TX
233 AM CDT SUN MAR 26 2017


...THE CORPUS CHRISTI CLIMATE SUMMARY FOR MARCH 25 2017...

CLIMATE NORMAL PERIOD 1981 TO 2010
CLIMATE RECORD PERIOD 1887 TO 2017


WEATHER ITEM   OBSERVED TIME   RECORD YEAR NORMAL DEPARTURE LAST
                VALUE   (LST)  VALUE       VALUE  FROM      YEAR
                                                  NORMAL
..................................................................
TEMPERATURE (F)
 YESTERDAY
  MAXIMUM         85    457 PM  97    1971  78      7       70
  MINIMUM         67    356 AM  37    2006  58      9       53
  AVERAGE         76                        68      8       62

PRECIPITATION (IN)
  YESTERDAY        0.00          1.46 1951   0.06  -0.06     0.00
  MONTH TO DATE    4.89                      1.56   3.33     6.54
  SINCE MAR 1      4.89                      1.56   3.33     6.54
  SINCE JAN 1      7.73                      5.03   2.70     8.83

SNOWFALL (IN)
  YESTERDAY        0.0
  MONTH TO DATE    0.0
  SINCE MAR 1      0.0
  SINCE JUL 1      0.0
  SNOW DEPTH       0

DEGREE DAYS
 HEATING
  YESTERDAY        0                         2     -2        3
  MONTH TO DATE   16                        73    -57       21
  SINCE MAR 1     16                        73    -57       21
  SINCE JUL 1    368                       873   -505      640

 COOLING
  YESTERDAY       11                         5      6        0
  MONTH TO DATE  139                        85     54      148
  SINCE MAR 1    139                        85     54      148
  SINCE JAN 1    408                       161    247      225
..................................................................


WIND (MPH)
  HIGHEST WIND SPEED    18   HIGHEST WIND DIRECTION    SE (140)
  HIGHEST GUST SPEED    22   HIGHEST GUST DIRECTION    SW (210)
  AVERAGE WIND SPEED     8.7


SKY COVER
  POSSIBLE SUNSHINE  MM
  AVERAGE SKY COVER 0.5


WEATHER CONDITIONS
 THE FOLLOWING WEATHER WAS RECORDED YESTERDAY.
  FOG
  FOG W/VISIBILITY <= 1/4 MILE


RELATIVE HUMIDITY (PERCENT)
 HIGHEST   100           100 AM
 LOWEST     59           500 PM
 AVERAGE    80

..........................................................


THE CORPUS CHRISTI CLIMATE NORMALS FOR TODAY
                         NORMAL    RECORD    YEAR
 MAXIMUM TEMPERATURE (F)   78        94      1939
 MINIMUM TEMPERATURE (F)   58        34      1969


SUNRISE AND SUNSET
MARCH 26 2017.........SUNRISE   727 AM CDT   SUNSET   745 PM CDT
MARCH 27 2017.........SUNRISE   726 AM CDT   SUNSET   745 PM CDT


-  INDICATES NEGATIVE NUMBERS.
R  INDICATES RECORD WAS SET OR TIED.
MM INDICATES DATA IS MISSING.
T  INDICATES TRACE AMOUNT.

$$

TMT
