000
CDUS44 KCRP 230653
CLICRP

CLIMATE REPORT
NATIONAL WEATHER SERVICE CORPUS CHRISTI TX
1251 AM CST THU NOV 23 2017


...................................

...THE CORPUS CHRISTI CLIMATE SUMMARY FOR NOVEMBER 22 2017...

CLIMATE NORMAL PERIOD 1981 TO 2010
CLIMATE RECORD PERIOD 1887 TO 2017


WEATHER ITEM   OBSERVED TIME   RECORD YEAR NORMAL DEPARTURE LAST
                VALUE   (LST)  VALUE       VALUE  FROM      YEAR
                                                  NORMAL
..................................................................
TEMPERATURE (F)
 YESTERDAY
  MAXIMUM         73    245 PM  89    1909  74     -1       82
  MINIMUM         52   1159 PM  36    1937  54     -2       66
  AVERAGE         63                        64     -1       74

PRECIPITATION (IN)
  YESTERDAY        T             3.43 1947   0.06  -0.06     0.00
  MONTH TO DATE    0.23                      1.58  -1.35     1.25
  SINCE SEP 1      4.16                     10.20  -6.04     5.24
  SINCE JAN 1     26.52                     29.54  -3.02    30.53

SNOWFALL (IN)
  YESTERDAY        0.0
  MONTH TO DATE    0.0
  SINCE SEP 1      0.0
  SINCE JUL 1      0.0
  SNOW DEPTH       0

DEGREE DAYS
 HEATING
  YESTERDAY        2                         4     -2        0
  MONTH TO DATE   28                        51    -23       18
  SINCE SEP 1     49                        61    -12       18
  SINCE JUL 1     49                        61    -12       18

 COOLING
  YESTERDAY        0                         3     -3        9
  MONTH TO DATE  182                       102     80      171
  SINCE SEP 1    988                       892     96     1204
  SINCE JAN 1   3969                      3453    516     4121
..................................................................


WIND (MPH)
  HIGHEST WIND SPEED    25   HIGHEST WIND DIRECTION     N (340)
  HIGHEST GUST SPEED    31   HIGHEST GUST DIRECTION    NE (40)
  AVERAGE WIND SPEED    15.3


SKY COVER
  POSSIBLE SUNSHINE  MM
  AVERAGE SKY COVER 0.6


WEATHER CONDITIONS
 THE FOLLOWING WEATHER WAS RECORDED YESTERDAY.
  LIGHT RAIN


RELATIVE HUMIDITY (PERCENT)
 HIGHEST   100          1200 AM
 LOWEST     41           300 PM
 AVERAGE    71

..........................................................


THE CORPUS CHRISTI CLIMATE NORMALS FOR TODAY
                         NORMAL    RECORD    YEAR
 MAXIMUM TEMPERATURE (F)   74        88      1981
                                             1924
 MINIMUM TEMPERATURE (F)   54        35      1975


SUNRISE AND SUNSET
NOVEMBER 23 2017......SUNRISE   658 AM CST   SUNSET   535 PM CST
NOVEMBER 24 2017......SUNRISE   658 AM CST   SUNSET   535 PM CST


-  INDICATES NEGATIVE NUMBERS.
R  INDICATES RECORD WAS SET OR TIED.
MM INDICATES DATA IS MISSING.
T  INDICATES TRACE AMOUNT.

$$

GW
