000
CDUS44 KCRP 232314
CLICRP

CLIMATE REPORT
NATIONAL WEATHER SERVICE CORPUS CHRISTI TX
613 PM CDT SUN APR 23 2017

...................................

...THE CORPUS CHRISTI CLIMATE SUMMARY FOR APRIL 23 2017...
VALID AS OF 438 PM LOCAL TIME.

CLIMATE NORMAL PERIOD 1981 TO 2010
CLIMATE RECORD PERIOD 1887 TO 2017


WEATHER ITEM   OBSERVED TIME   RECORD YEAR NORMAL DEPARTURE LAST
                VALUE   (LST)  VALUE       VALUE  FROM      YEAR
                                                  NORMAL
..................................................................
TEMPERATURE (F)
 TODAY
  MAXIMUM         78    423 PM 102    1955  83     -5       84
  MINIMUM         57    422 AM  48    1998  65     -8       66
  AVERAGE         68                        74     -6       75

PRECIPITATION (IN)
  TODAY            0.28          7.19 1956   0.07   0.21     0.00
  MONTH TO DATE    2.19                      1.35   0.84     2.77
  SINCE MAR 1      7.18                      3.24   3.94     9.31
  SINCE JAN 1     10.02                      6.71   3.31    11.60

SNOWFALL (IN)
  TODAY            0.0
  MONTH TO DATE    0.0
  SINCE MAR 1      0.0
  SINCE JUL 1      0.0
  SNOW DEPTH       0

DEGREE DAYS
 HEATING
  TODAY            0                         0      0        0
  MONTH TO DATE    0                        15    -15        0
  SINCE MAR 1     16                        96    -80       21
  SINCE JUL 1    368                       896   -528      640

 COOLING
  TODAY            3                         9     -6       10
  MONTH TO DATE  218                       169     49      188
  SINCE MAR 1    421                       284    137      388
  SINCE JAN 1    690                       360    330      465
..................................................................


WIND (MPH)
  HIGHEST WIND SPEED    28   HIGHEST WIND DIRECTION     N (20)
  HIGHEST GUST SPEED    33   HIGHEST GUST DIRECTION     N (20)


SKY COVER
  POSSIBLE SUNSHINE  MM
  AVERAGE SKY COVER 0.7


WEATHER CONDITIONS
 THE FOLLOWING WEATHER WAS RECORDED TODAY.
  HEAVY RAIN
  LIGHT RAIN


RELATIVE HUMIDITY (PERCENT)
 HIGHEST    80           400 AM
 LOWEST     33           300 PM
 AVERAGE    57

..........................................................


THE CORPUS CHRISTI CLIMATE NORMALS FOR TOMORROW
                         NORMAL    RECORD    YEAR
 MAXIMUM TEMPERATURE (F)   83        94      1953
 MINIMUM TEMPERATURE (F)   65        49      1983


SUNRISE AND SUNSET
APRIL 23 2017.........SUNRISE   657 AM CDT   SUNSET   800 PM CDT
APRIL 24 2017.........SUNRISE   656 AM CDT   SUNSET   800 PM CDT


-  INDICATES NEGATIVE NUMBERS.
R  INDICATES RECORD WAS SET OR TIED.
MM INDICATES DATA IS MISSING.
T  INDICATES TRACE AMOUNT.




$$
