000
CDUS44 KCRP 200904
CLICRP

CLIMATE REPORT
NATIONAL WEATHER SERVICE CORPUS CHRISTI TX
303 AM CST SAT DEC 20 2014


...................................

...THE CORPUS CHRISTI CLIMATE SUMMARY FOR DECEMBER 19 2014...

CLIMATE NORMAL PERIOD 1981 TO 2010
CLIMATE RECORD PERIOD 1887 TO 2014


WEATHER ITEM   OBSERVED TIME   RECORD YEAR NORMAL DEPARTURE LAST
                VALUE   (LST)  VALUE       VALUE  FROM      YEAR
                                                  NORMAL
..................................................................
TEMPERATURE (F)
 YESTERDAY
  MAXIMUM         69    133 AM  85    2012  68      1       80
  MINIMUM         56    110 PM  21    1996  48      8       62
  AVERAGE         63                        58      5       71

PRECIPITATION (IN)
  YESTERDAY        0.03          2.26 1928   0.06  -0.03     0.00
  MONTH TO DATE    0.43                      1.06  -0.63     0.02
  SINCE DEC 1      0.43                      1.06  -0.63     0.02
  SINCE JAN 1     28.75                     30.99  -2.24    23.18

SNOWFALL (IN)
  YESTERDAY        0.0
  MONTH TO DATE    0.0
  SINCE DEC 1      0.0
  SINCE JUL 1      0.0
  SNOW DEPTH       0

DEGREE DAYS
 HEATING
  YESTERDAY        2                         9     -7        0
  MONTH TO DATE   36                       141   -105      186
  SINCE DEC 1     36                       141   -105      186
  SINCE JUL 1    197                       242    -45      343

 COOLING
  YESTERDAY        0                         1     -1        6
  MONTH TO DATE   50                        37     13       23
  SINCE DEC 1     50                        37     13       23
  SINCE JAN 1   3691                      3512    179     4135
..................................................................


WIND (MPH)
  HIGHEST WIND SPEED    23   HIGHEST WIND DIRECTION     N (360)
  HIGHEST GUST SPEED    27   HIGHEST GUST DIRECTION     N (360)
  AVERAGE WIND SPEED    10.9


SKY COVER
  POSSIBLE SUNSHINE  MM
  AVERAGE SKY COVER 1.0


WEATHER CONDITIONS
 THE FOLLOWING WEATHER WAS RECORDED YESTERDAY.
  THUNDERSTORM
  LIGHT RAIN
  FOG


RELATIVE HUMIDITY (PERCENT)
 HIGHEST    93           200 AM
 LOWEST     80          1000 PM
 AVERAGE    87

..........................................................


THE CORPUS CHRISTI CLIMATE NORMALS FOR TODAY
                         NORMAL    RECORD    YEAR
 MAXIMUM TEMPERATURE (F)   68        89      1978
 MINIMUM TEMPERATURE (F)   48        23      1924


SUNRISE AND SUNSET
DECEMBER 20 2014......SUNRISE   716 AM CST   SUNSET   539 PM CST
DECEMBER 21 2014......SUNRISE   717 AM CST   SUNSET   540 PM CST


-  INDICATES NEGATIVE NUMBERS.
R  INDICATES RECORD WAS SET OR TIED.
MM INDICATES DATA IS MISSING.
T  INDICATES TRACE AMOUNT.




$$
