000
CDUS44 KCRP 250825
CLICRP

CLIMATE REPORT
NATIONAL WEATHER SERVICE CORPUS CHRISTI TX
323 AM CDT MON SEP 25 2017


...................................

...THE CORPUS CHRISTI CLIMATE SUMMARY FOR SEPTEMBER 24 2017...

CLIMATE NORMAL PERIOD 1981 TO 2010
CLIMATE RECORD PERIOD 1887 TO 2017


WEATHER ITEM   OBSERVED TIME   RECORD YEAR NORMAL DEPARTURE LAST
                VALUE   (LST)  VALUE       VALUE  FROM      YEAR
                                                  NORMAL
..................................................................
TEMPERATURE (F)
 YESTERDAY
  MAXIMUM         93    135 PM 106    2005  89      4       92
  MINIMUM         75    642 AM  55    1975  70      5       77
  AVERAGE         84                        79      5       85

PRECIPITATION (IN)
  YESTERDAY        0.00          3.95 1887   0.15  -0.15     0.27
  MONTH TO DATE    0.52                      4.11  -3.59     0.89
  SINCE SEP 1      0.52                      4.11  -3.59     0.89
  SINCE JAN 1     22.88                     23.45  -0.57    26.18

SNOWFALL (IN)
  YESTERDAY        0.0
  MONTH TO DATE    0.0
  SINCE SEP 1      0.0
  SINCE JUL 1      0.0
  SNOW DEPTH       0

DEGREE DAYS
 HEATING
  YESTERDAY        0                         0      0        0
  MONTH TO DATE    0                         0      0        0
  SINCE SEP 1      0                         0      0        0
  SINCE JUL 1      0                         0      0        0

 COOLING
  YESTERDAY       19                        14      5       20
  MONTH TO DATE  395                       400     -5      511
  SINCE SEP 1    395                       400     -5      511
  SINCE JAN 1   3376                      2961    415     3428
..................................................................


WIND (MPH)
  HIGHEST WIND SPEED    21   HIGHEST WIND DIRECTION     E (100)
  HIGHEST GUST SPEED    27   HIGHEST GUST DIRECTION     E (110)
  AVERAGE WIND SPEED    11.5


SKY COVER
  POSSIBLE SUNSHINE  MM
  AVERAGE SKY COVER 0.4


WEATHER CONDITIONS
 THE FOLLOWING WEATHER WAS RECORDED YESTERDAY.
  NO SIGNIFICANT WEATHER WAS OBSERVED.


RELATIVE HUMIDITY (PERCENT)
 HIGHEST    94           400 AM
 LOWEST     52          1100 AM
 AVERAGE    73

..........................................................


THE CORPUS CHRISTI CLIMATE NORMALS FOR TODAY
                         NORMAL    RECORD    YEAR
 MAXIMUM TEMPERATURE (F)   88       103      2011
 MINIMUM TEMPERATURE (F)   70        57      1989


SUNRISE AND SUNSET
SEPTEMBER 25 2017.....SUNRISE   720 AM CDT   SUNSET   723 PM CDT
SEPTEMBER 26 2017.....SUNRISE   720 AM CDT   SUNSET   721 PM CDT


-  INDICATES NEGATIVE NUMBERS.
R  INDICATES RECORD WAS SET OR TIED.
MM INDICATES DATA IS MISSING.
T  INDICATES TRACE AMOUNT.




$$
