000
CDUS44 KCRP 072341
CLICRP

CLIMATE REPORT
NATIONAL WEATHER SERVICE CORPUS CHRISTI TX
640 PM CDT TUE JUL 7 2015

...................................

...THE CORPUS CHRISTI CLIMATE SUMMARY FOR JULY 7 2015...
VALID TODAY AS OF 640 PM LOCAL TIME.

CLIMATE NORMAL PERIOD 1981 TO 2010
CLIMATE RECORD PERIOD 1887 TO 2015


WEATHER ITEM   OBSERVED TIME   RECORD YEAR NORMAL DEPARTURE LAST
                VALUE   (LST)  VALUE       VALUE  FROM      YEAR
                                                  NORMAL
..................................................................
TEMPERATURE (F)
 TODAY
  MAXIMUM         93    223 PM  99    2005  92      1       96
  MINIMUM         80    632 AM  69    1985  75      5       73
  AVERAGE         87                        84      3       85

PRECIPITATION (IN)
  TODAY            0.00          1.01 1958   0.11  -0.11     0.00
  MONTH TO DATE    0.57                      0.85  -0.28     0.29
  SINCE JUN 1      2.20                      4.21  -2.01     1.70
  SINCE JAN 1     32.46                     14.48  17.98     8.80

SNOWFALL (IN)
  TODAY            0.0
  MONTH TO DATE    0.0
  SINCE JUN 1      0.0
  SINCE JUL 1      0.0
  SNOW DEPTH       0

DEGREE DAYS
 HEATING
  TODAY            0                         0      0        0
  MONTH TO DATE    0                         0      0        0
  SINCE JUN 1      0                         0      0        0
  SINCE JUL 1      0                         0      0        0

 COOLING
  TODAY           22                        19      3       20
  MONTH TO DATE  132                       129      3      134
  SINCE JUN 1    671                       651     20      741
  SINCE JAN 1   1501                      1492      9     1547
..................................................................


WIND (MPH)
  HIGHEST WIND SPEED    30   HIGHEST WIND DIRECTION     S (160)
  HIGHEST GUST SPEED    39   HIGHEST GUST DIRECTION     S (160)


SKY COVER
  POSSIBLE SUNSHINE  MM
  AVERAGE SKY COVER 0.8


WEATHER CONDITIONS
 THE FOLLOWING WEATHER WAS RECORDED TODAY.
  FOG


RELATIVE HUMIDITY (PERCENT)
 HIGHEST    94           100 AM
 LOWEST     56           100 PM
 AVERAGE    75

..........................................................


THE CORPUS CHRISTI CLIMATE NORMALS FOR TOMORROW
                         NORMAL    RECORD    YEAR
 MAXIMUM TEMPERATURE (F)   92        99      2009
 MINIMUM TEMPERATURE (F)   75        67      1937


SUNRISE AND SUNSET
JULY  7 2015..........SUNRISE   640 AM CDT   SUNSET   830 PM CDT
JULY  8 2015..........SUNRISE   641 AM CDT   SUNSET   829 PM CDT


-  INDICATES NEGATIVE NUMBERS.
R  INDICATES RECORD WAS SET OR TIED.
MM INDICATES DATA IS MISSING.
T  INDICATES TRACE AMOUNT.




$$
