000
CDUS44 KCRP 260704
CLICRP

CLIMATE REPORT
NATIONAL WEATHER SERVICE CORPUS CHRISTI TX
100 AM CST WED NOV 26 2014


...................................

...THE CORPUS CHRISTI CLIMATE SUMMARY FOR NOVEMBER 25 2014...

CLIMATE NORMAL PERIOD 1981 TO 2010
CLIMATE RECORD PERIOD 1887 TO 2014


WEATHER ITEM   OBSERVED TIME   RECORD YEAR NORMAL DEPARTURE LAST
                VALUE   (LST)  VALUE       VALUE  FROM      YEAR
                                                  NORMAL
..................................................................
TEMPERATURE (F)
 YESTERDAY
  MAXIMUM         68    400 PM  91    1915  73     -5       46
  MINIMUM         47   1159 PM  36    1993  53     -6       41
                                      1950
  AVERAGE         58                        63     -5       44

PRECIPITATION (IN)
  YESTERDAY        0.00          1.91 1980   0.05  -0.05     0.27
  MONTH TO DATE    2.84                      1.73   1.11     3.32
  SINCE SEP 1     14.48                     10.35   4.13    12.08
  SINCE JAN 1     28.32                     29.69  -1.37    23.09

SNOWFALL (IN)
  YESTERDAY        0.0
  MONTH TO DATE    0.0
  SINCE SEP 1      0.0
  SINCE JUL 1      0.0
  SNOW DEPTH       0

DEGREE DAYS
 HEATING
  YESTERDAY        7                         5      2       21
  MONTH TO DATE  147                        65     82       93
  SINCE SEP 1    147                        75     72       93
  SINCE JUL 1    147                        75     72       93

 COOLING
  YESTERDAY        0                         3     -3        0
  MONTH TO DATE   52                       111    -59      129
  SINCE SEP 1    930                       901     29     1099
  SINCE JAN 1   3633                      3462    171     4112
..................................................................


WIND (MPH)
  HIGHEST WIND SPEED    14   HIGHEST WIND DIRECTION    NE (30)
  HIGHEST GUST SPEED    17   HIGHEST GUST DIRECTION    NE (30)
  AVERAGE WIND SPEED     7.5


SKY COVER
  POSSIBLE SUNSHINE  MM
  AVERAGE SKY COVER 0.4


WEATHER CONDITIONS
 THE FOLLOWING WEATHER WAS RECORDED YESTERDAY.
  NO SIGNIFICANT WEATHER WAS OBSERVED.


RELATIVE HUMIDITY (PERCENT)
 HIGHEST    86           900 PM
 LOWEST     21           400 PM
 AVERAGE    54

..........................................................


THE CORPUS CHRISTI CLIMATE NORMALS FOR TODAY
                         NORMAL    RECORD    YEAR
 MAXIMUM TEMPERATURE (F)   73        92      1965
 MINIMUM TEMPERATURE (F)   53        34      2007
                                             1993
                                             1972


SUNRISE AND SUNSET
NOVEMBER 26 2014......SUNRISE   700 AM CST   SUNSET   535 PM CST
NOVEMBER 27 2014......SUNRISE   700 AM CST   SUNSET   535 PM CST


-  INDICATES NEGATIVE NUMBERS.
R  INDICATES RECORD WAS SET OR TIED.
MM INDICATES DATA IS MISSING.
T  INDICATES TRACE AMOUNT.




$$
