000
CDUS41 KRLX 312126
CLICRW


CLIMATE REPORT
NATIONAL WEATHER SERVICE CHARLESTON WV
525 PM EDT MON AUG 31 2015


...................................

...THE CHARLESTON WV CLIMATE SUMMARY FOR AUGUST 31 2015...
VALID TODAY AS OF 0500 PM LOCAL TIME.

CLIMATE NORMAL PERIOD 1981 TO 2010
CLIMATE RECORD PERIOD 1901 TO 2015


WEATHER ITEM   OBSERVED TIME   RECORD YEAR NORMAL DEPARTURE LAST
                VALUE   (LST)  VALUE       VALUE  FROM      YEAR
                                                  NORMAL
..................................................................
TEMPERATURE (F)
 TODAY
  MAXIMUM         89    305 PM 100    1932  83      6       80
  MINIMUM         66    708 AM  45    1976  62      4       70
  AVERAGE         78                        72      6       75

PRECIPITATION (IN)
  TODAY            0.00          1.57 1911   0.11  -0.11     0.66
  MONTH TO DATE    3.40                      3.74  -0.34     4.05
  SINCE JUN 1     17.19                     12.97   4.22    16.03
  SINCE JAN 1     36.39                     31.11   5.28    32.15

DEGREE DAYS
 HEATING
  TODAY            0                         0      0        0
  MONTH TO DATE    0                         0      0        0
  SINCE JUN 1      8                        15     -7        0
  SINCE JUL 1      0                         2     -2        0

 COOLING
  TODAY           13                         8      5       10
  MONTH TO DATE  266                       292    -26      264
  SINCE JUN 1    882                       836     46      786
  SINCE JAN 1   1071                       946    125      907
..................................................................


WIND (MPH)
  HIGHEST WIND SPEED     8   HIGHEST WIND DIRECTION     E (70)
  HIGHEST GUST SPEED    10   HIGHEST GUST DIRECTION     E (70)
  AVERAGE WIND SPEED     1.6


SKY COVER
  POSSIBLE SUNSHINE  MM
  AVERAGE SKY COVER 0.6


WEATHER CONDITIONS
 THE FOLLOWING WEATHER WAS RECORDED TODAY.
  FOG


RELATIVE HUMIDITY (PERCENT)
 HIGHEST   100           100 AM
 LOWEST     40           300 PM
 AVERAGE    70

..........................................................


THE CHARLESTON WV CLIMATE NORMALS FOR TOMORROW
                         NORMAL    RECORD    YEAR
 MAXIMUM TEMPERATURE (F)   83       104      1932
 MINIMUM TEMPERATURE (F)   62        47      1946


SUNRISE AND SUNSET
AUGUST 31 2015........SUNRISE   655 AM EDT   SUNSET   758 PM EDT
SEPTEMBER  1 2015.....SUNRISE   656 AM EDT   SUNSET   757 PM EDT


-  INDICATES NEGATIVE NUMBERS.
R  INDICATES RECORD WAS SET OR TIED.
MM INDICATES DATA IS MISSING.
T  INDICATES TRACE AMOUNT.




$$
