000
CDUS41 KRLX 280717
CLICRW


CLIMATE REPORT
NATIONAL WEATHER SERVICE CHARLESTON WV
315 AM EDT THU AUG 28 2014


...................................

...THE CHARLESTON WV CLIMATE SUMMARY FOR AUGUST 27 2014...

CLIMATE NORMAL PERIOD 1981 TO 2010
CLIMATE RECORD PERIOD 1901 TO 2014


WEATHER ITEM   OBSERVED TIME   RECORD YEAR NORMAL DEPARTURE LAST
                VALUE   (LST)  VALUE       VALUE  FROM      YEAR
                                                  NORMAL
..................................................................
TEMPERATURE (F)
 YESTERDAY
  MAXIMUM         88    433 PM 100    1903  83      5       85
  MINIMUM         59    639 AM  50    1958  63     -4       67
                                      1942
  AVERAGE         74                        73      1       76

PRECIPITATION (IN)
  YESTERDAY        0.49          2.16 2006   0.11   0.38     0.00
  MONTH TO DATE    3.39                      3.30   0.09     4.10
  SINCE JAN 1     31.49                     30.67   0.82    34.02

SNOWFALL (IN)
  YESTERDAY        0.0
  MONTH TO DATE    0.0
  SINCE SEP 1     51.7
  SNOW DEPTH       0

DEGREE DAYS
 HEATING
  YESTERDAY        0                         0      0        0
  MONTH TO DATE    0                         0      0        3
  SINCE JUN 1      0                        13    -13        3
  SINCE JUL 1      0                         0      0        3

 COOLING
  YESTERDAY        9                         8      1       11
  MONTH TO DATE  219                       259    -40      209
  SINCE JUN 1    741                       803    -62      767
  SINCE JAN 1    862                       913    -51      914
..................................................................


WIND (MPH)
  HIGHEST WIND SPEED    15   HIGHEST WIND DIRECTION    NW (330)
  HIGHEST GUST SPEED    20   HIGHEST GUST DIRECTION     N (340)
  AVERAGE WIND SPEED     1.9


SKY COVER
  POSSIBLE SUNSHINE  MM
  AVERAGE SKY COVER 0.3


WEATHER CONDITIONS
 THE FOLLOWING WEATHER WAS RECORDED YESTERDAY.
  THUNDERSTORM
  LIGHT RAIN
  FOG


RELATIVE HUMIDITY (PERCENT)
 HIGHEST   100          1200 AM
 LOWEST     50           300 PM
 AVERAGE    75

..........................................................


THE CHARLESTON WV CLIMATE NORMALS FOR TODAY
                         NORMAL    RECORD    YEAR
 MAXIMUM TEMPERATURE (F)   83       102      1903
 MINIMUM TEMPERATURE (F)   63        46      1968


SUNRISE AND SUNSET
AUGUST 28 2014........SUNRISE   652 AM EDT   SUNSET   802 PM EDT
AUGUST 29 2014........SUNRISE   653 AM EDT   SUNSET   801 PM EDT


-  INDICATES NEGATIVE NUMBERS.
R  INDICATES RECORD WAS SET OR TIED.
MM INDICATES DATA IS MISSING.
T  INDICATES TRACE AMOUNT.




$$
