000
CDUS41 KRLX 282224
CLICRW


CLIMATE REPORT
NATIONAL WEATHER SERVICE CHARLESTON WV
524 PM EST SUN DEC 28 2014


...................................

...THE CHARLESTON WV CLIMATE SUMMARY FOR DECEMBER 28 2014...
VALID TODAY AS OF 0500 PM LOCAL TIME.

CLIMATE NORMAL PERIOD 1981 TO 2010
CLIMATE RECORD PERIOD 1901 TO 2014


WEATHER ITEM   OBSERVED TIME   RECORD YEAR NORMAL DEPARTURE LAST
                VALUE   (LST)  VALUE       VALUE  FROM      YEAR
                                                  NORMAL
..................................................................
TEMPERATURE (F)
 TODAY
  MAXIMUM         54   1247 AM  73    1984  43     11       54
                                      1982
  MINIMUM         42    359 PM   2    1925  27     15       23
  AVERAGE         48                        35     13       39

PRECIPITATION (IN)
  TODAY            0.15          1.04 1967   0.10   0.05      T
  MONTH TO DATE    2.77                      2.98  -0.21     5.33
  SINCE DEC 1      2.77                      2.98  -0.21     5.33
  SINCE JAN 1     46.13                     43.74   2.39    46.30

DEGREE DAYS
 HEATING
  TODAY           17                        30    -13       26
  MONTH TO DATE  666                       766   -100      705
  SINCE DEC 1    666                       766   -100      705
  SINCE JUL 1   1709                      1650     59     1662

 COOLING
  TODAY            0                         0      0        0
  MONTH TO DATE    0                         0      0        2
  SINCE DEC 1      0                         0      0        2
  SINCE JAN 1   1049                      1096    -47     1123
..................................................................


WIND (MPH)
  HIGHEST WIND SPEED    23   HIGHEST WIND DIRECTION    SW (240)
  HIGHEST GUST SPEED    32   HIGHEST GUST DIRECTION    SW (240)
  AVERAGE WIND SPEED     7.5


SKY COVER
  POSSIBLE SUNSHINE  MM
  AVERAGE SKY COVER 1.0


WEATHER CONDITIONS
 THE FOLLOWING WEATHER WAS RECORDED TODAY.
  LIGHT RAIN
  FOG
  HAZE


RELATIVE HUMIDITY (PERCENT)
 HIGHEST   100           100 PM
 LOWEST     54          1200 AM
 AVERAGE    77

..........................................................


THE CHARLESTON WV CLIMATE NORMALS FOR TOMORROW
                         NORMAL    RECORD    YEAR
 MAXIMUM TEMPERATURE (F)   43        75      1984
 MINIMUM TEMPERATURE (F)   27         4      1925


SUNRISE AND SUNSET
DECEMBER 28 2014......SUNRISE   743 AM EST   SUNSET   513 PM EST
DECEMBER 29 2014......SUNRISE   743 AM EST   SUNSET   514 PM EST


-  INDICATES NEGATIVE NUMBERS.
R  INDICATES RECORD WAS SET OR TIED.
MM INDICATES DATA IS MISSING.
T  INDICATES TRACE AMOUNT.




$$
