000
CDUS41 KRLX 260726
CLICRW


CLIMATE REPORT
NATIONAL WEATHER SERVICE CHARLESTON WV
324 AM EDT TUE SEP 26 2017


...................................

...THE CHARLESTON WV CLIMATE SUMMARY FOR SEPTEMBER 25 2017...

CLIMATE NORMAL PERIOD 1981 TO 2010
CLIMATE RECORD PERIOD 1901 TO 2017


WEATHER ITEM   OBSERVED TIME   RECORD YEAR NORMAL DEPARTURE LAST
                VALUE   (LST)  VALUE       VALUE  FROM      YEAR
                                                  NORMAL
..................................................................
TEMPERATURE (F)
 YESTERDAY
  MAXIMUM         88    137 PM  96    1930  74     14       88
  MINIMUM         63    720 AM  35    1967  53     10       62
  AVERAGE         76                        64     12       75

PRECIPITATION (IN)
  YESTERDAY        0.00          3.45 1940   0.10  -0.10     0.00
  MONTH TO DATE    2.39                      2.74  -0.35     0.38
  SINCE JAN 1     37.83                     33.85   3.98    29.88

SNOWFALL (IN)
  YESTERDAY        0.0           T    1994   0.0    0.0      0.0
  MONTH TO DATE    0.0                       0.0    0.0      0.0
  SINCE SEP 1      0.0                       0.0    0.0      0.0
  SNOW DEPTH       0

DEGREE DAYS
 HEATING
  YESTERDAY        0                         3     -3        0
  MONTH TO DATE   28                        33     -5        0
  SINCE SEP 1     28                        33     -5        0
  SINCE JUL 1     28                        35     -7        0

 COOLING
  YESTERDAY       11                         2      9       10
  MONTH TO DATE  106                       115     -9      241
  SINCE SEP 1    106                       115     -9      241
  SINCE JAN 1   1044                      1061    -17     1422
..................................................................


WIND (MPH)
  HIGHEST WIND SPEED     6   HIGHEST WIND DIRECTION     E (90)
  HIGHEST GUST SPEED     9   HIGHEST GUST DIRECTION     E (90)
  AVERAGE WIND SPEED     0.8


SKY COVER
  POSSIBLE SUNSHINE  MM
  AVERAGE SKY COVER 0.4


WEATHER CONDITIONS
 THE FOLLOWING WEATHER WAS RECORDED YESTERDAY.
  FOG


RELATIVE HUMIDITY (PERCENT)
 HIGHEST    93           200 AM
 LOWEST     39           300 PM
 AVERAGE    66

..........................................................


THE CHARLESTON WV CLIMATE NORMALS FOR TODAY
                         NORMAL    RECORD    YEAR
 MAXIMUM TEMPERATURE (F)   74        93      1908
 MINIMUM TEMPERATURE (F)   53        33      1928


SUNRISE AND SUNSET
SEPTEMBER 26 2017.....SUNRISE   718 AM EDT   SUNSET   717 PM EDT
SEPTEMBER 27 2017.....SUNRISE   719 AM EDT   SUNSET   715 PM EDT


-  INDICATES NEGATIVE NUMBERS.
R  INDICATES RECORD WAS SET OR TIED.
MM INDICATES DATA IS MISSING.
T  INDICATES TRACE AMOUNT.




$$
