215
CDUS41 KRLX 200817
CLICRW


CLIMATE REPORT
NATIONAL WEATHER SERVICE CHARLESTON WV
317 AM EST MON NOV 20 2017


...................................

...THE CHARLESTON WV CLIMATE SUMMARY FOR NOVEMBER 19 2017...

CLIMATE NORMAL PERIOD 1981 TO 2010
CLIMATE RECORD PERIOD 1901 TO 2017


WEATHER ITEM   OBSERVED TIME   RECORD YEAR NORMAL DEPARTURE LAST
                VALUE   (LST)  VALUE       VALUE  FROM      YEAR
                                                  NORMAL
..................................................................
TEMPERATURE (F)
 YESTERDAY
  MAXIMUM         50   1206 AM  83    1985  56     -6       56
  MINIMUM         36   1159 PM  12    2014  36      0       35
  AVERAGE         43                        46     -3       46

PRECIPITATION (IN)
  YESTERDAY        0.04          1.87 2003   0.14  -0.10     0.24
  MONTH TO DATE    1.51                      2.35  -0.84     1.16
  SINCE JAN 1     44.10                     39.38   4.72    36.61

SNOWFALL (IN)
  YESTERDAY        0.0           1.4  1968   0.0    0.0      0.1
  MONTH TO DATE    0.0                       0.5   -0.5      0.1
  SINCE SEP 1      0.0                       0.6   -0.6      0.1
  SNOW DEPTH       0

DEGREE DAYS
 HEATING
  YESTERDAY       22                        19      3       19
  MONTH TO DATE  303                       309     -6      251
  SINCE SEP 1    552                       647    -95      418
  SINCE JUL 1    552                       649    -97      418

 COOLING
  YESTERDAY        0                         0      0        0
  MONTH TO DATE    1                         0      1        5
  SINCE SEP 1    200                       148     52      292
  SINCE JAN 1   1138                      1094     44     1473
..................................................................


WIND (MPH)
  HIGHEST WIND SPEED    25   HIGHEST WIND DIRECTION     W (280)
  HIGHEST GUST SPEED    40   HIGHEST GUST DIRECTION    NW (330)
  AVERAGE WIND SPEED    10.8


SKY COVER
  POSSIBLE SUNSHINE  MM
  AVERAGE SKY COVER 0.9


WEATHER CONDITIONS
 THE FOLLOWING WEATHER WAS RECORDED YESTERDAY.
  RAIN
  LIGHT RAIN
  FOG
  HAZE


RELATIVE HUMIDITY (PERCENT)
 HIGHEST    79           800 AM
 LOWEST     54          1000 PM
 AVERAGE    67

..........................................................


THE CHARLESTON WV CLIMATE NORMALS FOR TODAY
                         NORMAL    RECORD    YEAR
 MAXIMUM TEMPERATURE (F)   55        82      1991
 MINIMUM TEMPERATURE (F)   36        18      1914


SUNRISE AND SUNSET
NOVEMBER 20 2017......SUNRISE   714 AM EST   SUNSET   510 PM EST
NOVEMBER 21 2017......SUNRISE   715 AM EST   SUNSET   510 PM EST


-  INDICATES NEGATIVE NUMBERS.
R  INDICATES RECORD WAS SET OR TIED.
MM INDICATES DATA IS MISSING.
T  INDICATES TRACE AMOUNT.




$$
