000
CDUS41 KRLX 012123
CLICRW


CLIMATE REPORT
NATIONAL WEATHER SERVICE CHARLESTON WV
521 PM EDT FRI AUG 1 2014


...................................

...THE CHARLESTON WV CLIMATE SUMMARY FOR AUGUST 1 2014...
VALID TODAY AS OF 0500 PM LOCAL TIME.

CLIMATE NORMAL PERIOD 1981 TO 2010
CLIMATE RECORD PERIOD 1901 TO 2014


WEATHER ITEM   OBSERVED TIME   RECORD YEAR NORMAL DEPARTURE LAST
                VALUE   (LST)  VALUE       VALUE  FROM      YEAR
                                                  NORMAL
..................................................................
TEMPERATURE (F)
 TODAY
  MAXIMUM         83    237 PM 101    1931  85     -2       82
  MINIMUM         61    325 AM  55    1925  66     -5       65
                                      1914
  AVERAGE         72                        75     -3       74

PRECIPITATION (IN)
  TODAY            0.00          1.84 1950   0.14  -0.14     0.06
  MONTH TO DATE    0.00                      0.14  -0.14     0.06
  SINCE JUN 1     11.98                      9.37   2.61    14.55
  SINCE JAN 1     28.10                     27.51   0.59    29.98

DEGREE DAYS
 HEATING
  TODAY            0                         0      0        0
  MONTH TO DATE    0                         0      0        0
  SINCE JUN 1      0                        13    -13        0
  SINCE JUL 1      0                         0      0        0

 COOLING
  TODAY            7                        10     -3        9
  MONTH TO DATE    7                        10     -3        9
  SINCE JUN 1    529                       554    -25      567
  SINCE JAN 1    650                       664    -14      714
..................................................................


WIND (MPH)
  HIGHEST WIND SPEED    14   HIGHEST WIND DIRECTION     S (180)
  HIGHEST GUST SPEED    20   HIGHEST GUST DIRECTION     S (170)
  AVERAGE WIND SPEED     3.6


SKY COVER
  POSSIBLE SUNSHINE  MM
  AVERAGE SKY COVER 0.6


WEATHER CONDITIONS
 THE FOLLOWING WEATHER WAS RECORDED TODAY.
  FOG


RELATIVE HUMIDITY (PERCENT)
 HIGHEST   100          1200 AM
 LOWEST     51           300 PM
 AVERAGE    76

..........................................................


THE CHARLESTON WV CLIMATE NORMALS FOR TOMORROW
                         NORMAL    RECORD    YEAR
 MAXIMUM TEMPERATURE (F)   85       100      1931
 MINIMUM TEMPERATURE (F)   66        52      1992


SUNRISE AND SUNSET
AUGUST  1 2014........SUNRISE   629 AM EDT   SUNSET   836 PM EDT
AUGUST  2 2014........SUNRISE   629 AM EDT   SUNSET   835 PM EDT


-  INDICATES NEGATIVE NUMBERS.
R  INDICATES RECORD WAS SET OR TIED.
MM INDICATES DATA IS MISSING.
T  INDICATES TRACE AMOUNT.




$$
