000
CDUS41 KRLX 260725
CLICRW


CLIMATE REPORT
NATIONAL WEATHER SERVICE CHARLESTON WV
325 AM EDT WED JUL 26 2017


...................................

...THE CHARLESTON WV CLIMATE SUMMARY FOR JULY 25 2017...

CLIMATE NORMAL PERIOD 1981 TO 2010
CLIMATE RECORD PERIOD 1901 TO 2017


WEATHER ITEM   OBSERVED TIME   RECORD YEAR NORMAL DEPARTURE LAST
                VALUE   (LST)  VALUE       VALUE  FROM      YEAR
                                                  NORMAL
..................................................................
TEMPERATURE (F)
 YESTERDAY
  MAXIMUM         83    351 PM 106    1934  85     -2       93
  MINIMUM         62   1159 PM  51    1947  66     -4       73
  AVERAGE         73                        75     -2       83

PRECIPITATION (IN)
  YESTERDAY        0.00          1.85 1977   0.16  -0.16     0.00
  MONTH TO DATE    2.54                      3.98  -1.44     2.68
  SINCE JAN 1     30.60                     26.41   4.19    24.30

SNOWFALL (IN)
  YESTERDAY        0.0
  MONTH TO DATE    0.0
  SINCE SEP 1      7.5
  SNOW DEPTH       0

DEGREE DAYS
 HEATING
  YESTERDAY        0                         0      0        0
  MONTH TO DATE    0                         0      0        0
  SINCE JUN 1      5                        13     -8        3
  SINCE JUL 1      0                         0      0        0

 COOLING
  YESTERDAY        8                        10     -2       18
  MONTH TO DATE  305                       265     40      295
  SINCE JUN 1    501                       485     16      550
  SINCE JAN 1    646                       595     51      680
..................................................................


WIND (MPH)
  HIGHEST WIND SPEED    10   HIGHEST WIND DIRECTION     N (10)
  HIGHEST GUST SPEED    16   HIGHEST GUST DIRECTION     N (10)
  AVERAGE WIND SPEED     3.8


SKY COVER
  POSSIBLE SUNSHINE  MM
  AVERAGE SKY COVER 0.3


WEATHER CONDITIONS
 THE FOLLOWING WEATHER WAS RECORDED YESTERDAY.
  NO SIGNIFICANT WEATHER WAS OBSERVED.


RELATIVE HUMIDITY (PERCENT)
 HIGHEST    93           600 AM
 LOWEST     40           400 PM
 AVERAGE    67

..........................................................


THE CHARLESTON WV CLIMATE NORMALS FOR TODAY
                         NORMAL    RECORD    YEAR
 MAXIMUM TEMPERATURE (F)   85       104      1934
                                             1930
 MINIMUM TEMPERATURE (F)   66        52      1920


SUNRISE AND SUNSET
JULY 26 2017..........SUNRISE   624 AM EDT   SUNSET   842 PM EDT
JULY 27 2017..........SUNRISE   625 AM EDT   SUNSET   841 PM EDT


-  INDICATES NEGATIVE NUMBERS.
R  INDICATES RECORD WAS SET OR TIED.
MM INDICATES DATA IS MISSING.
T  INDICATES TRACE AMOUNT.




$$
