000
CDUS42 KFFC 310918
CLICSG


CLIMATE REPORT
NATIONAL WEATHER SERVICE PEACHTREE CITY GA
418 AM EST SAT JAN 31 2015


...................................

...THE COLUMBUS CLIMATE SUMMARY FOR JANUARY 30 2015...

CLIMATE NORMAL PERIOD 1981 TO 2010
CLIMATE RECORD PERIOD 1948 TO 2015


WEATHER ITEM   OBSERVED TIME   RECORD YEAR NORMAL DEPARTURE LAST
                VALUE   (LST)  VALUE       VALUE  FROM      YEAR
                                                  NORMAL
..................................................................
TEMPERATURE (F)
 YESTERDAY
  MAXIMUM         57    405 PM  81    2002  59     -2       42
  MINIMUM         40   1159 PM   3    1966  38      2       12
  AVERAGE         49                        48      1       27

PRECIPITATION (IN)
  YESTERDAY        0.00          2.41 1991   0.14  -0.14     0.00
  MONTH TO DATE    3.15                      3.71  -0.56     2.91
  SINCE DEC 1      7.77                      7.98  -0.21    11.78
  SINCE JAN 1      3.15                      3.71  -0.56     2.91

SNOWFALL (IN)
  YESTERDAY        0.0           0.5  2005   0.0    0.0      0.0
  MONTH TO DATE    0.0                       0.2   -0.2      1.2
  SINCE DEC 1      0.0                       0.3   -0.3      1.2
  SINCE JUL 1      0.0                       0.3   -0.3      1.2
  SNOW DEPTH       0

DEGREE DAYS
 HEATING
  YESTERDAY       16                        17     -1       38
  MONTH TO DATE  566                       534     32      750
  SINCE DEC 1    961                      1031    -70     1178
  SINCE JUL 1   1429                      1363     66     1526

 COOLING
  YESTERDAY        0                         0      0        0
  MONTH TO DATE    0                         0      0        0
  SINCE DEC 1      1                         4     -3       17
  SINCE JAN 1      0                         0      0        0
..................................................................


WIND (MPH)
  HIGHEST WIND SPEED    22   HIGHEST WIND DIRECTION     N (350)
  HIGHEST GUST SPEED    32   HIGHEST GUST DIRECTION     N (340)
  AVERAGE WIND SPEED     8.8


SKY COVER
  AVERAGE SKY COVER 0.1


WEATHER CONDITIONS
 THE FOLLOWING WEATHER WAS RECORDED YESTERDAY.
  NO SIGNIFICANT WEATHER WAS OBSERVED.


RELATIVE HUMIDITY (PERCENT)
 HIGHEST    83           200 AM
 LOWEST     26           400 PM
 AVERAGE    55

..........................................................


THE COLUMBUS CLIMATE NORMALS FOR TODAY
                         NORMAL    RECORD    YEAR
 MAXIMUM TEMPERATURE (F)   59        78      2002
                                             1985
                                             1950
 MINIMUM TEMPERATURE (F)   38        11      1966


SUNRISE AND SUNSET
JANUARY 31 2015.......SUNRISE   735 AM EST   SUNSET   612 PM EST
FEBRUARY  1 2015......SUNRISE   734 AM EST   SUNSET   613 PM EST


-  INDICATES NEGATIVE NUMBERS.
R  INDICATES RECORD WAS SET OR TIED.
MM INDICATES DATA IS MISSING.
T  INDICATES TRACE AMOUNT.




$$
