000
CDUS42 KFFC 260817
CLICSG


CLIMATE REPORT
NATIONAL WEATHER SERVICE PEACHTREE CITY GA
416 AM EDT WED APR 26 2017


...................................

...THE COLUMBUS CLIMATE SUMMARY FOR APRIL 25 2017...

CLIMATE NORMAL PERIOD 1981 TO 2010
CLIMATE RECORD PERIOD 1948 TO 2017


WEATHER ITEM   OBSERVED TIME   RECORD YEAR NORMAL DEPARTURE LAST
                VALUE   (LST)  VALUE       VALUE  FROM      YEAR
                                                  NORMAL
..................................................................
TEMPERATURE (F)
 YESTERDAY
  MAXIMUM         82    524 PM  91    1932  79      3       83
  MINIMUM         56    614 AM  38    1910  55      1       62
  AVERAGE         69                        67      2       73

PRECIPITATION (IN)
  YESTERDAY        0.00          1.83 1973   0.10  -0.10     0.00
  MONTH TO DATE    2.37                      3.01  -0.64     6.38
  SINCE MAR 1      3.90                      8.47  -4.57     8.94
  SINCE JAN 1     18.16                     16.76   1.40    16.37

DEGREE DAYS
 HEATING
  YESTERDAY        0                         2     -2        0
  MONTH TO DATE   23                        85    -62       69
  SINCE MAR 1    226                       331   -105      214
  SINCE JUL 1   1356                      2108   -752     1604

 COOLING
  YESTERDAY        4                         4      0        8
  MONTH TO DATE  128                        58     70       34
  SINCE MAR 1    198                        81    117       91
  SINCE JAN 1    215                        85    130       93
..................................................................


WIND (MPH)
  HIGHEST WIND SPEED    16   HIGHEST WIND DIRECTION    NW (310)
  HIGHEST GUST SPEED    20   HIGHEST GUST DIRECTION    NW (310)
  AVERAGE WIND SPEED     5.3


SKY COVER
  AVERAGE SKY COVER 0.1


WEATHER CONDITIONS
 THE FOLLOWING WEATHER WAS RECORDED YESTERDAY.
  NO SIGNIFICANT WEATHER WAS OBSERVED.


RELATIVE HUMIDITY (PERCENT)
 HIGHEST    86          1200 AM
 LOWEST     36           200 PM
 AVERAGE    61

..........................................................


THE COLUMBUS CLIMATE NORMALS FOR TODAY
                         NORMAL    RECORD    YEAR
 MAXIMUM TEMPERATURE (F)   79        91      1986
 MINIMUM TEMPERATURE (F)   55        34      1910


SUNRISE AND SUNSET
APRIL 26 2017.........SUNRISE   658 AM EDT   SUNSET   818 PM EDT
APRIL 27 2017.........SUNRISE   657 AM EDT   SUNSET   818 PM EDT


-  INDICATES NEGATIVE NUMBERS.
R  INDICATES RECORD WAS SET OR TIED.
MM INDICATES DATA IS MISSING.
T  INDICATES TRACE AMOUNT.




$$
