717
CDUS42 KFFC 200921
CLICSG


CLIMATE REPORT
NATIONAL WEATHER SERVICE PEACHTREE CITY GA
420 AM EST MON FEB 20 2017


...................................

...THE COLUMBUS CLIMATE SUMMARY FOR FEBRUARY 19 2017...

CLIMATE NORMAL PERIOD 1981 TO 2010
CLIMATE RECORD PERIOD 1948 TO 2017


WEATHER ITEM   OBSERVED TIME   RECORD YEAR NORMAL DEPARTURE LAST
                VALUE   (LST)  VALUE       VALUE  FROM      YEAR
                                                  NORMAL
..................................................................
TEMPERATURE (F)
 YESTERDAY
  MAXIMUM         75    452 PM  80    2011  63     12       69
  MINIMUM         50    310 AM  17    1958  41      9       40
  AVERAGE         63                        52     11       55

PRECIPITATION (IN)
  YESTERDAY        0.00          2.65 1961   0.17  -0.17     0.00
  MONTH TO DATE    1.28                      2.96  -1.68     3.29
  SINCE DEC 1     17.13                     11.08   6.05    23.87
  SINCE JAN 1     12.76                      6.81   5.95     6.49

SNOWFALL (IN)
  YESTERDAY        0.0           0.0  2002   0.0    0.0      0.0
  MONTH TO DATE    0.0                       0.0    0.0      0.0
  SINCE DEC 1      0.0                       0.3   -0.3      0.0
  SINCE JUL 1      0.0                       0.3   -0.3      0.0
  SNOW DEPTH       0

DEGREE DAYS
 HEATING
  YESTERDAY        2                        13    -11       10
  MONTH TO DATE  173                       285   -112      296
  SINCE DEC 1    907                      1336   -429     1099
  SINCE JUL 1   1094                      1668   -574     1295

 COOLING
  YESTERDAY        0                         0      0        0
  MONTH TO DATE    4                         0      4        0
  SINCE DEC 1     14                         5      9       34
  SINCE JAN 1      9                         1      8        0
..................................................................


WIND (MPH)
  HIGHEST WIND SPEED    15   HIGHEST WIND DIRECTION    NW (310)
  HIGHEST GUST SPEED    19   HIGHEST GUST DIRECTION    NW (300)
  AVERAGE WIND SPEED     3.0


SKY COVER
  AVERAGE SKY COVER 0.4


WEATHER CONDITIONS
 THE FOLLOWING WEATHER WAS RECORDED YESTERDAY.
  FOG
  FOG W/VISIBILITY <= 1/4 MILE


RELATIVE HUMIDITY (PERCENT)
 HIGHEST   100           800 AM
 LOWEST     41           300 PM
 AVERAGE    71

..........................................................


THE COLUMBUS CLIMATE NORMALS FOR TODAY
                         NORMAL    RECORD    YEAR
 MAXIMUM TEMPERATURE (F)   63        80      1986
 MINIMUM TEMPERATURE (F)   41        21      2015


SUNRISE AND SUNSET
FEBRUARY 20 2017......SUNRISE   717 AM EST   SUNSET   630 PM EST
FEBRUARY 21 2017......SUNRISE   716 AM EST   SUNSET   631 PM EST


-  INDICATES NEGATIVE NUMBERS.
R  INDICATES RECORD WAS SET OR TIED.
MM INDICATES DATA IS MISSING.
T  INDICATES TRACE AMOUNT.




$$
