000
CDUS42 KFFC 040820
CLICSG


CLIMATE REPORT
NATIONAL WEATHER SERVICE PEACHTREE CITY GA
419 AM EDT FRI SEP 4 2015


...................................

...THE COLUMBUS CLIMATE SUMMARY FOR SEPTEMBER 3 2015...

CLIMATE NORMAL PERIOD 1981 TO 2010
CLIMATE RECORD PERIOD 1948 TO 2015


WEATHER ITEM   OBSERVED TIME   RECORD YEAR NORMAL DEPARTURE LAST
                VALUE   (LST)  VALUE       VALUE  FROM      YEAR
                                                  NORMAL
..................................................................
TEMPERATURE (F)
 YESTERDAY
  MAXIMUM         93    433 PM  99    1990  90      3       92
  MINIMUM         74    647 AM  58    1954  70      4       72
  AVERAGE         84                        80      4       82

PRECIPITATION (IN)
  YESTERDAY        0.00          2.48 2014   0.11  -0.11     2.48
  MONTH TO DATE    0.00                      0.33  -0.33     2.62
  SINCE SEP 1      0.00                      0.33  -0.33     2.62
  SINCE JAN 1     33.29                     33.07   0.22    38.80

DEGREE DAYS
 HEATING
  YESTERDAY        0                         0      0        0
  MONTH TO DATE    0                         0      0        0
  SINCE SEP 1      0                         0      0        0
  SINCE JUL 1      0                         0      0        0

 COOLING
  YESTERDAY       19                        15      4       17
  MONTH TO DATE   52                        45      7       57
  SINCE SEP 1     52                        45      7       57
  SINCE JAN 1   2079                      1917    162     1852
..................................................................


WIND (MPH)
  HIGHEST WIND SPEED     9   HIGHEST WIND DIRECTION    NE (50)
  HIGHEST GUST SPEED    14   HIGHEST GUST DIRECTION    NE (50)
  AVERAGE WIND SPEED     1.9


SKY COVER
  AVERAGE SKY COVER 0.1


WEATHER CONDITIONS
 THE FOLLOWING WEATHER WAS RECORDED YESTERDAY.
  NO SIGNIFICANT WEATHER WAS OBSERVED.


RELATIVE HUMIDITY (PERCENT)
 HIGHEST    87           300 AM
 LOWEST     39           300 PM
 AVERAGE    63

..........................................................


THE COLUMBUS CLIMATE NORMALS FOR TODAY
                         NORMAL    RECORD    YEAR
 MAXIMUM TEMPERATURE (F)   89        98      1954
                                             1951
 MINIMUM TEMPERATURE (F)   70        57      1952


SUNRISE AND SUNSET
SEPTEMBER  4 2015.....SUNRISE   716 AM EDT   SUNSET   801 PM EDT
SEPTEMBER  5 2015.....SUNRISE   717 AM EDT   SUNSET   759 PM EDT


-  INDICATES NEGATIVE NUMBERS.
R  INDICATES RECORD WAS SET OR TIED.
MM INDICATES DATA IS MISSING.
T  INDICATES TRACE AMOUNT.




$$
