000
CDUS42 KFFC 110919
CLICSG


CLIMATE REPORT
NATIONAL WEATHER SERVICE PEACHTREE CITY GA
418 AM EST THU FEB 11 2016


...................................

...THE COLUMBUS CLIMATE SUMMARY FOR FEBRUARY 10 2016...

CLIMATE NORMAL PERIOD 1981 TO 2010
CLIMATE RECORD PERIOD 1948 TO 2016


WEATHER ITEM   OBSERVED TIME   RECORD YEAR NORMAL DEPARTURE LAST
                VALUE   (LST)  VALUE       VALUE  FROM      YEAR
                                                  NORMAL
..................................................................
TEMPERATURE (F)
 YESTERDAY
  MAXIMUM         45    444 PM  80    1965  61    -16       56
  MINIMUM         25    753 AM  15    1971  39    -14       39
  AVERAGE         35                        50    -15       48

PRECIPITATION (IN)
  YESTERDAY        0.00          5.54 1981   0.15  -0.15     0.00
  MONTH TO DATE    2.38                      1.50   0.88     1.24
  SINCE DEC 1     22.96                      9.62  13.34     9.01
  SINCE JAN 1      5.58                      5.35   0.23     4.39

SNOWFALL (IN)
  YESTERDAY        0.0           0.0  2002   0.0    0.0      0.0
  MONTH TO DATE    0.0                       0.0    0.0      0.0
  SINCE DEC 1      0.0                       0.3   -0.3      0.0
  SINCE JUL 1      0.0                       0.3   -0.3      0.0
  SNOW DEPTH       0

DEGREE DAYS
 HEATING
  YESTERDAY       30                        15     15       17
  MONTH TO DATE  167                       158      9      173
  SINCE DEC 1    970                      1209   -239     1155
  SINCE JUL 1   1166                      1541   -375     1623

 COOLING
  YESTERDAY        0                         0      0        0
  MONTH TO DATE    0                         0      0        0
  SINCE DEC 1     34                         5     29        1
  SINCE JAN 1      0                         1     -1        0
..................................................................


WIND (MPH)
  HIGHEST WIND SPEED    23   HIGHEST WIND DIRECTION    NW (310)
  HIGHEST GUST SPEED    29   HIGHEST GUST DIRECTION     W (290)
  AVERAGE WIND SPEED     9.8


SKY COVER
  AVERAGE SKY COVER 0.0


WEATHER CONDITIONS
 THE FOLLOWING WEATHER WAS RECORDED YESTERDAY.
  NO SIGNIFICANT WEATHER WAS OBSERVED.


RELATIVE HUMIDITY (PERCENT)
 HIGHEST    69           200 AM
 LOWEST     22           400 PM
 AVERAGE    46

..........................................................


THE COLUMBUS CLIMATE NORMALS FOR TODAY
                         NORMAL    RECORD    YEAR
 MAXIMUM TEMPERATURE (F)   61        80      1965
 MINIMUM TEMPERATURE (F)   39        11      1973


SUNRISE AND SUNSET
FEBRUARY 11 2016......SUNRISE   727 AM EST   SUNSET   622 PM EST
FEBRUARY 12 2016......SUNRISE   726 AM EST   SUNSET   622 PM EST


-  INDICATES NEGATIVE NUMBERS.
R  INDICATES RECORD WAS SET OR TIED.
MM INDICATES DATA IS MISSING.
T  INDICATES TRACE AMOUNT.




$$
