000
CDUS42 KFFC 310824
CLICSG


CLIMATE REPORT
NATIONAL WEATHER SERVICE PEACHTREE CITY GA
423 AM EDT SUN AUG 31 2014


...................................

...THE COLUMBUS CLIMATE SUMMARY FOR AUGUST 30 2014...

CLIMATE NORMAL PERIOD 1981 TO 2010
CLIMATE RECORD PERIOD 1948 TO 2014


WEATHER ITEM   OBSERVED TIME   RECORD YEAR NORMAL DEPARTURE LAST
                VALUE   (LST)  VALUE       VALUE  FROM      YEAR
                                                  NORMAL
..................................................................
TEMPERATURE (F)
 YESTERDAY
  MAXIMUM         96    348 PM 100    1998  90      6       96
                                      1948
  MINIMUM         74    603 AM  58    1986  71      3       76
  AVERAGE         85                        81      4       86

PRECIPITATION (IN)
  YESTERDAY        0.51          1.34 2006   0.10   0.41     0.04
  MONTH TO DATE    1.69                      3.66  -1.97     8.63
  SINCE JUN 1     10.39                     12.14  -1.75    24.76
  SINCE JAN 1     36.18                     32.63   3.55    50.37

DEGREE DAYS
 HEATING
  YESTERDAY        0                         0      0        0
  MONTH TO DATE    0                         0      0        0
  SINCE JUN 1      0                         0      0        0
  SINCE JUL 1      0                         0      0        0

 COOLING
  YESTERDAY       20                        16      4       21
  MONTH TO DATE  499                       507     -8      466
  SINCE JUN 1   1440                      1497    -57     1402
  SINCE JAN 1   1776                      1855    -79     1765
..................................................................


WIND (MPH)
  HIGHEST WIND SPEED    29   HIGHEST WIND DIRECTION     E (80)
  HIGHEST GUST SPEED    45   HIGHEST GUST DIRECTION     E (80)
  AVERAGE WIND SPEED     3.8


SKY COVER
  AVERAGE SKY COVER 0.4


WEATHER CONDITIONS
 THE FOLLOWING WEATHER WAS RECORDED YESTERDAY.
  HEAVY RAIN
  LIGHT RAIN
  FOG


RELATIVE HUMIDITY (PERCENT)
 HIGHEST    93           600 AM
 LOWEST     41           300 PM
 AVERAGE    67

..........................................................


THE COLUMBUS CLIMATE NORMALS FOR TODAY
                         NORMAL    RECORD    YEAR
 MAXIMUM TEMPERATURE (F)   90        97      1998
 MINIMUM TEMPERATURE (F)   71        59      1986


SUNRISE AND SUNSET
AUGUST 31 2014........SUNRISE   714 AM EDT   SUNSET   805 PM EDT
SEPTEMBER  1 2014.....SUNRISE   715 AM EDT   SUNSET   804 PM EDT


-  INDICATES NEGATIVE NUMBERS.
R  INDICATES RECORD WAS SET OR TIED.
MM INDICATES DATA IS MISSING.
T  INDICATES TRACE AMOUNT.




$$
