000
CDUS42 KFFC 270024
CLICSG


CLIMATE REPORT
NATIONAL WEATHER SERVICE PEACHTREE CITY GA
824 PM EDT WED JUL 26 2017


...................................

...THE COLUMBUS CLIMATE SUMMARY FOR JULY 26 2017...
VALID AS OF 0800 PM LOCAL TIME.

CLIMATE NORMAL PERIOD 1981 TO 2010
CLIMATE RECORD PERIOD 1948 TO 2017


WEATHER ITEM   OBSERVED TIME   RECORD YEAR NORMAL DEPARTURE LAST
                VALUE   (LST)  VALUE       VALUE  FROM      YEAR
                                                  NORMAL
..................................................................
TEMPERATURE (F)
 TODAY
  MAXIMUM         94    119 PM 102    1914  92      2       96
  MINIMUM         77    634 AM  62    1911  73      4       73
  AVERAGE         86                        83      3       85

PRECIPITATION (IN)
  TODAY            T             1.93 1906   0.14  -0.14     0.00
  MONTH TO DATE    3.58                      4.04  -0.46     0.86
  SINCE JUN 1      7.16                      7.76  -0.60     3.01
  SINCE JAN 1     32.73                     28.25   4.48    22.45

DEGREE DAYS
 COOLING
  TODAY           21                        18      3       20
  MONTH TO DATE  497                       460     37      508
  SINCE JUN 1    919                       906     13     1004
  SINCE JAN 1   1471                      1264    207     1390
..................................................................


WIND (MPH)
  HIGHEST WIND SPEED    15   HIGHEST WIND DIRECTION     E (90)
  HIGHEST GUST SPEED    19   HIGHEST GUST DIRECTION     E (90)
  AVERAGE WIND SPEED     3.3


SKY COVER
  AVERAGE SKY COVER 0.4


WEATHER CONDITIONS
 THE FOLLOWING WEATHER WAS RECORDED TODAY.
  THUNDERSTORM
  LIGHT RAIN
  FOG


RELATIVE HUMIDITY (PERCENT)
 HIGHEST    94           200 AM
 LOWEST     56           100 PM

..........................................................


THE COLUMBUS CLIMATE NORMALS FOR TOMORROW
                         NORMAL    RECORD
 MAXIMUM TEMPERATURE (F)   92       101
 MINIMUM TEMPERATURE (F)   73        62


SUNRISE AND SUNSET
JULY 26 2017..........SUNRISE   650 AM EDT   SUNSET   842 PM EDT
JULY 27 2017..........SUNRISE   651 AM EDT   SUNSET   841 PM EDT


-  INDICATES NEGATIVE NUMBERS.
R  INDICATES RECORD WAS SET OR TIED.
MM INDICATES DATA IS MISSING.
T  INDICATES TRACE AMOUNT.




$$
