000
CDUS42 KFFC 190919
CLICSG


CLIMATE REPORT
NATIONAL WEATHER SERVICE PEACHTREE CITY GA
419 AM EST THU JAN 19 2017


...................................

...THE COLUMBUS CLIMATE SUMMARY FOR JANUARY 18 2017...

CLIMATE NORMAL PERIOD 1981 TO 2010
CLIMATE RECORD PERIOD 1948 TO 2017


WEATHER ITEM   OBSERVED TIME   RECORD YEAR NORMAL DEPARTURE LAST
                VALUE   (LST)  VALUE       VALUE  FROM      YEAR
                                                  NORMAL
..................................................................
TEMPERATURE (F)
 YESTERDAY
  MAXIMUM         76    137 PM  79    1937  57     19       47
  MINIMUM         57   1113 PM  16    1957  37     20       29
  AVERAGE         67                        47     20       38

PRECIPITATION (IN)
  YESTERDAY        T             1.52 1925   0.11  -0.11     0.00
  MONTH TO DATE    8.55                      2.14   6.41     1.01
  SINCE DEC 1     12.92                      6.41   6.51    18.39
  SINCE JAN 1      8.55                      2.14   6.41     1.01

SNOWFALL (IN)
  YESTERDAY        0.0           0.0  2002   0.0    0.0      0.0
  MONTH TO DATE    0.0                       0.1   -0.1      0.0
  SINCE DEC 1      0.0                       0.2   -0.2      0.0
  SINCE JUL 1      0.0                       0.2   -0.2      0.0
  SNOW DEPTH       0

DEGREE DAYS
 HEATING
  YESTERDAY        0                        18    -18       27
  MONTH TO DATE  205                       324   -119      344
  SINCE DEC 1    592                       821   -229      553
  SINCE JUL 1    779                      1153   -374      749

 COOLING
  YESTERDAY        2                         0      2        0
  MONTH TO DATE    2                         0      2        0
  SINCE DEC 1      7                         4      3       34
  SINCE JAN 1      2                         0      2        0
..................................................................


WIND (MPH)
  HIGHEST WIND SPEED    15   HIGHEST WIND DIRECTION    NW (320)
  HIGHEST GUST SPEED    18   HIGHEST GUST DIRECTION    NW (310)
  AVERAGE WIND SPEED     5.4


SKY COVER
  AVERAGE SKY COVER 0.5


WEATHER CONDITIONS
 THE FOLLOWING WEATHER WAS RECORDED YESTERDAY.
  FOG


RELATIVE HUMIDITY (PERCENT)
 HIGHEST   100           500 AM
 LOWEST     57           200 PM
 AVERAGE    79

..........................................................


THE COLUMBUS CLIMATE NORMALS FOR TODAY
                         NORMAL    RECORD    YEAR
 MAXIMUM TEMPERATURE (F)   58        82      1990
 MINIMUM TEMPERATURE (F)   37         6      1977


SUNRISE AND SUNSET
JANUARY 19 2017.......SUNRISE   741 AM EST   SUNSET   601 PM EST
JANUARY 20 2017.......SUNRISE   740 AM EST   SUNSET   602 PM EST


-  INDICATES NEGATIVE NUMBERS.
R  INDICATES RECORD WAS SET OR TIED.
MM INDICATES DATA IS MISSING.
T  INDICATES TRACE AMOUNT.




$$
