000
CDUS42 KFFC 210026
CLICSG


CLIMATE REPORT
NATIONAL WEATHER SERVICE PEACHTREE CITY GA
826 PM EDT MON OCT 20 2014


...................................

...THE COLUMBUS CLIMATE SUMMARY FOR OCTOBER 20 2014...
VALID AS OF 0800 PM LOCAL TIME.

CLIMATE NORMAL PERIOD 1981 TO 2010
CLIMATE RECORD PERIOD 1948 TO 2014


WEATHER ITEM   OBSERVED TIME   RECORD YEAR NORMAL DEPARTURE LAST
                VALUE   (LST)  VALUE       VALUE  FROM      YEAR
                                                  NORMAL
..................................................................
TEMPERATURE (F)
 TODAY
  MAXIMUM         75    322 PM  88    1993  76     -1       75
                                      1985
  MINIMUM         49    723 AM  34    1989  54     -5       53
  AVERAGE         62                        65     -3       64

PRECIPITATION (IN)
  TODAY            T             0.79 1950   0.08  -0.08     0.00
  MONTH TO DATE    4.26                      1.69   2.57     0.45
  SINCE SEP 1      8.37                      4.75   3.62     1.62
  SINCE JAN 1     44.55                     37.49   7.06    51.99

SNOWFALL (IN)
  TODAY           MM             0.0  2002   0.0   MM        0.0
                                      2001
  MONTH TO DATE    0.0                       0.0    0.0      0.0
  SINCE SEP 1      0.0                       0.0    0.0      0.0
  SINCE JUL 1      0.0                       0.0    0.0      0.0
  SNOW DEPTH       0

DEGREE DAYS
 HEATING
  TODAY            3                         3      0        1
  MONTH TO DATE   18                        31    -13        3
  SINCE SEP 1     18                        34    -16        3
  SINCE JUL 1     18                        34    -16        3

 COOLING
  TODAY            0                         3     -3        0
  MONTH TO DATE  111                        93     18      138
  SINCE SEP 1    497                       443     54      533
  SINCE JAN 1   2292                      2315    -23     2317
..................................................................


WIND (MPH)
  HIGHEST WIND SPEED    12   HIGHEST WIND DIRECTION    SW (240)
  HIGHEST GUST SPEED    15   HIGHEST GUST DIRECTION     W (260)
  AVERAGE WIND SPEED     0.7


SKY COVER
  AVERAGE SKY COVER 0.0


WEATHER CONDITIONS
 THE FOLLOWING WEATHER WAS RECORDED TODAY.
  NO SIGNIFICANT WEATHER WAS OBSERVED.


RELATIVE HUMIDITY (PERCENT)
 HIGHEST    96           100 AM
 LOWEST     44           100 PM

..........................................................


THE COLUMBUS CLIMATE NORMALS FOR TOMORROW
                         NORMAL    RECORD
 MAXIMUM TEMPERATURE (F)   76        89
 MINIMUM TEMPERATURE (F)   54        32


SUNRISE AND SUNSET
OCTOBER 20 2014.......SUNRISE   747 AM EDT   SUNSET   701 PM EDT
OCTOBER 21 2014.......SUNRISE   748 AM EDT   SUNSET   700 PM EDT


-  INDICATES NEGATIVE NUMBERS.
R  INDICATES RECORD WAS SET OR TIED.
MM INDICATES DATA IS MISSING.
T  INDICATES TRACE AMOUNT.




$$
