000
CDUS45 KTFX 211017
CLICTB


CLIMATE REPORT
NATIONAL WEATHER SERVICE GREAT FALLS MT
316 AM MST SUN DEC 21 2014


...................................

...THE CUT BANK MT CLIMATE SUMMARY FOR DECEMBER 20 2014...

CLIMATE NORMAL PERIOD 1981 TO 2010
CLIMATE RECORD PERIOD 1903 TO 2014


WEATHER ITEM   OBSERVED TIME   RECORD YEAR NORMAL DEPARTURE LAST
                VALUE   (LST)  VALUE       VALUE  FROM      YEAR
                                                  NORMAL
..................................................................
TEMPERATURE (F)
 YESTERDAY
  MAXIMUM         40    156 PM  54    2003  32      8       25
                                      1954
  MINIMUM         26    754 PM -29    1990  11     15       18
  AVERAGE         33                        21     12       22

PRECIPITATION (IN)
  YESTERDAY        0.00          0.07 1989   0.01  -0.01      T
  MONTH TO DATE    0.05                      0.14  -0.09     0.40
  SINCE OCT 1      1.85                      0.94   0.91     1.17
  SINCE JAN 1     16.76                     10.82   5.94    14.87

SNOWFALL (IN)
  YESTERDAY       MM
  SNOW DEPTH       1

DEGREE DAYS
 HEATING
  YESTERDAY       32                        44    -12       43
  MONTH TO DATE  771                       846    -75     1004
  SINCE DEC 1    771                       846    -75     1004
  SINCE JUL 1   2869                      3109   -240     3093

 COOLING
  YESTERDAY        0                         0      0        0
  MONTH TO DATE    0                         0      0        0
  SINCE DEC 1      0                         0      0        0
  SINCE JAN 1    208                       162     46      226
..................................................................


WIND (MPH)
  HIGHEST WIND SPEED    29   HIGHEST WIND DIRECTION     W (250)
  HIGHEST GUST SPEED    35   HIGHEST GUST DIRECTION     W (260)
  AVERAGE WIND SPEED    13.8


SKY COVER
  AVERAGE SKY COVER 0.1


WEATHER CONDITIONS
 THE FOLLOWING WEATHER WAS RECORDED YESTERDAY.
  NO SIGNIFICANT WEATHER WAS OBSERVED.


RELATIVE HUMIDITY (PERCENT)
 HIGHEST    75           900 PM
 LOWEST     54           200 PM
 AVERAGE    65

..........................................................


THE CUT BANK MT CLIMATE NORMALS FOR TODAY
                         NORMAL    RECORD    YEAR
 MAXIMUM TEMPERATURE (F)   32        57      1954
 MINIMUM TEMPERATURE (F)   11       -33      1990


SUNRISE AND SUNSET
DECEMBER 21 2014......SUNRISE   819 AM MST   SUNSET   436 PM MST
DECEMBER 22 2014......SUNRISE   820 AM MST   SUNSET   437 PM MST


-  INDICATES NEGATIVE NUMBERS.
R  INDICATES RECORD WAS SET OR TIED.
MM INDICATES DATA IS MISSING.
T  INDICATES TRACE AMOUNT.




$$
