000
CDUS45 KTFX 142229
CLICTB


CLIMATE REPORT
NATIONAL WEATHER SERVICE GREAT FALLS MT
429 PM MDT SUN SEP 14 2014


...................................

...THE CUT BANK MT CLIMATE SUMMARY FOR SEPTEMBER 14 2014...
VALID TODAY AS OF 0400 PM LOCAL TIME.

CLIMATE NORMAL PERIOD 1981 TO 2010
CLIMATE RECORD PERIOD 1903 TO 2014


WEATHER ITEM   OBSERVED TIME   RECORD YEAR NORMAL DEPARTURE LAST
                VALUE   (LST)  VALUE       VALUE  FROM      YEAR
                                                  NORMAL
..................................................................
TEMPERATURE (F)
 TODAY
  MAXIMUM         67    254 PM  88    1923  68     -1       76
  MINIMUM         29    609 AM  18    1970  40    -11       53
  AVERAGE         48                        54     -6       65

PRECIPITATION (IN)
  TODAY            0.00          0.28 1991   0.05  -0.05     0.00
  MONTH TO DATE    0.61                      0.63  -0.02     2.38
  SINCE OCT 1     15.65                     10.31   5.34    15.57
  SINCE JAN 1     14.45                      9.29   5.16    13.40

SNOWFALL (IN)
  TODAY           MM
  SNOW DEPTH       0

DEGREE DAYS
 HEATING
  TODAY           17                        11      6        0
  MONTH TO DATE  224                       124    100       11
  SINCE SEP 1    224                       124    100       11
  SINCE JUL 1    321                       318      3       83

 COOLING
  TODAY            0                         0      0        0
  MONTH TO DATE    0                         6     -6       28
  SINCE SEP 1      0                         6     -6       28
  SINCE JAN 1    197                       159     38      223
..................................................................


WIND (MPH)
  HIGHEST WIND SPEED     9   HIGHEST WIND DIRECTION    NW (320)
  HIGHEST GUST SPEED    12   HIGHEST GUST DIRECTION     S (180)
  AVERAGE WIND SPEED     3.1


SKY COVER
  AVERAGE SKY COVER 0.0


WEATHER CONDITIONS
 THE FOLLOWING WEATHER WAS RECORDED TODAY.
  NO SIGNIFICANT WEATHER WAS OBSERVED.


RELATIVE HUMIDITY (PERCENT)
 HIGHEST   100           600 AM
 LOWEST     31           200 PM
 AVERAGE    66

..........................................................


THE CUT BANK MT CLIMATE NORMALS FOR TOMORROW
                         NORMAL    RECORD    YEAR
 MAXIMUM TEMPERATURE (F)   68        91      2000
 MINIMUM TEMPERATURE (F)   40        21      1912


SUNRISE AND SUNSET
SEPTEMBER 14 2014.....SUNRISE   705 AM MDT   SUNSET   744 PM MDT
SEPTEMBER 15 2014.....SUNRISE   706 AM MDT   SUNSET   742 PM MDT


-  INDICATES NEGATIVE NUMBERS.
R  INDICATES RECORD WAS SET OR TIED.
MM INDICATES DATA IS MISSING.
T  INDICATES TRACE AMOUNT.




$$
