517
CDUS45 KTFX 172330
CLICTB


CLIMATE REPORT
NATIONAL WEATHER SERVICE GREAT FALLS MT
430 PM MST FRI NOV 17 2017


...................................

...THE CUT BANK MT CLIMATE SUMMARY FOR NOVEMBER 17 2017...
VALID TODAY AS OF 0400 PM LOCAL TIME.

CLIMATE NORMAL PERIOD 1981 TO 2010
CLIMATE RECORD PERIOD 1903 TO 2017


WEATHER ITEM   OBSERVED TIME   RECORD YEAR NORMAL DEPARTURE LAST
                VALUE   (LST)  VALUE       VALUE  FROM      YEAR
                                                  NORMAL
..................................................................
TEMPERATURE (F)
 TODAY
  MAXIMUM         38   1226 PM  63    1936  40     -2       28
  MINIMUM         27    508 AM -25    1955  20      7       20
  AVERAGE         33                        30      3       24

PRECIPITATION (IN)
  TODAY            0.00          0.38 1981   0.02  -0.02     0.07
  MONTH TO DATE    0.04                      0.22  -0.18     0.26
  SINCE OCT 1      0.54                      0.66  -0.12     1.33
  SINCE JAN 1      8.66                     10.54  -1.88    11.23

DEGREE DAYS
 HEATING
  TODAY           32                        35     -3       41
  MONTH TO DATE  748                       545    203      311
  SINCE SEP 1   1796                      1575    221     1371
  SINCE JUL 1   1879                      1769    110     1544

 COOLING
  TODAY            0                         0      0        0
  MONTH TO DATE    0                         0      0        0
  SINCE SEP 1     24                         9     15        5
  SINCE JAN 1    250                       162     88      108
..................................................................


WIND (MPH)
  HIGHEST WIND SPEED    40   HIGHEST WIND DIRECTION     W (250)
  HIGHEST GUST SPEED    47   HIGHEST GUST DIRECTION     W (250)
  AVERAGE WIND SPEED    19.2


SKY COVER
  AVERAGE SKY COVER 0.0


WEATHER CONDITIONS
 THE FOLLOWING WEATHER WAS RECORDED TODAY.
  NO SIGNIFICANT WEATHER WAS OBSERVED.


RELATIVE HUMIDITY (PERCENT)
 HIGHEST    75           300 AM
 LOWEST     59           200 PM
 AVERAGE    67

..........................................................


THE CUT BANK MT CLIMATE NORMALS FOR TOMORROW
                         NORMAL    RECORD    YEAR
 MAXIMUM TEMPERATURE (F)   39        66      2008
 MINIMUM TEMPERATURE (F)   19       -18      1950


SUNRISE AND SUNSET
NOVEMBER 17 2017......SUNRISE   741 AM MST   SUNSET   447 PM MST
NOVEMBER 18 2017......SUNRISE   743 AM MST   SUNSET   446 PM MST


-  INDICATES NEGATIVE NUMBERS.
R  INDICATES RECORD WAS SET OR TIED.
MM INDICATES DATA IS MISSING.
T  INDICATES TRACE AMOUNT.




$$
