000
CDUS45 KTFX 061011
CLICTB


CLIMATE REPORT
NATIONAL WEATHER SERVICE GREAT FALLS MT
310 AM MST TUE DEC 6 2016


...................................

...THE CUT BANK MT CLIMATE SUMMARY FOR DECEMBER 5 2016...

CLIMATE NORMAL PERIOD 1981 TO 2010
CLIMATE RECORD PERIOD 1903 TO 2016


WEATHER ITEM   OBSERVED TIME   RECORD YEAR NORMAL DEPARTURE LAST
                VALUE   (LST)  VALUE       VALUE  FROM      YEAR
                                                  NORMAL
..................................................................
TEMPERATURE (F)
 YESTERDAY
  MAXIMUM         18    159 AM  67    1939  33    -15       42
  MINIMUM          1   1159 PM -26    1956  14    -13       29
  AVERAGE         10                        24    -14       36

PRECIPITATION (IN)
  YESTERDAY        T             0.30 1932   0.01  -0.01     0.00
  MONTH TO DATE    0.01                      0.04  -0.03     0.00
  SINCE OCT 1      1.34                      0.84   0.50     1.36
  SINCE JAN 1     11.24                     10.72   0.52     9.66

SNOWFALL (IN)
  YESTERDAY       MM
  SNOW DEPTH       T

DEGREE DAYS
 HEATING
  YESTERDAY       55                        41     14       29
  MONTH TO DATE  202                       204     -2      147
  SINCE DEC 1    202                       204     -2      147
  SINCE JUL 1   2180                      2467   -287     2185

 COOLING
  YESTERDAY        0                         0      0        0
  MONTH TO DATE    0                         0      0        0
  SINCE DEC 1      0                         0      0        0
  SINCE JAN 1    108                       162    -54      234
..................................................................


WIND (MPH)
  HIGHEST WIND SPEED    28   HIGHEST WIND DIRECTION     N (350)
  HIGHEST GUST SPEED    32   HIGHEST GUST DIRECTION     N (350)
  AVERAGE WIND SPEED    14.6


SKY COVER
  AVERAGE SKY COVER 1.0


WEATHER CONDITIONS
 THE FOLLOWING WEATHER WAS RECORDED YESTERDAY.
  LIGHT SNOW
  FOG
  HAZE


RELATIVE HUMIDITY (PERCENT)
 HIGHEST    88           400 AM
 LOWEST     69          1200 PM
 AVERAGE    79

..........................................................


THE CUT BANK MT CLIMATE NORMALS FOR TODAY
                         NORMAL    RECORD    YEAR
 MAXIMUM TEMPERATURE (F)   33        57      1987
 MINIMUM TEMPERATURE (F)   14       -32      1956


SUNRISE AND SUNSET
DECEMBER  6 2016......SUNRISE   807 AM MST   SUNSET   434 PM MST
DECEMBER  7 2016......SUNRISE   808 AM MST   SUNSET   434 PM MST


-  INDICATES NEGATIVE NUMBERS.
R  INDICATES RECORD WAS SET OR TIED.
MM INDICATES DATA IS MISSING.
T  INDICATES TRACE AMOUNT.




$$
