898
CDUS45 KTFX 290727
CLICTB


CLIMATE REPORT
NATIONAL WEATHER SERVICE GREAT FALLS MT
126 AM MDT MON MAY 29 2017


...................................

...THE CUT BANK MT CLIMATE SUMMARY FOR MAY 28 2017...

CLIMATE NORMAL PERIOD 1981 TO 2010
CLIMATE RECORD PERIOD 1903 TO 2017


WEATHER ITEM   OBSERVED TIME   RECORD YEAR NORMAL DEPARTURE LAST
                VALUE   (LST)  VALUE       VALUE  FROM      YEAR
                                                  NORMAL
..................................................................
TEMPERATURE (F)
 YESTERDAY
  MAXIMUM         74    342 PM  90    1934  66      8       60
  MINIMUM         43    521 AM  25    1947  41      2       34
  AVERAGE         59                        53      6       47

PRECIPITATION (IN)
  YESTERDAY        0.00          1.48 1989   0.09  -0.09     0.00
  MONTH TO DATE    0.96                      1.68  -0.72     2.15
  SINCE OCT 1      6.45                      4.39   2.06     6.73
  SINCE JAN 1      5.02                      3.37   1.65     4.81

SNOWFALL (IN)
  YESTERDAY       MM
  SNOW DEPTH       0

DEGREE DAYS
 HEATING
  YESTERDAY        6                        12     -6       18
  MONTH TO DATE  368                       436    -68      445
  SINCE MAR 1   2076                      2196   -120     1860
  SINCE JUL 1   8427                      8256    171     7325

 COOLING
  YESTERDAY        0                         0      0        0
  MONTH TO DATE    0                         0      0        0
  SINCE MAR 1      0                         0      0        0
  SINCE JAN 1      0                         0      0        0
..................................................................


WIND (MPH)
  HIGHEST WIND SPEED    17   HIGHEST WIND DIRECTION    NE (40)
  HIGHEST GUST SPEED    23   HIGHEST GUST DIRECTION    NE (30)
  AVERAGE WIND SPEED     9.7


SKY COVER
  AVERAGE SKY COVER 0.1


WEATHER CONDITIONS
 THE FOLLOWING WEATHER WAS RECORDED YESTERDAY.
  NO SIGNIFICANT WEATHER WAS OBSERVED.


RELATIVE HUMIDITY (PERCENT)
 HIGHEST    89           500 AM
 LOWEST     29           400 PM
 AVERAGE    59

..........................................................


THE CUT BANK MT CLIMATE NORMALS FOR TODAY
                         NORMAL    RECORD    YEAR
 MAXIMUM TEMPERATURE (F)   66        90      1936
 MINIMUM TEMPERATURE (F)   41        23      1951


SUNRISE AND SUNSET
MAY 29 2017...........SUNRISE   534 AM MDT   SUNSET   921 PM MDT
MAY 30 2017...........SUNRISE   533 AM MDT   SUNSET   922 PM MDT


-  INDICATES NEGATIVE NUMBERS.
R  INDICATES RECORD WAS SET OR TIED.
MM INDICATES DATA IS MISSING.
T  INDICATES TRACE AMOUNT.




$$
