000
CDUS45 KTFX 162330
CLICTB


CLIMATE REPORT
NATIONAL WEATHER SERVICE GREAT FALLS MT
430 PM MST TUE JAN 16 2018


...................................

...THE CUT BANK MT CLIMATE SUMMARY FOR JANUARY 16 2018...
VALID TODAY AS OF 0400 PM LOCAL TIME.

CLIMATE NORMAL PERIOD 1981 TO 2010
CLIMATE RECORD PERIOD 1903 TO 2018


WEATHER ITEM   OBSERVED TIME   RECORD YEAR NORMAL DEPARTURE LAST
                VALUE   (LST)  VALUE       VALUE  FROM      YEAR
                                                  NORMAL
..................................................................
TEMPERATURE (F)
 TODAY
  MAXIMUM         45    235 PM  52    1958  33     12       39
  MINIMUM          0   1211 AM -36    1930  12    -12       20
  AVERAGE         23                        22      1       30

PRECIPITATION (IN)
  TODAY            0.00          0.15 1992   0.01  -0.01     0.00
  MONTH TO DATE    T                         0.11  -0.11     0.45
  SINCE OCT 1      1.05                      1.13  -0.08     1.88
  SINCE JAN 1      T                         0.11  -0.11     0.45

DEGREE DAYS
 HEATING
  TODAY           42                        43     -1       35
  MONTH TO DATE  732                       691     41      929
  SINCE DEC 1   2179                      2018    161     2574
  SINCE JUL 1   4403                      4281    122     4552

 COOLING
  TODAY            0                         0      0        0
  MONTH TO DATE    0                         0      0        0
  SINCE DEC 1      0                         0      0        0
  SINCE JAN 1      0                         0      0        0
..................................................................


WIND (MPH)
  HIGHEST WIND SPEED    46   HIGHEST WIND DIRECTION     W (250)
  HIGHEST GUST SPEED    54   HIGHEST GUST DIRECTION     W (250)
  AVERAGE WIND SPEED     7.4


SKY COVER
  AVERAGE SKY COVER 0.5


WEATHER CONDITIONS
 THE FOLLOWING WEATHER WAS RECORDED TODAY.
  FOG
  FOG W/VISIBILITY <= 1/4 MILE


RELATIVE HUMIDITY (PERCENT)
 HIGHEST    95          1200 AM
 LOWEST     53           300 PM
 AVERAGE    74

..........................................................


THE CUT BANK MT CLIMATE NORMALS FOR TOMORROW
                         NORMAL    RECORD    YEAR
 MAXIMUM TEMPERATURE (F)   33        52      1976
 MINIMUM TEMPERATURE (F)   12       -36      1950


SUNRISE AND SUNSET
JANUARY 16 2018.......SUNRISE   816 AM MST   SUNSET   503 PM MST
JANUARY 17 2018.......SUNRISE   815 AM MST   SUNSET   505 PM MST


-  INDICATES NEGATIVE NUMBERS.
R  INDICATES RECORD WAS SET OR TIED.
MM INDICATES DATA IS MISSING.
T  INDICATES TRACE AMOUNT.




$$
