000
CDUS45 KTFX 271036
CLICTB


CLIMATE REPORT
NATIONAL WEATHER SERVICE GREAT FALLS MT
435 AM MDT WED MAY 27 2015


...................................

...THE CUT BANK MT CLIMATE SUMMARY FOR MAY 26 2015...

CLIMATE NORMAL PERIOD 1981 TO 2010
CLIMATE RECORD PERIOD 1903 TO 2015


WEATHER ITEM   OBSERVED TIME   RECORD YEAR NORMAL DEPARTURE LAST
                VALUE   (LST)  VALUE       VALUE  FROM      YEAR
                                                  NORMAL
..................................................................
TEMPERATURE (F)
 YESTERDAY
  MAXIMUM         64    617 PM  88    1928  65     -1       69
  MINIMUM         49   1157 PM  17    1918  41      8       49
  AVERAGE         57                        53      4       59

PRECIPITATION (IN)
  YESTERDAY        0.14          0.96 1942   0.08   0.06     0.00
  MONTH TO DATE    1.33                      1.50  -0.17     0.92
  SINCE OCT 1      5.21                      4.21   1.00     5.62
  SINCE JAN 1      2.68                      3.19  -0.51     4.42

SNOWFALL (IN)
  YESTERDAY       MM
  SNOW DEPTH       0

DEGREE DAYS
 HEATING
  YESTERDAY        8                        12     -4        6
  MONTH TO DATE  455                       412     43      408
  SINCE MAR 1   1931                      2172   -241     2337
  SINCE JUL 1   7593                      8232   -639     8543

 COOLING
  YESTERDAY        0                         0      0        0
  MONTH TO DATE    0                         0      0        0
  SINCE MAR 1      0                         0      0        0
  SINCE JAN 1      0                         0      0        0
..................................................................


WIND (MPH)
  HIGHEST WIND SPEED    16   HIGHEST WIND DIRECTION    NW (300)
  HIGHEST GUST SPEED    21   HIGHEST GUST DIRECTION     W (280)
  AVERAGE WIND SPEED     6.7


SKY COVER
  AVERAGE SKY COVER 0.7


WEATHER CONDITIONS
 THE FOLLOWING WEATHER WAS RECORDED YESTERDAY.
  LIGHT RAIN
  FOG


RELATIVE HUMIDITY (PERCENT)
 HIGHEST    93           100 AM
 LOWEST     52           400 PM
 AVERAGE    73

..........................................................


THE CUT BANK MT CLIMATE NORMALS FOR TODAY
                         NORMAL    RECORD    YEAR
 MAXIMUM TEMPERATURE (F)   66        91      1936
 MINIMUM TEMPERATURE (F)   41        27      1911


SUNRISE AND SUNSET
MAY 27 2015...........SUNRISE   536 AM MDT   SUNSET   918 PM MDT
MAY 28 2015...........SUNRISE   535 AM MDT   SUNSET   919 PM MDT


-  INDICATES NEGATIVE NUMBERS.
R  INDICATES RECORD WAS SET OR TIED.
MM INDICATES DATA IS MISSING.
T  INDICATES TRACE AMOUNT.




$$
