000
CDUS42 KTAE 080633
CLICTY


CLIMATE REPORT
NATIONAL WEATHER SERVICE TALLAHASSEE FL
132 AM EST THU DEC 8 2016


...................................

...THE CROSS CITY  CLIMATE SUMMARY FOR DECEMBER 7 2016...

CLIMATE NORMAL PERIOD 1981 TO 2010
CLIMATE RECORD PERIOD 1948 TO 2016


WEATHER ITEM   OBSERVED TIME   NORMAL DEPARTURE LAST
                VALUE   (LST)  VALUE  FROM      YEAR
                                      NORMAL
......................................................
TEMPERATURE (F)
 YESTERDAY
  MAXIMUM         73    100 PM  69      4       76
  MINIMUM         50   1100 PM  45      5       46
  AVERAGE         62            57      5

PRECIPITATION (IN)
  YESTERDAY        0.00          0.09  -0.09     0.00
  MONTH TO DATE    3.09          0.65   2.44     0.26
  SINCE DEC 1      3.09          0.65   2.44     0.26
  SINCE JAN 1     62.69         46.49  16.20    65.88

DEGREE DAYS
 HEATING
  YESTERDAY        3             9     -6
  MONTH TO DATE   29            59    -30
  SINCE DEC 1     29            59    -30
  SINCE JUL 1    154           227    -73

 COOLING
  YESTERDAY        0             1     -1
  MONTH TO DATE   12             7      5
  SINCE DEC 1     12             7      5
  SINCE JAN 1   3033          2609    424
......................................................


WIND (MPH)
  RESULTANT WIND SPEED   3   RESULTANT WIND DIRECTION   W (260)
  HIGHEST WIND SPEED     9   HIGHEST WIND DIRECTION     W (260)
  HIGHEST GUST SPEED    20   HIGHEST GUST DIRECTION     W (280)
  AVERAGE WIND SPEED     2.7



WEATHER CONDITIONS
 THE FOLLOWING WEATHER WAS RECORDED YESTERDAY.
  FOG
  FOG W/VISIBILITY <= 1/4 MILE
  HAZE


RELATIVE HUMIDITY (PERCENT)
 HIGHEST   100
 LOWEST     61

..........................................................




SUNRISE AND SUNSET
DECEMBER  8 2016......SUNRISE   715 AM EST   SUNSET   534 PM EST
DECEMBER  9 2016......SUNRISE   716 AM EST   SUNSET   534 PM EST


-  INDICATES NEGATIVE NUMBERS.
R  INDICATES RECORD WAS SET OR TIED.
MM INDICATES DATA IS MISSING.
T  INDICATES TRACE AMOUNT.




$$
