000
CDUS42 KTAE 230642
CLICTY


CLIMATE REPORT
NATIONAL WEATHER SERVICE TALLAHASSEE FL
240 AM EDT TUE SEP 23 2014


...................................

...THE CROSS CITY (AWOS) CLIMATE SUMMARY FOR SEPTEMBER 22 2014...

CLIMATE NORMAL PERIOD 1981 TO 2010
CLIMATE RECORD PERIOD 1948 TO 2014


WEATHER ITEM   OBSERVED TIME   NORMAL DEPARTURE LAST
                VALUE   (LST)  VALUE  FROM      YEAR
                                      NORMAL
......................................................
TEMPERATURE (F)
 YESTERDAY
  MAXIMUM         90    103 PM  88      2
  MINIMUM         67    656 AM  67      0
  AVERAGE         79            77      2

PRECIPITATION (IN)
  YESTERDAY        0.03          0.12  -0.09     0.97
  MONTH TO DATE   10.34          3.57   6.77     1.78
  SINCE SEP 1     10.34          3.57   6.77     1.78
  SINCE JAN 1     50.72         38.94  11.78    54.56

DEGREE DAYS
 HEATING
  YESTERDAY        0             0      0
  MONTH TO DATE    0             0      0
  SINCE SEP 1      0             0      0
  SINCE JUL 1      0             0      0

 COOLING
  YESTERDAY       14            12      2
  MONTH TO DATE  331           311     20
  SINCE SEP 1    331           311     20
  SINCE JAN 1   2393          2249    144
......................................................


WIND (MPH)
  RESULTANT WIND SPEED   1   RESULTANT WIND DIRECTION   S (160)
  HIGHEST WIND SPEED    12   HIGHEST WIND DIRECTION    SW (210)
  HIGHEST GUST SPEED    14   HIGHEST GUST DIRECTION    SW (210)
  AVERAGE WIND SPEED     2.7



WEATHER CONDITIONS
 THE FOLLOWING WEATHER WAS RECORDED YESTERDAY.
  NO SIGNIFICANT WEATHER WAS OBSERVED.


RELATIVE HUMIDITY (PERCENT)
 HIGHEST   100
 LOWEST     56

..........................................................




SUNRISE AND SUNSET
SEPTEMBER 23 2014.....SUNRISE   721 AM EDT   SUNSET   728 PM EDT
SEPTEMBER 24 2014.....SUNRISE   722 AM EDT   SUNSET   726 PM EDT


-  INDICATES NEGATIVE NUMBERS.
R  INDICATES RECORD WAS SET OR TIED.
MM INDICATES DATA IS MISSING.
T  INDICATES TRACE AMOUNT.




$$
