000
CDUS42 KTAE 280633
CLICTY


CLIMATE REPORT
NATIONAL WEATHER SERVICE TALLAHASSEE FL
232 AM EDT TUE JUL 28 2015


...................................

...THE CROSS CITY  CLIMATE SUMMARY FOR JULY 27 2015...

CLIMATE NORMAL PERIOD 1981 TO 2010
CLIMATE RECORD PERIOD 1948 TO 2015


WEATHER ITEM   OBSERVED TIME   NORMAL DEPARTURE LAST
                VALUE   (LST)  VALUE  FROM      YEAR
                                      NORMAL
......................................................
TEMPERATURE (F)
 YESTERDAY
  MAXIMUM         93    236 PM  91      2       93
  MINIMUM         76    411 AM  72      4       76
  AVERAGE         85            82      3

PRECIPITATION (IN)
  YESTERDAY        2.87          0.20   2.67     0.00
  MONTH TO DATE   16.92          4.85  12.07     7.23
  SINCE JUN 1     24.20          9.94  14.26    11.00
  SINCE JAN 1     37.34         27.11  10.23    36.50

DEGREE DAYS
 HEATING
  YESTERDAY        0             0      0
  MONTH TO DATE    0             0      0
  SINCE JUN 1      0             0      0
  SINCE JUL 1      0             0      0

 COOLING
  YESTERDAY       20            17      3
  MONTH TO DATE  493           443     50
  SINCE JUN 1    994           890    104
  SINCE JAN 1   1833          1369    464
......................................................


WIND (MPH)
  RESULTANT WIND SPEED   2   RESULTANT WIND DIRECTION  NE (40)
  HIGHEST WIND SPEED    16   HIGHEST WIND DIRECTION    NE (30)
  HIGHEST GUST SPEED    21   HIGHEST GUST DIRECTION    NE (30)
  AVERAGE WIND SPEED     2.6



WEATHER CONDITIONS
 THE FOLLOWING WEATHER WAS RECORDED YESTERDAY.
  NO SIGNIFICANT WEATHER WAS OBSERVED.


RELATIVE HUMIDITY (PERCENT)
 HIGHEST   100
 LOWEST     56

..........................................................




SUNRISE AND SUNSET
JULY 28 2015..........SUNRISE   650 AM EDT   SUNSET   828 PM EDT
JULY 29 2015..........SUNRISE   650 AM EDT   SUNSET   827 PM EDT


-  INDICATES NEGATIVE NUMBERS.
R  INDICATES RECORD WAS SET OR TIED.
MM INDICATES DATA IS MISSING.
T  INDICATES TRACE AMOUNT.




$$
