000
CDUS42 KTAE 242137
CLICTY


CLIMATE REPORT
NATIONAL WEATHER SERVICE TALLAHASSEE FL
537 PM EDT TUE MAY 24 2016


...................................

...THE CROSS CITY  CLIMATE SUMMARY FOR MAY 24 2016...
VALID TODAY AS OF 0500 PM LOCAL TIME.

CLIMATE NORMAL PERIOD 1981 TO 2010
CLIMATE RECORD PERIOD 1948 TO 2016


WEATHER ITEM   OBSERVED TIME   NORMAL DEPARTURE LAST
                VALUE   (LST)  VALUE  FROM      YEAR
                                      NORMAL
......................................................
TEMPERATURE (F)
 TODAY
  MAXIMUM         92    216 PM  89      3       92
  MINIMUM         59    555 AM  64     -5       71
  AVERAGE         76            77     -1

PRECIPITATION (IN)
  TODAY            0.05          0.10  -0.05     0.00
  MONTH TO DATE    1.75          1.75   0.00     3.09
  SINCE MAR 1      9.72          8.92   0.80     6.39
  SINCE JAN 1     16.48         16.23   0.25    12.36

DEGREE DAYS
 HEATING
  TODAY            0
  MONTH TO DATE    4
  SINCE MAR 1     80
  SINCE JUL 1    811

 COOLING
  TODAY           11
  MONTH TO DATE  242
  SINCE MAR 1    548
  SINCE JAN 1    577
......................................................


WIND (MPH)
  RESULTANT WIND SPEED   2   RESULTANT WIND DIRECTION   E (90)
  HIGHEST WIND SPEED    12   HIGHEST WIND DIRECTION     N (20)
  HIGHEST GUST SPEED    15   HIGHEST GUST DIRECTION    NE (30)
  AVERAGE WIND SPEED     2.8



WEATHER CONDITIONS
 THE FOLLOWING WEATHER WAS RECORDED TODAY.
  NO SIGNIFICANT WEATHER WAS OBSERVED.


RELATIVE HUMIDITY (PERCENT)
 HIGHEST    87
 LOWEST     32
 AVERAGE    60

..........................................................


THE CROSS CITY  CLIMATE NORMALS FOR TOMORROW
                         NORMAL
 MAXIMUM TEMPERATURE (F)   90
 MINIMUM TEMPERATURE (F)   65



-  INDICATES NEGATIVE NUMBERS.
R  INDICATES RECORD WAS SET OR TIED.
MM INDICATES DATA IS MISSING.
T  INDICATES TRACE AMOUNT.




$$
