000
CDUS42 KTAE 220632
CLICTY


CLIMATE REPORT
NATIONAL WEATHER SERVICE TALLAHASSEE FL
231 AM EDT THU JUN 22 2017


...................................

...THE CROSS CITY  CLIMATE SUMMARY FOR JUNE 21 2017...

CLIMATE NORMAL PERIOD 1981 TO 2010
CLIMATE RECORD PERIOD 1948 TO 2017


WEATHER ITEM   OBSERVED TIME   NORMAL DEPARTURE LAST
                VALUE   (LST)  VALUE  FROM      YEAR
                                      NORMAL
......................................................
TEMPERATURE (F)
 YESTERDAY
  MAXIMUM         90    400 PM  91     -1       91
  MINIMUM         75   1100 PM  70      5       64
  AVERAGE         83            80      3

PRECIPITATION (IN)
  YESTERDAY        0.51          0.21   0.30     0.00
  MONTH TO DATE   13.29          3.39   9.90     3.96
  SINCE JUN 1     13.29          3.39   9.90     3.96
  SINCE JAN 1     23.45         20.56   2.89    20.71

DEGREE DAYS
 HEATING
  YESTERDAY        0             0      0
  MONTH TO DATE    0             0      0
  SINCE JUN 1      0             0      0
  SINCE JUL 1    758          1306   -548

 COOLING
  YESTERDAY       18            15      3
  MONTH TO DATE  291           306    -15
  SINCE JUN 1    291           306    -15
  SINCE JAN 1    892           785    107
......................................................


WIND (MPH)
  RESULTANT WIND SPEED   4   RESULTANT WIND DIRECTION  SE (130)
  HIGHEST WIND SPEED    10   HIGHEST WIND DIRECTION     S (170)
  HIGHEST GUST SPEED    MM   HIGHEST GUST DIRECTION    MM
  AVERAGE WIND SPEED     5.1



WEATHER CONDITIONS
 THE FOLLOWING WEATHER WAS RECORDED YESTERDAY.
  THUNDERSTORM
  RAIN
  LIGHT RAIN
  FOG


RELATIVE HUMIDITY (PERCENT)
 HIGHEST   100
 LOWEST     68

..........................................................




SUNRISE AND SUNSET
JUNE 22 2017..........SUNRISE   633 AM EDT   SUNSET   836 PM EDT
JUNE 23 2017..........SUNRISE   633 AM EDT   SUNSET   836 PM EDT


-  INDICATES NEGATIVE NUMBERS.
R  INDICATES RECORD WAS SET OR TIED.
MM INDICATES DATA IS MISSING.
T  INDICATES TRACE AMOUNT.




$$
