000
CDUS42 KTAE 310636
CLICTY


CLIMATE REPORT
NATIONAL WEATHER SERVICE TALLAHASSEE FL
134 AM EST SAT JAN 31 2015


...................................

...THE CROSS CITY CLIMATE SUMMARY FOR JANUARY 30 2015...

CLIMATE NORMAL PERIOD 1981 TO 2010
CLIMATE RECORD PERIOD 1948 TO 2015


WEATHER ITEM   OBSERVED TIME   NORMAL DEPARTURE LAST
                VALUE   (LST)  VALUE  FROM      YEAR
                                      NORMAL
......................................................
TEMPERATURE (F)
 YESTERDAY
  MAXIMUM         70    236 PM  68      2
  MINIMUM         38   1159 PM  42     -4
  AVERAGE         54            55     -1

PRECIPITATION (IN)
  YESTERDAY        0.00          0.10  -0.10     0.00
  MONTH TO DATE    2.94          3.94  -1.00     4.94
  SINCE DEC 1      6.18          6.46  -0.28     6.76
  SINCE JAN 1      2.94          3.94  -1.00     4.94

DEGREE DAYS
 HEATING
  YESTERDAY       11            11      0
  MONTH TO DATE  292           363    -71
  SINCE DEC 1    501           700   -199
  SINCE JUL 1    786           868    -82

 COOLING
  YESTERDAY        0             1     -1
  MONTH TO DATE   16             2     14
  SINCE DEC 1     54            20     34
  SINCE JAN 1     16             2     14
......................................................


WIND (MPH)
  RESULTANT WIND SPEED   4   RESULTANT WIND DIRECTION   N (350)
  HIGHEST WIND SPEED    17   HIGHEST WIND DIRECTION     N (10)
  HIGHEST GUST SPEED    23   HIGHEST GUST DIRECTION     N (10)
  AVERAGE WIND SPEED     5.3



WEATHER CONDITIONS
 THE FOLLOWING WEATHER WAS RECORDED YESTERDAY.
  NO SIGNIFICANT WEATHER WAS OBSERVED.


RELATIVE HUMIDITY (PERCENT)
 HIGHEST   100
 LOWEST     24

..........................................................




SUNRISE AND SUNSET
JANUARY 31 2015.......SUNRISE   723 AM EST   SUNSET   609 PM EST
FEBRUARY  1 2015......SUNRISE   722 AM EST   SUNSET   610 PM EST


-  INDICATES NEGATIVE NUMBERS.
R  INDICATES RECORD WAS SET OR TIED.
MM INDICATES DATA IS MISSING.
T  INDICATES TRACE AMOUNT.




$$
