000
CDUS42 KTAE 190631
CLICTY


CLIMATE REPORT
NATIONAL WEATHER SERVICE TALLAHASSEE FL
230 AM EDT SAT AUG 19 2017


...................................

...THE CROSS CITY  CLIMATE SUMMARY FOR AUGUST 18 2017...

CLIMATE NORMAL PERIOD 1981 TO 2010
CLIMATE RECORD PERIOD 1948 TO 2017


WEATHER ITEM   OBSERVED TIME   NORMAL DEPARTURE LAST
                VALUE   (LST)  VALUE  FROM      YEAR
                                      NORMAL
......................................................
TEMPERATURE (F)
 YESTERDAY
  MAXIMUM         86        MM  91     -5       MM
  MINIMUM         74        MM  72      2       MM
  AVERAGE         80            81     -1

PRECIPITATION (IN)
  YESTERDAY        1.93          0.24   1.69    MM
  MONTH TO DATE    9.90          4.09   5.81    12.96
  SINCE JUN 1     34.03         14.84  19.19    24.61
  SINCE JAN 1     44.19         32.01  12.18    41.36

DEGREE DAYS
 HEATING
  YESTERDAY        0             0      0
  MONTH TO DATE    0             0      0
  SINCE JUN 1      0             0      0
  SINCE JUL 1      0             0      0

 COOLING
  YESTERDAY       15            16     -1
  MONTH TO DATE  308           298     10
  SINCE JUN 1   1285          1253     32
  SINCE JAN 1   1886          1732    154
......................................................


WIND (MPH)
  RESULTANT WIND SPEED   1   RESULTANT WIND DIRECTION   S (200)
  HIGHEST WIND SPEED    15   HIGHEST WIND DIRECTION     W (250)
  HIGHEST GUST SPEED    20   HIGHEST GUST DIRECTION     W (250)
  AVERAGE WIND SPEED     3.6



WEATHER CONDITIONS
 THE FOLLOWING WEATHER WAS RECORDED YESTERDAY.
  THUNDERSTORM
  HEAVY RAIN
  RAIN
  LIGHT RAIN
  FOG


RELATIVE HUMIDITY (PERCENT)
 HIGHEST   100
 LOWEST     77

..........................................................




SUNRISE AND SUNSET
AUGUST 19 2017........SUNRISE   703 AM EDT   SUNSET   809 PM EDT
AUGUST 20 2017........SUNRISE   703 AM EDT   SUNSET   808 PM EDT


-  INDICATES NEGATIVE NUMBERS.
R  INDICATES RECORD WAS SET OR TIED.
MM INDICATES DATA IS MISSING.
T  INDICATES TRACE AMOUNT.




$$
