000
CDUS42 KTAE 242135
CLICTY


CLIMATE REPORT
NATIONAL WEATHER SERVICE TALLAHASSEE FL
535 PM EDT FRI MAR 24 2017


...................................

...THE CROSS CITY  CLIMATE SUMMARY FOR MARCH 24 2017...
VALID TODAY AS OF 0500 PM LOCAL TIME.

CLIMATE NORMAL PERIOD 1981 TO 2010
CLIMATE RECORD PERIOD 1948 TO 2017


WEATHER ITEM   OBSERVED TIME   NORMAL DEPARTURE LAST
                VALUE   (LST)  VALUE  FROM      YEAR
                                      NORMAL
......................................................
TEMPERATURE (F)
 TODAY
  MAXIMUM         81    115 PM  77      4       83
  MINIMUM         54    355 AM  50      4       49
  AVERAGE         68            64      4

PRECIPITATION (IN)
  TODAY            0.00          0.14  -0.14     0.21
  MONTH TO DATE    0.86          3.27  -2.41     2.71
  SINCE MAR 1      0.86          3.27  -2.41     2.71
  SINCE JAN 1      3.41         10.58  -7.17     9.47

DEGREE DAYS
 HEATING
  TODAY            0
  MONTH TO DATE  135
  SINCE MAR 1    135
  SINCE JUL 1    734

 COOLING
  TODAY            3
  MONTH TO DATE   37
  SINCE MAR 1     37
  SINCE JAN 1     99
......................................................


WIND (MPH)
  RESULTANT WIND SPEED   7   RESULTANT WIND DIRECTION   E (80)
  HIGHEST WIND SPEED    14   HIGHEST WIND DIRECTION     E (90)
  HIGHEST GUST SPEED    23   HIGHEST GUST DIRECTION     E (80)
  AVERAGE WIND SPEED     8.1



WEATHER CONDITIONS
 THE FOLLOWING WEATHER WAS RECORDED TODAY.
  FOG


RELATIVE HUMIDITY (PERCENT)
 HIGHEST   100
 LOWEST     33
 AVERAGE    67

..........................................................


THE CROSS CITY  CLIMATE NORMALS FOR TOMORROW
                         NORMAL
 MAXIMUM TEMPERATURE (F)   77
 MINIMUM TEMPERATURE (F)   50



-  INDICATES NEGATIVE NUMBERS.
R  INDICATES RECORD WAS SET OR TIED.
MM INDICATES DATA IS MISSING.
T  INDICATES TRACE AMOUNT.




$$
