000
CDUS42 KCAE 280537
CLICUB


CLIMATE REPORT
NATIONAL WEATHER SERVICE COLUMBIA SC
1237 AM EST SAT FEB 28 2015


...................................

...THE HAMILTON - OWENS AIRPORT SC CLIMATE SUMMARY FOR FEBRUARY 27 2015...

CLIMATE NORMAL PERIOD 1981 TO 2010
CLIMATE RECORD PERIOD 9999 TO 9999


WEATHER ITEM   OBSERVED TIME   NORMAL DEPARTURE LAST
                VALUE   (LST)  VALUE  FROM      YEAR
                                      NORMAL
......................................................
TEMPERATURE (F)
 YESTERDAY
  MAXIMUM         56    507 PM  64     -8       58
  MINIMUM         35    102 AM  40     -5       32
  AVERAGE         46            52     -6       45

PRECIPITATION (IN)
  YESTERDAY        0.00          0.15  -0.15     0.00
  MONTH TO DATE    4.51          3.51   1.00     2.62
  SINCE DEC 1     12.09         10.34   1.75    12.17
  SINCE JAN 1      7.91          7.14   0.77     6.38

DEGREE DAYS
 HEATING
  YESTERDAY       19            13      6       20
  MONTH TO DATE  581           423    158      415
  SINCE DEC 1   1629          1544     85     1559
  SINCE JUL 1   2104          1915    189     1973

 COOLING
  YESTERDAY        0             0      0        0
  MONTH TO DATE    0             0      0        6
  SINCE DEC 1      0             5     -5       20
  SINCE JAN 1      0             1     -1        6
......................................................


WIND (MPH)
  HIGHEST WIND SPEED     8   HIGHEST WIND DIRECTION     E (70)
  HIGHEST GUST SPEED    13   HIGHEST GUST DIRECTION     E (80)
  AVERAGE WIND SPEED     1.5


SKY COVER
  AVERAGE SKY COVER 0.5


WEATHER CONDITIONS
 THE FOLLOWING WEATHER WAS RECORDED YESTERDAY.
  FOG


RELATIVE HUMIDITY (PERCENT)
 HIGHEST    92          1200 AM
 LOWEST     38           400 PM

..........................................................


THE HAMILTON - OWENS AIRPORT SC CLIMATE NORMALS FOR TODAY
                         NORMAL    RECORD    YEAR
 MAXIMUM TEMPERATURE (F)   64        MM        MM
 MINIMUM TEMPERATURE (F)   41        MM        MM


SUNRISE AND SUNSET
FEBRUARY 28 2015......SUNRISE   654 AM EST   SUNSET   619 PM EST
MARCH  1 2015.........SUNRISE   653 AM EST   SUNSET   620 PM EST


-  INDICATES NEGATIVE NUMBERS.
R  INDICATES RECORD WAS SET OR TIED.
MM INDICATES DATA IS MISSING.
T  INDICATES TRACE AMOUNT.




$$
