000
CDUS42 KCAE 010529
CLICUB


CLIMATE REPORT
NATIONAL WEATHER SERVICE COLUMBIA SC
128 AM EDT SAT OCT 1 2016


...................................

...THE HAMILTON - OWENS AIRPORT SC CLIMATE SUMMARY FOR SEPTEMBER 30 2016...

CLIMATE NORMAL PERIOD 1981 TO 2010
CLIMATE RECORD PERIOD 9999 TO 9999


WEATHER ITEM   OBSERVED TIME   NORMAL DEPARTURE LAST
                VALUE   (LST)  VALUE  FROM      YEAR
                                      NORMAL
......................................................
TEMPERATURE (F)
 YESTERDAY
  MAXIMUM         85    331 PM  82      3       86
  MINIMUM         61   1159 PM  61      0       74
  AVERAGE         73            71      2       80

PRECIPITATION (IN)
  YESTERDAY        0.00          0.12  -0.12     0.00
  MONTH TO DATE    5.56          4.04   1.52     6.07
  SINCE SEP 1      5.56          4.04   1.52     6.07
  SINCE JAN 1     33.29         35.89  -2.60    38.35

DEGREE DAYS
 HEATING
  YESTERDAY        0             1     -1        0
  MONTH TO DATE    0             1     -1        0
  SINCE SEP 1      0             3     -3        0
  SINCE JUL 1      0             3     -3        0

 COOLING
  YESTERDAY        8             7      1       15
  MONTH TO DATE  442           329    113      352
  SINCE SEP 1    442           329    113      352
  SINCE JAN 1   2676          2147    529     2503
......................................................


WIND (MPH)
  HIGHEST WIND SPEED    14   HIGHEST WIND DIRECTION     W (260)
  HIGHEST GUST SPEED    18   HIGHEST GUST DIRECTION     S (190)
  AVERAGE WIND SPEED     2.5


SKY COVER
  AVERAGE SKY COVER 0.0


WEATHER CONDITIONS
 THE FOLLOWING WEATHER WAS RECORDED YESTERDAY.
  HAZE


RELATIVE HUMIDITY (PERCENT)
 HIGHEST    84           700 AM
 LOWEST     26           500 PM

..........................................................


THE HAMILTON - OWENS AIRPORT SC CLIMATE NORMALS FOR TODAY
                         NORMAL    RECORD    YEAR
 MAXIMUM TEMPERATURE (F)   81        MM        MM
 MINIMUM TEMPERATURE (F)   61        MM        MM


SUNRISE AND SUNSET
OCTOBER  1 2016.......SUNRISE   719 AM EDT   SUNSET   708 PM EDT
OCTOBER  2 2016.......SUNRISE   719 AM EDT   SUNSET   706 PM EDT


-  INDICATES NEGATIVE NUMBERS.
R  INDICATES RECORD WAS SET OR TIED.
MM INDICATES DATA IS MISSING.
T  INDICATES TRACE AMOUNT.




$$
