000
CDUS42 KCAE 240531
CLICUB


CLIMATE REPORT
NATIONAL WEATHER SERVICE COLUMBIA SC
130 AM EDT FRI OCT 24 2014


...................................

...THE HAMILTON - OWENS AIRPORT SC CLIMATE SUMMARY FOR OCTOBER 23 2014...

CLIMATE NORMAL PERIOD 1981 TO 2010
CLIMATE RECORD PERIOD 9999 TO 9999


WEATHER ITEM   OBSERVED TIME   RECORD YEAR NORMAL DEPARTURE LAST
                VALUE   (LST)  VALUE       VALUE  FROM      YEAR
                                                  NORMAL
..................................................................
TEMPERATURE (F)
 YESTERDAY
  MAXIMUM         72    416 PM  MM      MM  74     -2       73
  MINIMUM         44    705 AM  MM      MM  52     -8       49
  AVERAGE         58                        63     -5       61

PRECIPITATION (IN)
  YESTERDAY        0.00         MM      MM   0.10  -0.10     0.00
  MONTH TO DATE    2.57                      2.60  -0.03     0.15
  SINCE SEP 1      8.11                      6.64   1.47     2.10
  SINCE JAN 1     37.77                     38.49  -0.72    44.99

DEGREE DAYS
 HEATING
  YESTERDAY        7                         4      3        4
  MONTH TO DATE   37                        47    -10       12
  SINCE SEP 1     41                        50     -9       12
  SINCE JUL 1     41                        50     -9       12

 COOLING
  YESTERDAY        0                         2     -2        0
  MONTH TO DATE  114                        85     29      126
  SINCE SEP 1    462                       414     48      471
  SINCE JAN 1   2389                      2232    157     2199
..................................................................


WIND (MPH)
  HIGHEST WIND SPEED    10   HIGHEST WIND DIRECTION    NW (300)
  HIGHEST GUST SPEED    16   HIGHEST GUST DIRECTION    NW (310)
  AVERAGE WIND SPEED     2.3


SKY COVER
  AVERAGE SKY COVER 0.0


WEATHER CONDITIONS
 THE FOLLOWING WEATHER WAS RECORDED YESTERDAY.
  FOG


RELATIVE HUMIDITY (PERCENT)
 HIGHEST    89           300 AM
 LOWEST     31           200 PM

..........................................................


THE HAMILTON - OWENS AIRPORT SC CLIMATE NORMALS FOR TODAY
                         NORMAL    RECORD    YEAR
 MAXIMUM TEMPERATURE (F)   74        MM        MM
 MINIMUM TEMPERATURE (F)   51        MM        MM


SUNRISE AND SUNSET
OCTOBER 24 2014.......SUNRISE   736 AM EDT   SUNSET   639 PM EDT
OCTOBER 25 2014.......SUNRISE   737 AM EDT   SUNSET   638 PM EDT


-  INDICATES NEGATIVE NUMBERS.
R  INDICATES RECORD WAS SET OR TIED.
MM INDICATES DATA IS MISSING.
T  INDICATES TRACE AMOUNT.




$$
