000
CDUS42 KCAE 222124
CLICUB


CLIMATE REPORT
NATIONAL WEATHER SERVICE COLUMBIA SC
523 PM EDT MON SEP 22 2014


...................................

...THE HAMILTON - OWENS AIRPORT SC CLIMATE SUMMARY FOR SEPTEMBER 22 2014...
VALID TODAY AS OF 0500 PM LOCAL TIME.

CLIMATE NORMAL PERIOD 1981 TO 2010
CLIMATE RECORD PERIOD 9999 TO 9999


WEATHER ITEM   OBSERVED TIME   RECORD YEAR NORMAL DEPARTURE LAST
                VALUE   (LST)  VALUE       VALUE  FROM      YEAR
                                                  NORMAL
..................................................................
TEMPERATURE (F)
 TODAY
  MAXIMUM         77   1214 PM  MM      MM  84     -7       83
  MINIMUM         71    357 PM  MM      MM  64      7       64
  AVERAGE         74                        74      0       74

PRECIPITATION (IN)
  TODAY            0.03         MM      MM   0.11  -0.08     0.00
  MONTH TO DATE    5.34                      3.08   2.26     0.87
  SINCE SEP 1      5.34                      3.08   2.26     0.87
  SINCE JAN 1     35.00                     34.93   0.07    43.76

DEGREE DAYS
 HEATING
  TODAY            0                         0      0        0
  MONTH TO DATE    0                         0      0        0
  SINCE SEP 1      0                         0      0        0
  SINCE JUL 1      0                         0      0        0

 COOLING
  TODAY            9                         9      0        9
  MONTH TO DATE  309                       266     43      310
  SINCE SEP 1    309                       266     43      310
  SINCE JAN 1   2236                      2084    152     2038
..................................................................


WIND (MPH)
  HIGHEST WIND SPEED    12   HIGHEST WIND DIRECTION     W (290)
  HIGHEST GUST SPEED    18   HIGHEST GUST DIRECTION    NW (310)
  AVERAGE WIND SPEED     3.0


SKY COVER
  AVERAGE SKY COVER 0.8


WEATHER CONDITIONS
 THE FOLLOWING WEATHER WAS RECORDED TODAY.
  LIGHT RAIN
  FOG


RELATIVE HUMIDITY (PERCENT)
 HIGHEST    84           800 AM
 LOWEST     54          1100 AM
 AVERAGE    69

..........................................................


THE HAMILTON - OWENS AIRPORT SC CLIMATE NORMALS FOR TOMORROW
                         NORMAL    RECORD    YEAR
 MAXIMUM TEMPERATURE (F)   84        MM        MM
 MINIMUM TEMPERATURE (F)   64        MM        MM


SUNRISE AND SUNSET
SEPTEMBER 22 2014.....SUNRISE   712 AM EDT   SUNSET   721 PM EDT
SEPTEMBER 23 2014.....SUNRISE   713 AM EDT   SUNSET   719 PM EDT


-  INDICATES NEGATIVE NUMBERS.
R  INDICATES RECORD WAS SET OR TIED.
MM INDICATES DATA IS MISSING.
T  INDICATES TRACE AMOUNT.




$$
