000
CDUS42 KCAE 242223
CLICUB


CLIMATE REPORT
NATIONAL WEATHER SERVICE COLUMBIA SC
522 PM EST TUE JAN 24 2017


...................................

...THE HAMILTON - OWENS AIRPORT SC CLIMATE SUMMARY FOR JANUARY 24 2017...
VALID TODAY AS OF 0500 PM LOCAL TIME.

CLIMATE NORMAL PERIOD 1981 TO 2010
CLIMATE RECORD PERIOD 9999 TO 9999


WEATHER ITEM   OBSERVED TIME   NORMAL DEPARTURE LAST
                VALUE   (LST)  VALUE  FROM      YEAR
                                      NORMAL
......................................................
TEMPERATURE (F)
 TODAY
  MAXIMUM         67    342 PM  57     10       52
  MINIMUM         49    808 AM  36     13       27
  AVERAGE         58            46     12       40

PRECIPITATION (IN)
  TODAY            0.00          0.13  -0.13     0.00
  MONTH TO DATE    6.06          2.65   3.41     1.41
  SINCE DEC 1      9.44          5.85   3.59     6.65
  SINCE JAN 1      6.06          2.65   3.41     1.41

DEGREE DAYS
 HEATING
  TODAY            7            19    -12       25
  MONTH TO DATE  236           468   -232      505
  SINCE DEC 1    685           997   -312      699
  SINCE JUL 1    946          1368   -422      946

 COOLING
  TODAY            0             0      0        0
  MONTH TO DATE    2             0      2        0
  SINCE DEC 1      3             4     -1       56
  SINCE JAN 1      2             0      2        0
......................................................


WIND (MPH)
  HIGHEST WIND SPEED    15   HIGHEST WIND DIRECTION     W (290)
  HIGHEST GUST SPEED    22   HIGHEST GUST DIRECTION     W (290)
  AVERAGE WIND SPEED     8.8


SKY COVER
  AVERAGE SKY COVER 0.1


WEATHER CONDITIONS
 THE FOLLOWING WEATHER WAS RECORDED TODAY.
  NO SIGNIFICANT WEATHER WAS OBSERVED.


RELATIVE HUMIDITY (PERCENT)
 HIGHEST    77           100 AM
 LOWEST     37           400 PM
 AVERAGE    57

..........................................................


THE HAMILTON - OWENS AIRPORT SC CLIMATE NORMALS FOR TOMORROW
                         NORMAL
 MAXIMUM TEMPERATURE (F)   57
 MINIMUM TEMPERATURE (F)   36


SUNRISE AND SUNSET
JANUARY 24 2017.......SUNRISE   726 AM EST   SUNSET   547 PM EST
JANUARY 25 2017.......SUNRISE   725 AM EST   SUNSET   548 PM EST


-  INDICATES NEGATIVE NUMBERS.
R  INDICATES RECORD WAS SET OR TIED.
MM INDICATES DATA IS MISSING.
T  INDICATES TRACE AMOUNT.




$$
