000
CDUS42 KCAE 062129
CLICUB


CLIMATE REPORT
NATIONAL WEATHER SERVICE COLUMBIA SC
528 PM EDT MON JUL 6 2015


...................................

...THE HAMILTON - OWENS AIRPORT SC CLIMATE SUMMARY FOR JULY 6 2015...
VALID TODAY AS OF 0500 PM LOCAL TIME.

CLIMATE NORMAL PERIOD 1981 TO 2010
CLIMATE RECORD PERIOD 9999 TO 9999


WEATHER ITEM   OBSERVED TIME   NORMAL DEPARTURE LAST
                VALUE   (LST)  VALUE  FROM      YEAR
                                      NORMAL
......................................................
TEMPERATURE (F)
 TODAY
  MAXIMUM         90    341 PM  93     -3       87
  MINIMUM         71   1250 AM  72     -1       69
  AVERAGE         81            82     -1       78

PRECIPITATION (IN)
  TODAY            0.00          0.20  -0.20     0.00
  MONTH TO DATE    1.14          1.15  -0.01     0.10
  SINCE JUN 1      8.55          6.06   2.49     3.26
  SINCE JAN 1     23.69         22.88   0.81    21.22

DEGREE DAYS
 HEATING
  TODAY            0             0      0        0
  MONTH TO DATE    0             0      0        0
  SINCE JUN 1      0             0      0        0
  SINCE JUL 1      0             0      0        0

 COOLING
  TODAY           16            17     -1       13
  MONTH TO DATE   93           102     -9      101
  SINCE JUN 1    639           535    104      595
  SINCE JAN 1   1068           871    197      988
......................................................


WIND (MPH)
  HIGHEST WIND SPEED    10   HIGHEST WIND DIRECTION     S (180)
  HIGHEST GUST SPEED    15   HIGHEST GUST DIRECTION    SW (210)
  AVERAGE WIND SPEED     4.7


SKY COVER
  AVERAGE SKY COVER 0.6


WEATHER CONDITIONS
 THE FOLLOWING WEATHER WAS RECORDED TODAY.
  FOG


RELATIVE HUMIDITY (PERCENT)
 HIGHEST    93          1200 AM
 LOWEST     50           400 PM
 AVERAGE    72

..........................................................


THE HAMILTON - OWENS AIRPORT SC CLIMATE NORMALS FOR TOMORROW
                         NORMAL
 MAXIMUM TEMPERATURE (F)   93
 MINIMUM TEMPERATURE (F)   72


SUNRISE AND SUNSET
JULY  6 2015..........SUNRISE   619 AM EDT   SUNSET   839 PM EDT
JULY  7 2015..........SUNRISE   619 AM EDT   SUNSET   838 PM EDT


-  INDICATES NEGATIVE NUMBERS.
R  INDICATES RECORD WAS SET OR TIED.
MM INDICATES DATA IS MISSING.
T  INDICATES TRACE AMOUNT.




$$
