000
CDUS42 KCAE 231149
CLICUB


CLIMATE REPORT
NATIONAL WEATHER SERVICE COLUMBIA SC
747 AM EDT THU MAR 23 2017


...................................

...THE HAMILTON - OWENS AIRPORT SC CLIMATE SUMMARY FOR MARCH 22 2017...

CLIMATE NORMAL PERIOD 1981 TO 2010
CLIMATE RECORD PERIOD 9999 TO 9999


WEATHER ITEM   OBSERVED TIME   NORMAL DEPARTURE LAST
                VALUE   (LST)  VALUE  FROM      YEAR
                                      NORMAL
......................................................
TEMPERATURE (F)
 YESTERDAY
  MAXIMUM         73    204 PM  70      3       71
  MINIMUM         48   1057 PM  46      2       36
  AVERAGE         61            58      3       54

PRECIPITATION (IN)
  YESTERDAY        T             0.11  -0.11     0.00
  MONTH TO DATE    2.19          2.79  -0.60     0.92
  SINCE MAR 1      2.19          2.79  -0.60     0.92
  SINCE JAN 1      9.89         10.07  -0.18     5.84

DEGREE DAYS
 HEATING
  YESTERDAY        4             7     -3       11
  MONTH TO DATE  255           219     36      125
  SINCE MAR 1    255           219     36      125
  SINCE JUL 1   1519          2148   -629     1625

 COOLING
  YESTERDAY        0             1     -1        0
  MONTH TO DATE   14             2     12       55
  SINCE MAR 1     14             2     12       55
  SINCE JAN 1     32             5     27       58
......................................................


WIND (MPH)
  HIGHEST WIND SPEED    12   HIGHEST WIND DIRECTION     E (70)
  HIGHEST GUST SPEED    20   HIGHEST GUST DIRECTION    NE (60)
  AVERAGE WIND SPEED     4.5


SKY COVER
  AVERAGE SKY COVER 0.2


WEATHER CONDITIONS
 THE FOLLOWING WEATHER WAS RECORDED YESTERDAY.
  LIGHT RAIN


RELATIVE HUMIDITY (PERCENT)
 HIGHEST    93           200 AM
 LOWEST     25           700 PM

..........................................................


THE HAMILTON - OWENS AIRPORT SC CLIMATE NORMALS FOR TODAY
                         NORMAL    RECORD    YEAR
 MAXIMUM TEMPERATURE (F)   71        MM        MM
 MINIMUM TEMPERATURE (F)   47        MM        MM


SUNRISE AND SUNSET
MARCH 23 2017.........SUNRISE   723 AM EDT   SUNSET   738 PM EDT
MARCH 24 2017.........SUNRISE   722 AM EDT   SUNSET   739 PM EDT


-  INDICATES NEGATIVE NUMBERS.
R  INDICATES RECORD WAS SET OR TIED.
MM INDICATES DATA IS MISSING.
T  INDICATES TRACE AMOUNT.




$$
