000
CDUS42 KCAE 280526
CLICUB


CLIMATE REPORT
NATIONAL WEATHER SERVICE COLUMBIA SC
126 AM EDT SAT MAR 28 2015


...................................

...THE HAMILTON - OWENS AIRPORT SC CLIMATE SUMMARY FOR MARCH 27 2015...

CLIMATE NORMAL PERIOD 1981 TO 2010
CLIMATE RECORD PERIOD 9999 TO 9999


WEATHER ITEM   OBSERVED TIME   NORMAL DEPARTURE LAST
                VALUE   (LST)  VALUE  FROM      YEAR
                                      NORMAL
......................................................
TEMPERATURE (F)
 YESTERDAY
  MAXIMUM         68   1254 AM  72     -4       67
  MINIMUM         46   1159 PM  48     -2       31
  AVERAGE         57            60     -3       49

PRECIPITATION (IN)
  YESTERDAY        0.26          0.13   0.13     0.00
  MONTH TO DATE    2.62          3.38  -0.76     3.24
  SINCE MAR 1      2.62          3.38  -0.76     3.24
  SINCE JAN 1     10.54         10.66  -0.12     9.62

DEGREE DAYS
 HEATING
  YESTERDAY        8             6      2       16
  MONTH TO DATE  161           251    -90      367
  SINCE MAR 1    161           251    -90      367
  SINCE JUL 1   2287          2180    107     2359

 COOLING
  YESTERDAY        0             1     -1        0
  MONTH TO DATE   21             7     14        0
  SINCE MAR 1     21             7     14        0
  SINCE JAN 1     21            10     11        6
......................................................


WIND (MPH)
  HIGHEST WIND SPEED    12   HIGHEST WIND DIRECTION     N (360)
  HIGHEST GUST SPEED    19   HIGHEST GUST DIRECTION     N (20)
  AVERAGE WIND SPEED     5.3


SKY COVER
  AVERAGE SKY COVER 0.8


WEATHER CONDITIONS
 THE FOLLOWING WEATHER WAS RECORDED YESTERDAY.
  RAIN
  LIGHT RAIN
  FOG


RELATIVE HUMIDITY (PERCENT)
 HIGHEST    87          1000 AM
 LOWEST     63          1200 AM

..........................................................


THE HAMILTON - OWENS AIRPORT SC CLIMATE NORMALS FOR TODAY
                         NORMAL    RECORD    YEAR
 MAXIMUM TEMPERATURE (F)   72        MM        MM
 MINIMUM TEMPERATURE (F)   48        MM        MM


SUNRISE AND SUNSET
MARCH 28 2015.........SUNRISE   717 AM EDT   SUNSET   742 PM EDT
MARCH 29 2015.........SUNRISE   716 AM EDT   SUNSET   742 PM EDT


-  INDICATES NEGATIVE NUMBERS.
R  INDICATES RECORD WAS SET OR TIED.
MM INDICATES DATA IS MISSING.
T  INDICATES TRACE AMOUNT.




$$
