208
CDUS42 KCAE 062225
CLICUB


CLIMATE REPORT
NATIONAL WEATHER SERVICE COLUMBIA SC
524 PM EST TUE DEC 6 2016


...................................

...THE HAMILTON - OWENS AIRPORT SC CLIMATE SUMMARY FOR DECEMBER 6 2016...
VALID TODAY AS OF 0500 PM LOCAL TIME.

CLIMATE NORMAL PERIOD 1981 TO 2010
CLIMATE RECORD PERIOD 9999 TO 9999


WEATHER ITEM   OBSERVED TIME   NORMAL DEPARTURE LAST
                VALUE   (LST)  VALUE  FROM      YEAR
                                      NORMAL
......................................................
TEMPERATURE (F)
 TODAY
  MAXIMUM         54    548 AM  61     -7       65
  MINIMUM         51    505 PM  40     11       38
  AVERAGE         53            50      3       52

PRECIPITATION (IN)
  TODAY            0.41          0.11   0.30     0.00
  MONTH TO DATE    1.54          0.66   0.88     0.44
  SINCE DEC 1      1.54          0.66   0.88     0.44
  SINCE JAN 1     41.42         42.86  -1.44    59.81

DEGREE DAYS
 HEATING
  TODAY           12            15     -3       13
  MONTH TO DATE   82            86     -4       70
  SINCE DEC 1     82            86     -4       70
  SINCE JUL 1    343           457   -114      317

 COOLING
  TODAY            0             0      0        0
  MONTH TO DATE    0             0      0        0
  SINCE DEC 1      0             0      0        0
  SINCE JAN 1   2850          2256    594     2593
......................................................


WIND (MPH)
  HIGHEST WIND SPEED    12   HIGHEST WIND DIRECTION     E (70)
  HIGHEST GUST SPEED    19   HIGHEST GUST DIRECTION     E (80)
  AVERAGE WIND SPEED     4.1


SKY COVER
  AVERAGE SKY COVER 1.0


WEATHER CONDITIONS
 THE FOLLOWING WEATHER WAS RECORDED TODAY.
  RAIN
  LIGHT RAIN
  FOG


RELATIVE HUMIDITY (PERCENT)
 HIGHEST    93          1200 AM
 LOWEST     89           900 AM
 AVERAGE    91

..........................................................


THE HAMILTON - OWENS AIRPORT SC CLIMATE NORMALS FOR TOMORROW
                         NORMAL
 MAXIMUM TEMPERATURE (F)   61
 MINIMUM TEMPERATURE (F)   39


SUNRISE AND SUNSET
DECEMBER  6 2016......SUNRISE   716 AM EST   SUNSET   515 PM EST
DECEMBER  7 2016......SUNRISE   716 AM EST   SUNSET   515 PM EST


-  INDICATES NEGATIVE NUMBERS.
R  INDICATES RECORD WAS SET OR TIED.
MM INDICATES DATA IS MISSING.
T  INDICATES TRACE AMOUNT.




$$
