000
CDUS43 KUNR 210834
CLICUT


CLIMATE REPORT
NATIONAL WEATHER SERVICE RAPID CITY SD
134 AM MST FRI NOV 21 2014


...................................

...THE CUSTER COUNTY AIRPORT SD CLIMATE SUMMARY FOR NOVEMBER 20 2014...

CLIMATE NORMAL PERIOD 1981 TO 2010
CLIMATE RECORD PERIOD 9999 TO 9999


WEATHER ITEM   OBSERVED TIME   NORMAL DEPARTURE LAST
                VALUE   (LST)  VALUE  FROM      YEAR
                                      NORMAL
......................................................
TEMPERATURE (F)
 YESTERDAY
  MAXIMUM         43    331 PM  40      3       47
  MINIMUM         17    307 AM  19     -2       16
  AVERAGE         30            30      0       32

PRECIPITATION (IN)
  YESTERDAY        0.00          0.02  -0.02     0.01
  MONTH TO DATE    0.85          0.44   0.41     0.49
  SINCE SEP 1      5.48          3.48   2.00     5.35
  SINCE JAN 1     19.99         18.40   1.59    21.30

DEGREE DAYS
 HEATING
  YESTERDAY       35            35      0       33
  MONTH TO DATE  781           624    157      632
  SINCE SEP 1   1606          1649    -43     1663
  SINCE JUL 1   1737          1803    -66     1760

 COOLING
  YESTERDAY        0             0      0        0
  MONTH TO DATE    0             0      0        0
  SINCE SEP 1     18            11      7       38
  SINCE JAN 1    152           177    -25      187
......................................................


WIND (MPH)
  HIGHEST WIND SPEED    15   HIGHEST WIND DIRECTION     W (270)
  HIGHEST GUST SPEED    21   HIGHEST GUST DIRECTION     W (270)
  AVERAGE WIND SPEED     6.3


SKY COVER
  AVERAGE SKY COVER 0.0


WEATHER CONDITIONS
 THE FOLLOWING WEATHER WAS RECORDED YESTERDAY.
  NO SIGNIFICANT WEATHER WAS OBSERVED.


RELATIVE HUMIDITY (PERCENT)
 HIGHEST    62
 LOWEST     33
 AVERAGE    48

..........................................................




SUNRISE AND SUNSET
NOVEMBER 21 2014......SUNRISE   656 AM MST   SUNSET   424 PM MST
NOVEMBER 22 2014......SUNRISE   658 AM MST   SUNSET   423 PM MST


-  INDICATES NEGATIVE NUMBERS.
R  INDICATES RECORD WAS SET OR TIED.
MM INDICATES DATA IS MISSING.
T  INDICATES TRACE AMOUNT.




$$
