881
CDUS43 KUNR 190839
CLICUT


CLIMATE REPORT
NATIONAL WEATHER SERVICE RAPID CITY SD
238 AM MDT TUE SEP 19 2017


...................................

...THE CUSTER COUNTY AIRPORT SD CLIMATE SUMMARY FOR SEPTEMBER 18 2017...

CLIMATE NORMAL PERIOD 1981 TO 2010
CLIMATE RECORD PERIOD 9999 TO 9999


WEATHER ITEM   OBSERVED TIME   NORMAL DEPARTURE LAST
                VALUE   (LST)  VALUE  FROM      YEAR
                                      NORMAL
......................................................
TEMPERATURE (F)
 YESTERDAY
  MAXIMUM         72    426 PM  67      5       78
  MINIMUM         38    534 AM  40     -2       47
  AVERAGE         55            53      2       63

PRECIPITATION (IN)
  YESTERDAY        0.00          0.05  -0.05     0.00
  MONTH TO DATE    0.88          1.06  -0.18     1.13
  SINCE SEP 1      0.88          1.06  -0.18     1.13
  SINCE JAN 1     18.45         15.98   2.47    13.97

DEGREE DAYS
 HEATING
  YESTERDAY       10            12     -2        2
  MONTH TO DATE   99           155    -56      152
  SINCE SEP 1     99           155    -56      152
  SINCE JUL 1    200           309   -109      288

 COOLING
  YESTERDAY        0             0      0        0
  MONTH TO DATE   27            11     16        7
  SINCE SEP 1     27            11     16        7
  SINCE JAN 1    235           177     58      259
......................................................


WIND (MPH)
  HIGHEST WIND SPEED    15   HIGHEST WIND DIRECTION     W (250)
  HIGHEST GUST SPEED    23   HIGHEST GUST DIRECTION    SW (210)
  AVERAGE WIND SPEED     5.9


SKY COVER
  AVERAGE SKY COVER 0.0


WEATHER CONDITIONS
 THE FOLLOWING WEATHER WAS RECORDED YESTERDAY.
  NO SIGNIFICANT WEATHER WAS OBSERVED.


RELATIVE HUMIDITY (PERCENT)
 HIGHEST    93
 LOWEST     19
 AVERAGE    56

..........................................................




SUNRISE AND SUNSET
SEPTEMBER 19 2017.....SUNRISE   639 AM MDT   SUNSET   657 PM MDT
SEPTEMBER 20 2017.....SUNRISE   640 AM MDT   SUNSET   655 PM MDT


-  INDICATES NEGATIVE NUMBERS.
R  INDICATES RECORD WAS SET OR TIED.
MM INDICATES DATA IS MISSING.
T  INDICATES TRACE AMOUNT.




$$
