000
CDUS43 KUNR 280848
CLICUT


CLIMATE REPORT
NATIONAL WEATHER SERVICE RAPID CITY SD
246 AM MDT THU MAY 28 2015


...................................

...THE CUSTER COUNTY AIRPORT SD CLIMATE SUMMARY FOR MAY 27 2015...

CLIMATE NORMAL PERIOD 1981 TO 2010
CLIMATE RECORD PERIOD 9999 TO 9999


WEATHER ITEM   OBSERVED TIME   NORMAL DEPARTURE LAST
                VALUE   (LST)  VALUE  FROM      YEAR
                                      NORMAL
......................................................
TEMPERATURE (F)
 YESTERDAY
  MAXIMUM         65    528 PM  63      2       74
  MINIMUM         43    255 AM  40      3       48
  AVERAGE         54            52      2       61

PRECIPITATION (IN)
  YESTERDAY        0.00          0.10  -0.10     0.17
  MONTH TO DATE    5.82          2.66   3.16     2.59
  SINCE MAR 1      8.13          5.79   2.34     5.86
  SINCE JAN 1      8.53          6.65   1.88     7.19

DEGREE DAYS
 HEATING
  YESTERDAY       11            14     -3        4
  MONTH TO DATE  544           467     77      465
  SINCE MAR 1   2084          2282   -198     2288
  SINCE JUL 1   7533          8117   -584     8146

 COOLING
  YESTERDAY        0             0      0        0
  MONTH TO DATE    0             0      0        0
  SINCE MAR 1      0             0      0        0
  SINCE JAN 1      0             0      0        0
......................................................


WIND (MPH)
  HIGHEST WIND SPEED    13   HIGHEST WIND DIRECTION     S (200)
  HIGHEST GUST SPEED    20   HIGHEST GUST DIRECTION    SW (230)
  AVERAGE WIND SPEED     3.9


SKY COVER
  AVERAGE SKY COVER 0.4


WEATHER CONDITIONS
 THE FOLLOWING WEATHER WAS RECORDED YESTERDAY.
  THUNDERSTORM
  FOG


RELATIVE HUMIDITY (PERCENT)
 HIGHEST    93
 LOWEST     48
 AVERAGE    71

..........................................................




SUNRISE AND SUNSET
MAY 28 2015...........SUNRISE   518 AM MDT   SUNSET   826 PM MDT
MAY 29 2015...........SUNRISE   517 AM MDT   SUNSET   827 PM MDT


-  INDICATES NEGATIVE NUMBERS.
R  INDICATES RECORD WAS SET OR TIED.
MM INDICATES DATA IS MISSING.
T  INDICATES TRACE AMOUNT.




$$
