000
CDUS43 KUNR 200849
CLICUT


CLIMATE REPORT
NATIONAL WEATHER SERVICE RAPID CITY SD
247 AM MDT THU JUL 20 2017


...................................

...THE CUSTER COUNTY AIRPORT SD CLIMATE SUMMARY FOR JULY 19 2017...

CLIMATE NORMAL PERIOD 1981 TO 2010
CLIMATE RECORD PERIOD 9999 TO 9999


WEATHER ITEM   OBSERVED TIME   NORMAL DEPARTURE LAST
                VALUE   (LST)  VALUE  FROM      YEAR
                                      NORMAL
......................................................
TEMPERATURE (F)
 YESTERDAY
  MAXIMUM         96   1155 AM  80     16       91
  MINIMUM         58    331 AM  52      6       58
  AVERAGE         77            66     11       75

PRECIPITATION (IN)
  YESTERDAY        T             0.08  -0.08     0.00
  MONTH TO DATE    1.34          1.52  -0.18     1.43
  SINCE JUN 1      2.68          4.74  -2.06     4.13
  SINCE JAN 1     10.56         11.85  -1.29     8.71

DEGREE DAYS
 HEATING
  YESTERDAY        0             2     -2        0
  MONTH TO DATE    3            42    -39       36
  SINCE JUN 1    158           262   -104       92
  SINCE JUL 1      3            42    -39       36

 COOLING
  YESTERDAY       12             3      9       10
  MONTH TO DATE  106            47     59       53
  SINCE JUN 1    126            72     54      130
  SINCE JAN 1    126            73     53      130
......................................................


WIND (MPH)
  HIGHEST WIND SPEED    24   HIGHEST WIND DIRECTION     E (70)
  HIGHEST GUST SPEED    29   HIGHEST GUST DIRECTION     E (80)
  AVERAGE WIND SPEED    10.8


SKY COVER
  AVERAGE SKY COVER 0.1


WEATHER CONDITIONS
 THE FOLLOWING WEATHER WAS RECORDED YESTERDAY.
  THUNDERSTORM
  LIGHT RAIN


RELATIVE HUMIDITY (PERCENT)
 HIGHEST    93
 LOWEST     14
 AVERAGE    54

..........................................................




SUNRISE AND SUNSET
JULY 20 2017..........SUNRISE   531 AM MDT   SUNSET   830 PM MDT
JULY 21 2017..........SUNRISE   532 AM MDT   SUNSET   829 PM MDT


-  INDICATES NEGATIVE NUMBERS.
R  INDICATES RECORD WAS SET OR TIED.
MM INDICATES DATA IS MISSING.
T  INDICATES TRACE AMOUNT.




$$
