000
CDUS41 KILN 292053
CLICVG


CLIMATE REPORT
NATIONAL WEATHER SERVICE WILMINGTON OH
453 PM EDT THU SEP 29 2016


...................................

...THE CINCINNATI OH CLIMATE SUMMARY FOR SEPTEMBER 29 2016...
VALID TODAY AS OF 0400 PM LOCAL TIME.

CLIMATE NORMAL PERIOD 1981 TO 2010
CLIMATE RECORD PERIOD 1869 TO 2016


WEATHER ITEM   OBSERVED TIME   RECORD YEAR NORMAL DEPARTURE LAST
                VALUE   (LST)  VALUE       VALUE  FROM      YEAR
                                                  NORMAL
..................................................................
TEMPERATURE (F)
 TODAY
  MAXIMUM         68    311 PM  97    1953  73     -5       72
  MINIMUM         50   1235 AM  33    1962  51     -1       66
  AVERAGE         59                        62     -3       69

PRECIPITATION (IN)
  TODAY            0.00          1.74 1896   0.10  -0.10     1.10
  MONTH TO DATE    2.28                      2.54  -0.26     2.02
  SINCE SEP 1      2.28                      2.54  -0.26     2.02
  SINCE JAN 1     35.36                     32.33   3.03    34.23

SNOWFALL (IN)
  TODAY            0.0          MM      MM   0.0    0.0      0.0
  MONTH TO DATE    0.0                       0.0    0.0      0.0
  SINCE SEP 1      0.0                       0.0    0.0      0.0
  SINCE JUL 1      0.0                       0.0    0.0      0.0
  SNOW DEPTH       0

DEGREE DAYS
 HEATING
  TODAY            6                         5      1        0
  MONTH TO DATE   19                        53    -34       14
  SINCE SEP 1     19                        53    -34       14
  SINCE JUL 1     19                        53    -34       16

 COOLING
  TODAY            0                         2     -2        4
  MONTH TO DATE  236                       135    101      184
  SINCE SEP 1    236                       135    101      184
  SINCE JAN 1   1411                      1103    308     1139
..................................................................


WIND (MPH)
  HIGHEST WIND SPEED     6   HIGHEST WIND DIRECTION     N (10)
  HIGHEST GUST SPEED    13   HIGHEST GUST DIRECTION    NW (300)
  AVERAGE WIND SPEED     2.9


SKY COVER
  POSSIBLE SUNSHINE  MM
  AVERAGE SKY COVER 1.0


WEATHER CONDITIONS
 THE FOLLOWING WEATHER WAS RECORDED TODAY.
  FOG
  FOG W/VISIBILITY <= 1/4 MILE


RELATIVE HUMIDITY (PERCENT)
 HIGHEST   100          1200 AM
 LOWEST     63           300 PM
 AVERAGE    82

..........................................................


THE CINCINNATI OH CLIMATE NORMALS FOR TOMORROW
                         NORMAL    RECORD    YEAR
 MAXIMUM TEMPERATURE (F)   72        92      1953
                                             1941
 MINIMUM TEMPERATURE (F)   51        31      1993


SUNRISE AND SUNSET
SEPTEMBER 29 2016.....SUNRISE   733 AM EDT   SUNSET   724 PM EDT
SEPTEMBER 30 2016.....SUNRISE   734 AM EDT   SUNSET   722 PM EDT


-  INDICATES NEGATIVE NUMBERS.
R  INDICATES RECORD WAS SET OR TIED.
MM INDICATES DATA IS MISSING.
T  INDICATES TRACE AMOUNT.




$$
