000
CDUS41 KILN 022056
CLICVG


CLIMATE REPORT
NATIONAL WEATHER SERVICE WILMINGTON OH
456 PM EDT SUN AUG 2 2015


...................................

...THE CINCINNATI OH CLIMATE SUMMARY FOR AUGUST 2 2015...
VALID TODAY AS OF 0400 PM LOCAL TIME.

CLIMATE NORMAL PERIOD 1981 TO 2010
CLIMATE RECORD PERIOD 1869 TO 2015


WEATHER ITEM   OBSERVED TIME   RECORD YEAR NORMAL DEPARTURE LAST
                VALUE   (LST)  VALUE       VALUE  FROM      YEAR
                                                  NORMAL
..................................................................
TEMPERATURE (F)
 TODAY
  MAXIMUM         87    327 PM  98    1991  85      2       83
                                      1955
                                      1899
  MINIMUM         60    543 AM  50    1920  66     -6       62
  AVERAGE         74                        76     -2       73

PRECIPITATION (IN)
  TODAY            0.00          2.68 1932   0.12  -0.12      T
  MONTH TO DATE    0.00                      0.25  -0.25      T
  SINCE JUN 1     12.37                      8.04   4.33     9.05
  SINCE JAN 1     29.60                     26.63   2.97    26.52

SNOWFALL (IN)
  TODAY            0.0           0.0    MM   0.0    0.0      0.0
  MONTH TO DATE    0.0                       0.0    0.0      0.0
  SINCE JUN 1      0.0                       0.0    0.0      0.0
  SINCE JUL 1      0.0                       0.0    0.0      0.0
  SNOW DEPTH       0

DEGREE DAYS
 HEATING
  TODAY            0                         0      0        0
  MONTH TO DATE    0                         0      0        0
  SINCE JUN 1     19                        15      4        8
  SINCE JUL 1      0                         0      0        5

 COOLING
  TODAY            9                        11     -2        8
  MONTH TO DATE   16                        22     -6       15
  SINCE JUN 1    594                       587      7      506
  SINCE JAN 1    743                       681     62      640
..................................................................


WIND (MPH)
  HIGHEST WIND SPEED    13   HIGHEST WIND DIRECTION    SW (220)
  HIGHEST GUST SPEED    17   HIGHEST GUST DIRECTION     S (200)
  AVERAGE WIND SPEED     4.1


SKY COVER
  POSSIBLE SUNSHINE  MM
  AVERAGE SKY COVER 0.4


WEATHER CONDITIONS
 THE FOLLOWING WEATHER WAS RECORDED TODAY.
  NO SIGNIFICANT WEATHER WAS OBSERVED.


RELATIVE HUMIDITY (PERCENT)
 HIGHEST   100           300 AM
 LOWEST     44           100 PM
 AVERAGE    72

..........................................................


THE CINCINNATI OH CLIMATE NORMALS FOR TOMORROW
                         NORMAL    RECORD    YEAR
 MAXIMUM TEMPERATURE (F)   85       101      1964
 MINIMUM TEMPERATURE (F)   66        46      1965


SUNRISE AND SUNSET
AUGUST  2 2015........SUNRISE   640 AM EDT   SUNSET   849 PM EDT
AUGUST  3 2015........SUNRISE   641 AM EDT   SUNSET   848 PM EDT


-  INDICATES NEGATIVE NUMBERS.
R  INDICATES RECORD WAS SET OR TIED.
MM INDICATES DATA IS MISSING.
T  INDICATES TRACE AMOUNT.




$$
