000
CDUS41 KILN 170550
CLICVG


CLIMATE REPORT
NATIONAL WEATHER SERVICE WILMINGTON OH
1249 AM EST WED DEC 17 2014


...................................

...THE CINCINNATI OH CLIMATE SUMMARY FOR DECEMBER 16 2014...

CLIMATE NORMAL PERIOD 1981 TO 2010
CLIMATE RECORD PERIOD 1869 TO 2014


WEATHER ITEM   OBSERVED TIME   RECORD YEAR NORMAL DEPARTURE LAST
                VALUE   (LST)  VALUE       VALUE  FROM      YEAR
                                                  NORMAL
..................................................................
TEMPERATURE (F)
 YESTERDAY
  MAXIMUM         53    432 AM  67    1984  41     12       36
  MINIMUM         36   1159 PM  -7    1989  26     10       27
  AVERAGE         45                        34     11       32

PRECIPITATION (IN)
  YESTERDAY        0.20          1.50 2000   0.10   0.10     0.05
  MONTH TO DATE    2.61                      1.75   0.86     2.33
  SINCE DEC 1      2.61                      1.75   0.86     2.33
  SINCE JAN 1     41.30                     40.90   0.40    46.90

SNOWFALL (IN)
  YESTERDAY        0.0           4.1  2010   0.2   -0.2      0.5
  MONTH TO DATE    T                         2.0   -2.0     10.1
  SINCE DEC 1      T                         2.0   -2.0     10.1
  SINCE JUL 1      5.1                       2.8    2.3     12.5
  SNOW DEPTH       0

DEGREE DAYS
 HEATING
  YESTERDAY       20                        31    -11       33
  MONTH TO DATE  403                       465    -62      506
  SINCE DEC 1    403                       465    -62      506
  SINCE JUL 1   1541                      1425    116     1542

 COOLING
  YESTERDAY        0                         0      0        0
  MONTH TO DATE    0                         0      0        0
  SINCE DEC 1      0                         0      0        0
  SINCE JAN 1   1077                      1121    -44     1150
..................................................................


WIND (MPH)
  RESULTANT WIND SPEED   9   RESULTANT WIND DIRECTION  SW (230)
  HIGHEST WIND SPEED    22   HIGHEST WIND DIRECTION     W (260)
  HIGHEST GUST SPEED    30   HIGHEST GUST DIRECTION    SW (240)
  AVERAGE WIND SPEED    12.3


SKY COVER
  POSSIBLE SUNSHINE  MM
  AVERAGE SKY COVER 1.0


WEATHER CONDITIONS
 THE FOLLOWING WEATHER WAS RECORDED YESTERDAY.
  THUNDERSTORM
  LIGHT RAIN
  FOG
  HAZE


RELATIVE HUMIDITY (PERCENT)
 HIGHEST    83           400 AM
 LOWEST     71          1100 AM
 AVERAGE    77

..........................................................


THE CINCINNATI OH CLIMATE NORMALS FOR TODAY
                         NORMAL    RECORD    YEAR
 MAXIMUM TEMPERATURE (F)   41        67      1984
 MINIMUM TEMPERATURE (F)   26        -9      1989


SUNRISE AND SUNSET
DECEMBER 17 2014......SUNRISE   752 AM EST   SUNSET   518 PM EST
DECEMBER 18 2014......SUNRISE   752 AM EST   SUNSET   518 PM EST


-  INDICATES NEGATIVE NUMBERS.
R  INDICATES RECORD WAS SET OR TIED.
MM INDICATES DATA IS MISSING.
T  INDICATES TRACE AMOUNT.




$$
