000
CDUS41 KILN 220541
CLICVG


CLIMATE REPORT
NATIONAL WEATHER SERVICE WILMINGTON OH
131 AM EDT SUN OCT 22 2017


...................................

...THE CINCINNATI OH CLIMATE SUMMARY FOR OCTOBER 21 2017...

CLIMATE NORMAL PERIOD 1981 TO 2010
CLIMATE RECORD PERIOD 1869 TO 2017


WEATHER ITEM   OBSERVED TIME   RECORD YEAR NORMAL DEPARTURE LAST
                VALUE   (LST)  VALUE       VALUE  FROM      YEAR
                                                  NORMAL
..................................................................
TEMPERATURE (F)
 YESTERDAY
  MAXIMUM         72    310 PM  85    1953  64      8       57
                                      1947
  MINIMUM         52    735 AM  20    1952  44      8       46
  AVERAGE         62                        54      8       52

PRECIPITATION (IN)
  YESTERDAY        0.00          1.46 1929   0.11  -0.11     0.19
  MONTH TO DATE    2.76                      2.24   0.52     2.92
  SINCE SEP 1      5.17                      4.87   0.30     5.41
  SINCE JAN 1     41.96                     34.66   7.30    38.49

SNOWFALL (IN)
  YESTERDAY        0.0                       0.0    0.0      0.0
  MONTH TO DATE    0.0                       0.2   -0.2      0.0
  SINCE SEP 1      0.0                       0.2   -0.2      0.0
  SINCE JUL 1      0.0                       0.2   -0.2      0.0
  SNOW DEPTH       0

DEGREE DAYS
 HEATING
  YESTERDAY        3                        11     -8       13
  MONTH TO DATE   65                       176   -111       66
  SINCE SEP 1    109                       234   -125       88
  SINCE JUL 1    110                       234   -124       88

 COOLING
  YESTERDAY        0                         0      0        0
  MONTH TO DATE   45                        16     29       56
  SINCE SEP 1    177                       153     24      292
  SINCE JAN 1   1108                      1121    -13     1467
..................................................................


WIND (MPH)
  RESULTANT WIND SPEED   5   RESULTANT WIND DIRECTION   S (180)
  HIGHEST WIND SPEED    13   HIGHEST WIND DIRECTION     S (200)
  HIGHEST GUST SPEED    16   HIGHEST GUST DIRECTION     S (200)
  AVERAGE WIND SPEED     6.1


SKY COVER
  POSSIBLE SUNSHINE  MM
  AVERAGE SKY COVER 0.7


WEATHER CONDITIONS
 THE FOLLOWING WEATHER WAS RECORDED YESTERDAY.
  NO SIGNIFICANT WEATHER WAS OBSERVED.


RELATIVE HUMIDITY (PERCENT)
 HIGHEST   100           600 AM
 LOWEST     44           300 PM
 AVERAGE    72

..........................................................


THE CINCINNATI OH CLIMATE NORMALS FOR TODAY
                         NORMAL    RECORD    YEAR
 MAXIMUM TEMPERATURE (F)   64        87      1947
 MINIMUM TEMPERATURE (F)   44        23      1987
                                             1930


SUNRISE AND SUNSET
OCTOBER 22 2017.......SUNRISE   756 AM EDT   SUNSET   650 PM EDT
OCTOBER 23 2017.......SUNRISE   757 AM EDT   SUNSET   649 PM EDT


-  INDICATES NEGATIVE NUMBERS.
R  INDICATES RECORD WAS SET OR TIED.
MM INDICATES DATA IS MISSING.
T  INDICATES TRACE AMOUNT.




$$
