000
CDUS41 KILN 150630
CLICVG


CLIMATE REPORT
NATIONAL WEATHER SERVICE WILMINGTON OH
130 AM EST FRI DEC 15 2017


...................................

...THE CINCINNATI OH CLIMATE SUMMARY FOR DECEMBER 14 2017...

CLIMATE NORMAL PERIOD 1981 TO 2010
CLIMATE RECORD PERIOD 1869 TO 2017


WEATHER ITEM   OBSERVED TIME   RECORD YEAR NORMAL DEPARTURE LAST
                VALUE   (LST)  VALUE       VALUE  FROM      YEAR
                                                  NORMAL
..................................................................
TEMPERATURE (F)
 YESTERDAY
  MAXIMUM         39   1213 AM  69    1975  42     -3       28
  MINIMUM         23    916 PM   0    1901  27     -4       14
  AVERAGE         31                        34     -3       21

PRECIPITATION (IN)
  YESTERDAY        0.00          2.05 1948   0.10  -0.10     0.00
  MONTH TO DATE    0.69                      1.55  -0.86     1.21
  SINCE DEC 1      0.69                      1.55  -0.86     1.21
  SINCE JAN 1     48.75                     40.70   8.05    41.21

SNOWFALL (IN)
  YESTERDAY        0.0           4.5  1901   0.2   -0.2      0.0
  MONTH TO DATE    0.9                       1.7   -0.8      1.3
  SINCE DEC 1      0.9                       1.7   -0.8      1.3
  SINCE JUL 1      0.9                       2.5   -1.6      1.3
  SNOW DEPTH       0

DEGREE DAYS
 HEATING
  YESTERDAY       34                        31      3       44
  MONTH TO DATE  423                       403     20      446
  SINCE DEC 1    423                       403     20      446
  SINCE JUL 1   1314                      1363    -49     1128

 COOLING
  YESTERDAY        0                         0      0        0
  MONTH TO DATE    0                         0      0        0
  SINCE DEC 1      0                         0      0        0
  SINCE JAN 1   1111                      1121    -10     1477
..................................................................


WIND (MPH)
  RESULTANT WIND SPEED   8   RESULTANT WIND DIRECTION   N (340)
  HIGHEST WIND SPEED    35   HIGHEST WIND DIRECTION     W (280)
  HIGHEST GUST SPEED    44   HIGHEST GUST DIRECTION     W (270)
  AVERAGE WIND SPEED    10.1


SKY COVER
  POSSIBLE SUNSHINE  MM
  AVERAGE SKY COVER 1.0


WEATHER CONDITIONS
 THE FOLLOWING WEATHER WAS RECORDED YESTERDAY.
  NO SIGNIFICANT WEATHER WAS OBSERVED.


RELATIVE HUMIDITY (PERCENT)
 HIGHEST    74           800 AM
 LOWEST     63           400 AM
 AVERAGE    69

..........................................................


THE CINCINNATI OH CLIMATE NORMALS FOR TODAY
                         NORMAL    RECORD    YEAR
 MAXIMUM TEMPERATURE (F)   41        66      1933
 MINIMUM TEMPERATURE (F)   27        -7      1917
                                             1901


SUNRISE AND SUNSET
DECEMBER 15 2017......SUNRISE   751 AM EST   SUNSET   517 PM EST
DECEMBER 16 2017......SUNRISE   751 AM EST   SUNSET   518 PM EST


-  INDICATES NEGATIVE NUMBERS.
R  INDICATES RECORD WAS SET OR TIED.
MM INDICATES DATA IS MISSING.
T  INDICATES TRACE AMOUNT.




$$
