000
CDUS41 KILN 050527
CLICVG


CLIMATE REPORT
NATIONAL WEATHER SERVICE WILMINGTON OH
126 AM EDT SUN JUL 5 2015


...................................

...THE CINCINNATI OH CLIMATE SUMMARY FOR JULY 4 2015...

CLIMATE NORMAL PERIOD 1981 TO 2010
CLIMATE RECORD PERIOD 1869 TO 2015


WEATHER ITEM   OBSERVED TIME   RECORD YEAR NORMAL DEPARTURE LAST
                VALUE   (LST)  VALUE       VALUE  FROM      YEAR
                                                  NORMAL
..................................................................
TEMPERATURE (F)
 YESTERDAY
  MAXIMUM         81    409 PM 102    1911  86     -5       79
  MINIMUM         67    637 AM  50    1968  66      1       51
  AVERAGE         74                        76     -2       65

PRECIPITATION (IN)
  YESTERDAY        0.00          1.87 1932   0.11  -0.11     0.00
  MONTH TO DATE    1.69                      0.45   1.24     0.61
  SINCE JUN 1      9.02                      4.48   4.54     6.83
  SINCE JAN 1     26.25                     23.07   3.18    24.30

SNOWFALL (IN)
  YESTERDAY        0.0           0.0    MM   0.0    0.0      0.0
  MONTH TO DATE    0.0                       0.0    0.0      0.0
  SINCE JUN 1      0.0                       0.0    0.0      0.0
  SINCE JUL 1      0.0                       0.0    0.0      0.0
  SNOW DEPTH       0

DEGREE DAYS
 HEATING
  YESTERDAY        0                         0      0        0
  MONTH TO DATE    0                         0      0        0
  SINCE JUN 1     19                        15      4        3
  SINCE JUL 1      0                         0      0        0

 COOLING
  YESTERDAY        9                        11     -2        0
  MONTH TO DATE   28                        42    -14       27
  SINCE JUN 1    287                       268     19      301
  SINCE JAN 1    436                       362     74      435
..................................................................


WIND (MPH)
  RESULTANT WIND SPEED   4   RESULTANT WIND DIRECTION   N (10)
  HIGHEST WIND SPEED    10   HIGHEST WIND DIRECTION     N (350)
  HIGHEST GUST SPEED    14   HIGHEST GUST DIRECTION     N (360)
  AVERAGE WIND SPEED     4.9


SKY COVER
  POSSIBLE SUNSHINE  MM
  AVERAGE SKY COVER 0.8


WEATHER CONDITIONS
 THE FOLLOWING WEATHER WAS RECORDED YESTERDAY.
  FOG
  HAZE


RELATIVE HUMIDITY (PERCENT)
 HIGHEST    93           300 AM
 LOWEST     54           300 PM
 AVERAGE    74

..........................................................


THE CINCINNATI OH CLIMATE NORMALS FOR TODAY
                         NORMAL    RECORD    YEAR
 MAXIMUM TEMPERATURE (F)   86        99      2012
 MINIMUM TEMPERATURE (F)   66        48      1963


SUNRISE AND SUNSET
JULY  5 2015..........SUNRISE   619 AM EDT   SUNSET   908 PM EDT
JULY  6 2015..........SUNRISE   619 AM EDT   SUNSET   907 PM EDT


-  INDICATES NEGATIVE NUMBERS.
R  INDICATES RECORD WAS SET OR TIED.
MM INDICATES DATA IS MISSING.
T  INDICATES TRACE AMOUNT.




$$
