000
CDUS41 KILN 010549
CLICVG


CLIMATE REPORT
NATIONAL WEATHER SERVICE WILMINGTON OH
148 AM EDT FRI AUG 1 2014


...................................

...THE CINCINNATI OH CLIMATE SUMMARY FOR JULY 31 2014...

CLIMATE NORMAL PERIOD 1981 TO 2010
CLIMATE RECORD PERIOD 1869 TO 2014


WEATHER ITEM   OBSERVED TIME   RECORD YEAR NORMAL DEPARTURE LAST
                VALUE   (LST)  VALUE       VALUE  FROM      YEAR
                                                  NORMAL
..................................................................
TEMPERATURE (F)
 YESTERDAY
  MAXIMUM         83    412 PM 100    1913  85     -2       77
  MINIMUM         61    622 AM  50    1993  66     -5       65
  AVERAGE         72                        76     -4       71

PRECIPITATION (IN)
  YESTERDAY        0.00          2.67 1926   0.12  -0.12     0.09
  MONTH TO DATE    2.83                      3.76  -0.93     5.46
  SINCE JUN 1      9.05                      7.79   1.26    11.48
  SINCE JAN 1     26.52                     26.38   0.14    29.36

SNOWFALL (IN)
  YESTERDAY        0.0           0.0    MM   0.0    0.0      0.0
  MONTH TO DATE    0.0                       0.0    0.0      0.0
  SINCE JUN 1      0.0                       0.0    0.0      0.0
  SINCE JUL 1      0.0                       0.0    0.0      0.0
  SNOW DEPTH       0

DEGREE DAYS
 HEATING
  YESTERDAY        0                         0      0        0
  MONTH TO DATE    5                         0      5        2
  SINCE JUN 1      8                        15     -7        3
  SINCE JUL 1      5                         0      5        2

 COOLING
  YESTERDAY        7                        11     -4        6
  MONTH TO DATE  217                       339   -122      304
  SINCE JUN 1    491                       565    -74      543
  SINCE JAN 1    625                       659    -34      682
..................................................................


WIND (MPH)
  RESULTANT WIND SPEED   3   RESULTANT WIND DIRECTION   W (250)
  HIGHEST WIND SPEED    14   HIGHEST WIND DIRECTION     W (270)
  HIGHEST GUST SPEED    21   HIGHEST GUST DIRECTION     W (260)
  AVERAGE WIND SPEED     3.6


SKY COVER
  POSSIBLE SUNSHINE  MM
  AVERAGE SKY COVER 0.4


WEATHER CONDITIONS
 THE FOLLOWING WEATHER WAS RECORDED YESTERDAY.
  FOG


RELATIVE HUMIDITY (PERCENT)
 HIGHEST    93           700 AM
 LOWEST     43           400 PM
 AVERAGE    68

..........................................................


THE CINCINNATI OH CLIMATE NORMALS FOR TODAY
                         NORMAL    RECORD    YEAR
 MAXIMUM TEMPERATURE (F)   85        98      1933
 MINIMUM TEMPERATURE (F)   66        52      1992


SUNRISE AND SUNSET
AUGUST  1 2014........SUNRISE   639 AM EDT   SUNSET   850 PM EDT
AUGUST  2 2014........SUNRISE   640 AM EDT   SUNSET   849 PM EDT


-  INDICATES NEGATIVE NUMBERS.
R  INDICATES RECORD WAS SET OR TIED.
MM INDICATES DATA IS MISSING.
T  INDICATES TRACE AMOUNT.




$$
