000
CDUS41 KILN 282053
CLICVG


CLIMATE REPORT
NATIONAL WEATHER SERVICE WILMINGTON OH
452 PM EDT SUN AUG 28 2016


...................................

...THE CINCINNATI OH CLIMATE SUMMARY FOR AUGUST 28 2016...
VALID TODAY AS OF 0400 PM LOCAL TIME.

CLIMATE NORMAL PERIOD 1981 TO 2010
CLIMATE RECORD PERIOD 1869 TO 2016


WEATHER ITEM   OBSERVED TIME   RECORD YEAR NORMAL DEPARTURE LAST
                VALUE   (LST)  VALUE       VALUE  FROM      YEAR
                                                  NORMAL
..................................................................
TEMPERATURE (F)
 TODAY
  MAXIMUM         93    330 PM  98    2007  84      9       81
                                      1953
  MINIMUM         70    355 AM  47    1986  63      7       56
  AVERAGE         82                        74      8       69

PRECIPITATION (IN)
  TODAY            0.00          2.54 1974   0.10  -0.10     0.00
  MONTH TO DATE    5.10                      3.11   1.99     2.60
  SINCE JUN 1     12.65                     10.90   1.75    14.97
  SINCE JAN 1     32.26                     29.49   2.77    32.20

SNOWFALL (IN)
  TODAY            0.0           0.0    MM   0.0    0.0      0.0
  MONTH TO DATE    0.0                       0.0    0.0      0.0
  SINCE JUN 1      0.0                       0.0    0.0      0.0
  SINCE JUL 1      0.0                       0.0    0.0      0.0
  SNOW DEPTH       0

DEGREE DAYS
 HEATING
  TODAY            0                         0      0        0
  MONTH TO DATE    0                         0      0        2
  SINCE JUN 1      2                        15    -13       21
  SINCE JUL 1      0                         0      0        2

 COOLING
  TODAY           17                         9      8        4
  MONTH TO DATE  377                       284     93      196
  SINCE JUN 1   1039                       849    190      774
  SINCE JAN 1   1132                       943    189      923
..................................................................


WIND (MPH)
  HIGHEST WIND SPEED    12   HIGHEST WIND DIRECTION     E (70)
  HIGHEST GUST SPEED    14   HIGHEST GUST DIRECTION     E (80)
  AVERAGE WIND SPEED     4.2


SKY COVER
  POSSIBLE SUNSHINE  MM
  AVERAGE SKY COVER 0.5


WEATHER CONDITIONS
 THE FOLLOWING WEATHER WAS RECORDED TODAY.
  FOG


RELATIVE HUMIDITY (PERCENT)
 HIGHEST   100           100 AM
 LOWEST     52           200 PM
 AVERAGE    76

..........................................................


THE CINCINNATI OH CLIMATE NORMALS FOR TOMORROW
                         NORMAL    RECORD    YEAR
 MAXIMUM TEMPERATURE (F)   84        99      1953
 MINIMUM TEMPERATURE (F)   63        43      1986
                                             1965


SUNRISE AND SUNSET
AUGUST 28 2016........SUNRISE   704 AM EDT   SUNSET   814 PM EDT
AUGUST 29 2016........SUNRISE   705 AM EDT   SUNSET   813 PM EDT


-  INDICATES NEGATIVE NUMBERS.
R  INDICATES RECORD WAS SET OR TIED.
MM INDICATES DATA IS MISSING.
T  INDICATES TRACE AMOUNT.




$$
