000
CDUS41 KILN 230634
CLICVG


CLIMATE REPORT
NATIONAL WEATHER SERVICE WILMINGTON OH
233 AM EDT TUE MAY 23 2017


...................................

...THE CINCINNATI OH CLIMATE SUMMARY FOR MAY 22 2017...

CLIMATE NORMAL PERIOD 1981 TO 2010
CLIMATE RECORD PERIOD 1869 TO 2017


WEATHER ITEM   OBSERVED TIME   RECORD YEAR NORMAL DEPARTURE LAST
                VALUE   (LST)  VALUE       VALUE  FROM      YEAR
                                                  NORMAL
..................................................................
TEMPERATURE (F)
 YESTERDAY
  MAXIMUM         69    600 PM  93    1941  75     -6       79
  MINIMUM         47    610 AM  33    2002  55     -8       48
  AVERAGE         58                        65     -7       64

PRECIPITATION (IN)
  YESTERDAY        0.00          2.02 1958   0.16  -0.16     0.00
  MONTH TO DATE    4.33                      3.50   0.83     2.71
  SINCE MAR 1     14.30                     11.35   2.95    12.89
  SINCE JAN 1     21.52                     17.16   4.36    19.52

SNOWFALL (IN)
  YESTERDAY        0.0                       0.0    0.0      0.0
  MONTH TO DATE    0.0                       0.0    0.0      0.0
  SINCE MAR 1      2.0                       3.5   -1.5      2.3
  SINCE JUL 1     10.0                      22.1  -12.1     19.2
  SNOW DEPTH       0

DEGREE DAYS
 HEATING
  YESTERDAY        7                         3      4        1
  MONTH TO DATE  128                       105     23      159
  SINCE MAR 1    920                      1112   -192      924
  SINCE JUL 1   4000                      4939   -939     4132

 COOLING
  YESTERDAY        0                         3     -3        0
  MONTH TO DATE   51                        42      9       15
  SINCE MAR 1    103                        60     43       33
  SINCE JAN 1    103                        60     43       33
..................................................................


WIND (MPH)
  RESULTANT WIND SPEED   4   RESULTANT WIND DIRECTION  NW (310)
  HIGHEST WIND SPEED    20   HIGHEST WIND DIRECTION    NW (310)
  HIGHEST GUST SPEED    25   HIGHEST GUST DIRECTION    NW (320)
  AVERAGE WIND SPEED     5.9


SKY COVER
  POSSIBLE SUNSHINE  MM
  AVERAGE SKY COVER 0.7


WEATHER CONDITIONS
 THE FOLLOWING WEATHER WAS RECORDED YESTERDAY.
  NO SIGNIFICANT WEATHER WAS OBSERVED.


RELATIVE HUMIDITY (PERCENT)
 HIGHEST    86           600 AM
 LOWEST     37           600 PM
 AVERAGE    62

..........................................................


THE CINCINNATI OH CLIMATE NORMALS FOR TODAY
                         NORMAL    RECORD    YEAR
 MAXIMUM TEMPERATURE (F)   76        89      1970
                                             1939
                                             1925
 MINIMUM TEMPERATURE (F)   55        34      1963


SUNRISE AND SUNSET
MAY 23 2017...........SUNRISE   619 AM EDT   SUNSET   852 PM EDT
MAY 24 2017...........SUNRISE   619 AM EDT   SUNSET   853 PM EDT


-  INDICATES NEGATIVE NUMBERS.
R  INDICATES RECORD WAS SET OR TIED.
MM INDICATES DATA IS MISSING.
T  INDICATES TRACE AMOUNT.




$$
