000
CDUS41 KILN 300531
CLICVG


CLIMATE REPORT
NATIONAL WEATHER SERVICE WILMINGTON OH
129 AM EDT SAT MAY 30 2015


...................................

...THE CINCINNATI OH CLIMATE SUMMARY FOR MAY 29 2015...

CLIMATE NORMAL PERIOD 1981 TO 2010
CLIMATE RECORD PERIOD 1869 TO 2015


WEATHER ITEM   OBSERVED TIME   RECORD YEAR NORMAL DEPARTURE LAST
                VALUE   (LST)  VALUE       VALUE  FROM      YEAR
                                                  NORMAL
..................................................................
TEMPERATURE (F)
 YESTERDAY
  MAXIMUM         83    444 PM  93    1914  77      6       83
  MINIMUM         66    554 AM  34    1965  57      9       68
  AVERAGE         75                        67      8       76

PRECIPITATION (IN)
  YESTERDAY        0.24          2.29 1916   0.16   0.08      T
  MONTH TO DATE    1.61                      4.62  -3.01     2.86
  SINCE MAR 1     13.06                     12.47   0.59    11.93
  SINCE JAN 1     17.21                     18.28  -1.07    17.47

SNOWFALL (IN)
  YESTERDAY        0.0           0.0    MM   0.0    0.0      0.0
  MONTH TO DATE    0.0                       0.0    0.0      0.0
  SINCE MAR 1      4.9                       3.5    1.4      3.9
  SINCE JUL 1     29.9                      22.1    7.8     47.5
  SNOW DEPTH       0

DEGREE DAYS
 HEATING
  YESTERDAY        0                         2     -2        0
  MONTH TO DATE   67                       122    -55      109
  SINCE MAR 1   1049                      1129    -80     1162
  SINCE JUL 1   5276                      4956    320     5406

 COOLING
  YESTERDAY       10                         4      6       11
  MONTH TO DATE  133                        68     65      108
  SINCE MAR 1    138                        86     52      115
  SINCE JAN 1    138                        86     52      115
..................................................................


WIND (MPH)
  RESULTANT WIND SPEED   7   RESULTANT WIND DIRECTION   S (180)
  HIGHEST WIND SPEED    16   HIGHEST WIND DIRECTION     S (170)
  HIGHEST GUST SPEED    22   HIGHEST GUST DIRECTION     S (180)
  AVERAGE WIND SPEED     7.5


SKY COVER
  POSSIBLE SUNSHINE  MM
  AVERAGE SKY COVER 0.8


WEATHER CONDITIONS
 THE FOLLOWING WEATHER WAS RECORDED YESTERDAY.
  HEAVY RAIN
  LIGHT RAIN
  FOG


RELATIVE HUMIDITY (PERCENT)
 HIGHEST    93           300 AM
 LOWEST     55           200 PM
 AVERAGE    74

..........................................................


THE CINCINNATI OH CLIMATE NORMALS FOR TODAY
                         NORMAL    RECORD    YEAR
 MAXIMUM TEMPERATURE (F)   78        94      1874
 MINIMUM TEMPERATURE (F)   57        38      1984
                                             1947


SUNRISE AND SUNSET
MAY 30 2015...........SUNRISE   616 AM EDT   SUNSET   857 PM EDT
MAY 31 2015...........SUNRISE   615 AM EDT   SUNSET   858 PM EDT


-  INDICATES NEGATIVE NUMBERS.
R  INDICATES RECORD WAS SET OR TIED.
MM INDICATES DATA IS MISSING.
T  INDICATES TRACE AMOUNT.




$$
