000
CDUS41 KILN 190532
CLICVG


CLIMATE REPORT
NATIONAL WEATHER SERVICE WILMINGTON OH
131 AM EDT SAT AUG 19 2017


...................................

...THE CINCINNATI OH CLIMATE SUMMARY FOR AUGUST 18 2017...

CLIMATE NORMAL PERIOD 1981 TO 2010
CLIMATE RECORD PERIOD 1869 TO 2017


WEATHER ITEM   OBSERVED TIME   RECORD YEAR NORMAL DEPARTURE LAST
                VALUE   (LST)  VALUE       VALUE  FROM      YEAR
                                                  NORMAL
..................................................................
TEMPERATURE (F)
 YESTERDAY
  MAXIMUM         84    421 PM  98    1988  85     -1       85
  MINIMUM         71   1159 PM  50    1953  65      6       70
  AVERAGE         78                        75      3       78

PRECIPITATION (IN)
  YESTERDAY        0.00          1.26 2001   0.13  -0.13     0.00
  MONTH TO DATE    1.17                      2.06  -0.89     3.96
  SINCE JUN 1     12.23                      9.85   2.38    11.51
  SINCE JAN 1     35.63                     28.44   7.19    31.12

SNOWFALL (IN)
  YESTERDAY        0.0           0.0    MM   0.0    0.0      0.0
  MONTH TO DATE    0.0                       0.0    0.0      0.0
  SINCE JUN 1      0.0                       0.0    0.0      0.0
  SINCE JUL 1      0.0                       0.0    0.0      0.0
  SNOW DEPTH       0

DEGREE DAYS
 HEATING
  YESTERDAY        0                         0      0        0
  MONTH TO DATE    1                         0      1        0
  SINCE JUN 1      8                        15     -7        2
  SINCE JUL 1      1                         0      1        0

 COOLING
  YESTERDAY       13                        10      3       13
  MONTH TO DATE  149                       189    -40      259
  SINCE JUN 1    694                       754    -60      921
  SINCE JAN 1    828                       848    -20     1014
..................................................................


WIND (MPH)
  RESULTANT WIND SPEED   8   RESULTANT WIND DIRECTION   W (260)
  HIGHEST WIND SPEED    21   HIGHEST WIND DIRECTION    NW (300)
  HIGHEST GUST SPEED    26   HIGHEST GUST DIRECTION     W (290)
  AVERAGE WIND SPEED     8.3


SKY COVER
  POSSIBLE SUNSHINE  MM
  AVERAGE SKY COVER 0.5


WEATHER CONDITIONS
 THE FOLLOWING WEATHER WAS RECORDED YESTERDAY.
  FOG


RELATIVE HUMIDITY (PERCENT)
 HIGHEST   100          1200 AM
 LOWEST     51           200 PM
 AVERAGE    76

..........................................................


THE CINCINNATI OH CLIMATE NORMALS FOR TODAY
                         NORMAL    RECORD    YEAR
 MAXIMUM TEMPERATURE (F)   85       102      1936
 MINIMUM TEMPERATURE (F)   65        49      1953


SUNRISE AND SUNSET
AUGUST 19 2017........SUNRISE   656 AM EDT   SUNSET   828 PM EDT
AUGUST 20 2017........SUNRISE   657 AM EDT   SUNSET   826 PM EDT


-  INDICATES NEGATIVE NUMBERS.
R  INDICATES RECORD WAS SET OR TIED.
MM INDICATES DATA IS MISSING.
T  INDICATES TRACE AMOUNT.




$$
