000
CDUS41 KILN 260610
CLICVG


CLIMATE REPORT
NATIONAL WEATHER SERVICE WILMINGTON OH
210 AM EDT MON JUN 26 2017


...................................

...THE CINCINNATI OH CLIMATE SUMMARY FOR JUNE 25 2017...

CLIMATE NORMAL PERIOD 1981 TO 2010
CLIMATE RECORD PERIOD 1869 TO 2017


WEATHER ITEM   OBSERVED TIME   RECORD YEAR NORMAL DEPARTURE LAST
                VALUE   (LST)  VALUE       VALUE  FROM      YEAR
                                                  NORMAL
..................................................................
TEMPERATURE (F)
 YESTERDAY
  MAXIMUM         78    431 PM 102    1988  84     -6       90
  MINIMUM         51    535 AM  43    1972  64    -13       68
  AVERAGE         65                        74     -9       79

PRECIPITATION (IN)
  YESTERDAY        0.00          2.65 2009   0.12  -0.12     0.00
  MONTH TO DATE    5.21                      3.46   1.75     2.47
  SINCE JUN 1      5.21                      3.46   1.75     2.47
  SINCE JAN 1     28.61                     22.05   6.56    22.08

SNOWFALL (IN)
  YESTERDAY        0.0                       0.0    0.0      0.0
  MONTH TO DATE    0.0                       0.0    0.0      0.0
  SINCE JUN 1      0.0                       0.0    0.0      0.0
  SINCE JUL 1     10.0                      22.1  -12.1     19.2
  SNOW DEPTH       0

DEGREE DAYS
 HEATING
  YESTERDAY        0                         0      0        0
  MONTH TO DATE    4                        12     -8        2
  SINCE JUN 1      4                        12     -8        2
  SINCE JUL 1   4014                      4972   -958     4136

 COOLING
  YESTERDAY        0                         9     -9       14
  MONTH TO DATE  178                       176      2      235
  SINCE JUN 1    178                       176      2      235
  SINCE JAN 1    312                       270     42      328
..................................................................


WIND (MPH)
  RESULTANT WIND SPEED   8   RESULTANT WIND DIRECTION   W (270)
  HIGHEST WIND SPEED    25   HIGHEST WIND DIRECTION     W (280)
  HIGHEST GUST SPEED    34   HIGHEST GUST DIRECTION     W (280)
  AVERAGE WIND SPEED     8.9


SKY COVER
  POSSIBLE SUNSHINE  MM
  AVERAGE SKY COVER 0.2


WEATHER CONDITIONS
 THE FOLLOWING WEATHER WAS RECORDED YESTERDAY.
  NO SIGNIFICANT WEATHER WAS OBSERVED.


RELATIVE HUMIDITY (PERCENT)
 HIGHEST   100           400 AM
 LOWEST     35           400 PM
 AVERAGE    68

..........................................................


THE CINCINNATI OH CLIMATE NORMALS FOR TODAY
                         NORMAL    RECORD    YEAR
 MAXIMUM TEMPERATURE (F)   85        98      1954
 MINIMUM TEMPERATURE (F)   65        49      1974


SUNRISE AND SUNSET
JUNE 26 2017..........SUNRISE   615 AM EDT   SUNSET   909 PM EDT
JUNE 27 2017..........SUNRISE   615 AM EDT   SUNSET   909 PM EDT


-  INDICATES NEGATIVE NUMBERS.
R  INDICATES RECORD WAS SET OR TIED.
MM INDICATES DATA IS MISSING.
T  INDICATES TRACE AMOUNT.




$$
