000
CDUS41 KILN 012155
CLICVG


CLIMATE REPORT
NATIONAL WEATHER SERVICE WILMINGTON OH
455 PM EST SUN FEB 1 2015


...................................

...THE CINCINNATI OH CLIMATE SUMMARY FOR FEBRUARY 1 2015...
VALID TODAY AS OF 0400 PM LOCAL TIME.

CLIMATE NORMAL PERIOD 1981 TO 2010
CLIMATE RECORD PERIOD 1869 TO 2015


WEATHER ITEM   OBSERVED TIME   RECORD YEAR NORMAL DEPARTURE LAST
                VALUE   (LST)  VALUE       VALUE  FROM      YEAR
                                                  NORMAL
..................................................................
TEMPERATURE (F)
 TODAY
  MAXIMUM         44    256 PM  66    1989  40      4       58
  MINIMUM         33    351 AM  -5    1929  24      9       36
  AVERAGE         39                        32      7       47

PRECIPITATION (IN)
  TODAY            0.12          1.93 1988   0.11   0.01      T
  MONTH TO DATE    0.12                      0.11   0.01      T
  SINCE DEC 1      6.07                      6.48  -0.41     7.73
  SINCE JAN 1      2.47                      3.11  -0.64     2.80

SNOWFALL (IN)
  TODAY            0.0           9.3  1966   0.3   -0.3      0.0
  MONTH TO DATE    0.0                       0.3   -0.3      0.0
  SINCE DEC 1      1.3                      11.6  -10.3     30.8
  SINCE JUL 1      6.4                      12.4   -6.0     33.2
  SNOW DEPTH       0

DEGREE DAYS
 HEATING
  TODAY           26                        33     -7       18
  MONTH TO DATE   26                        33     -7       18
  SINCE DEC 1   1943                      2045   -102     2205
  SINCE JUL 1   3081                      3005     76     3241

 COOLING
  TODAY            0                         0      0        0
  MONTH TO DATE    0                         0      0        0
  SINCE DEC 1      0                         0      0        0
  SINCE JAN 1      0                         0      0        0
..................................................................


WIND (MPH)
  HIGHEST WIND SPEED    21   HIGHEST WIND DIRECTION     S (180)
  HIGHEST GUST SPEED    29   HIGHEST GUST DIRECTION     S (170)
  AVERAGE WIND SPEED     9.8


SKY COVER
  POSSIBLE SUNSHINE  MM
  AVERAGE SKY COVER 1.0


WEATHER CONDITIONS
 THE FOLLOWING WEATHER WAS RECORDED TODAY.
  RAIN
  LIGHT RAIN
  FOG


RELATIVE HUMIDITY (PERCENT)
 HIGHEST    83           200 PM
 LOWEST     50          1000 AM
 AVERAGE    67

..........................................................


THE CINCINNATI OH CLIMATE NORMALS FOR TOMORROW
                         NORMAL    RECORD    YEAR
 MAXIMUM TEMPERATURE (F)   40        66      1903
 MINIMUM TEMPERATURE (F)   24       -15      1951


SUNRISE AND SUNSET
FEBRUARY  1 2015......SUNRISE   745 AM EST   SUNSET   600 PM EST
FEBRUARY  2 2015......SUNRISE   744 AM EST   SUNSET   601 PM EST


-  INDICATES NEGATIVE NUMBERS.
R  INDICATES RECORD WAS SET OR TIED.
MM INDICATES DATA IS MISSING.
T  INDICATES TRACE AMOUNT.




$$
