041
CDUS41 KILN 220740
CLICVG


CLIMATE REPORT
NATIONAL WEATHER SERVICE WILMINGTON OH
238 AM EST SUN JAN 22 2017


...................................

...THE CINCINNATI OH CLIMATE SUMMARY FOR JANUARY 21 2017...

CLIMATE NORMAL PERIOD 1981 TO 2010
CLIMATE RECORD PERIOD 1869 TO 2017


WEATHER ITEM   OBSERVED TIME   RECORD YEAR NORMAL DEPARTURE LAST
                VALUE   (LST)  VALUE       VALUE  FROM      YEAR
                                                  NORMAL
..................................................................
TEMPERATURE (F)
 YESTERDAY
  MAXIMUM         65    403 PM  75    1906  39     26       29
  MINIMUM         47    813 AM -21    1984  23     24       17
  AVERAGE         56                        31     25       23

PRECIPITATION (IN)
  YESTERDAY        0.00          3.97 1959   0.09  -0.09     0.00
  MONTH TO DATE    3.44                      2.04   1.40     1.27
  SINCE DEC 1      7.87                      5.41   2.46     7.36
  SINCE JAN 1      3.44                      2.04   1.40     1.27

SNOWFALL (IN)
  YESTERDAY        0.0           5.3  2014   0.2   -0.2      0.0
  MONTH TO DATE    2.5                       4.1   -1.6      7.2
  SINCE DEC 1      4.7                       8.9   -4.2      7.2
  SINCE JUL 1      4.7                       9.7   -5.0      7.2
  SNOW DEPTH       0

DEGREE DAYS
 HEATING
  YESTERDAY        9                        34    -25       42
  MONTH TO DATE  581                       714   -133      758
  SINCE DEC 1   1550                      1673   -123     1334
  SINCE JUL 1   2232                      2633   -401     2079

 COOLING
  YESTERDAY        0                         0      0        0
  MONTH TO DATE    0                         0      0        0
  SINCE DEC 1      0                         0      0        0
  SINCE JAN 1      0                         0      0        0
..................................................................


WIND (MPH)
  RESULTANT WIND SPEED   7   RESULTANT WIND DIRECTION   S (180)
  HIGHEST WIND SPEED    14   HIGHEST WIND DIRECTION     S (180)
  HIGHEST GUST SPEED    18   HIGHEST GUST DIRECTION     S (200)
  AVERAGE WIND SPEED     7.7


SKY COVER
  POSSIBLE SUNSHINE  MM
  AVERAGE SKY COVER 0.6


WEATHER CONDITIONS
 THE FOLLOWING WEATHER WAS RECORDED YESTERDAY.
  NO SIGNIFICANT WEATHER WAS OBSERVED.


RELATIVE HUMIDITY (PERCENT)
 HIGHEST    93           300 AM
 LOWEST     67           400 PM
 AVERAGE    80

..........................................................


THE CINCINNATI OH CLIMATE NORMALS FOR TODAY
                         NORMAL    RECORD    YEAR
 MAXIMUM TEMPERATURE (F)   39        69      1993
                                             1933
                                             1874
 MINIMUM TEMPERATURE (F)   23       -15      1936


SUNRISE AND SUNSET
JANUARY 22 2017.......SUNRISE   753 AM EST   SUNSET   549 PM EST
JANUARY 23 2017.......SUNRISE   752 AM EST   SUNSET   550 PM EST


-  INDICATES NEGATIVE NUMBERS.
R  INDICATES RECORD WAS SET OR TIED.
MM INDICATES DATA IS MISSING.
T  INDICATES TRACE AMOUNT.




$$
