000
CDUS45 KCYS 062222
CLICYS


CLIMATE REPORT
NATIONAL WEATHER SERVICE CHEYENNE WY
321 PM MST FRI MAR 6 2015


...................................

...THE CHEYENNE WYOMING CLIMATE SUMMARY FOR MARCH 6 2015...
VALID AS OF 0300 PM LOCAL TIME.

CLIMATE NORMAL PERIOD 1981 TO 2010
CLIMATE RECORD PERIOD 1871 TO 2015


WEATHER ITEM   OBSERVED TIME   RECORD YEAR NORMAL DEPARTURE LAST
                VALUE   (LST)  VALUE       VALUE  FROM      YEAR
                                                  NORMAL
..................................................................
TEMPERATURE (F)
 TODAY
  MAXIMUM         49    158 PM  67    1972  45      4       61
  MINIMUM         31    651 AM -14    1920  22      9       37
  AVERAGE         40                        34      6       49

PRECIPITATION (IN)
  TODAY            0.00          0.92 1990   0.03  -0.03     0.00
  MONTH TO DATE    0.07                      0.16  -0.09     0.16
  SINCE MAR 1      0.07                      0.16  -0.09     0.16
  SINCE JAN 1      0.83                      0.96  -0.13     2.32

SNOWFALL (IN)
  TODAY            0.0          10.0  1990   0.4   -0.4      0.0
  MONTH TO DATE    1.3                       1.9   -0.6      1.9
  SINCE JUL 1     34.3                      38.4   -4.1     62.0
  SNOW DEPTH       0

DEGREE DAYS
 HEATING
  TODAY           25                        31     -6       16
  MONTH TO DATE  242                       192     50      198
  SINCE MAR 1    242                       192     50      198
  SINCE JUL 1   4888                      5211   -323     5402

 COOLING
  TODAY            0                         0      0        0
  MONTH TO DATE    0                         0      0        0
  SINCE MAR 1      0                         0      0        0
  SINCE JAN 1      0                         0      0        0
..................................................................


WIND (MPH)
  HIGHEST WIND SPEED    24   HIGHEST WIND DIRECTION     W (280)
  HIGHEST GUST SPEED    31   HIGHEST GUST DIRECTION     W (270)
  AVERAGE WIND SPEED    13.1


SKY COVER
  AVERAGE SKY COVER 0.3


WEATHER CONDITIONS
 THE FOLLOWING WEATHER WAS RECORDED TODAY.
  NO SIGNIFICANT WEATHER WAS OBSERVED.


RELATIVE HUMIDITY (PERCENT)
 HIGHEST    43          1200 AM
 LOWEST     26           100 PM
 AVERAGE    35

..........................................................


THE CHEYENNE WYOMING CLIMATE NORMALS FOR TOMORROW
                         NORMAL    RECORD    YEAR
 MAXIMUM TEMPERATURE (F)   45        65      1879
 MINIMUM TEMPERATURE (F)   23        -5      1932


SUNRISE AND SUNSET
MARCH  6 2015.........SUNRISE   626 AM MST   SUNSET   556 PM MST
MARCH  7 2015.........SUNRISE   624 AM MST   SUNSET   557 PM MST


-  INDICATES NEGATIVE NUMBERS.
R  INDICATES RECORD WAS SET OR TIED.
MM INDICATES DATA IS MISSING.
T  INDICATES TRACE AMOUNT.




$$
