603
CDUS45 KCYS 010738
CLICYS


CLIMATE REPORT
NATIONAL WEATHER SERVICE CHEYENNE WY
137 AM MDT SUN MAY 1 2016


...................................

...THE CHEYENNE WYOMING AIRPORT CLIMATE SUMMARY FOR APRIL 30 2016...

CLIMATE NORMAL PERIOD 1981 TO 2010
CLIMATE RECORD PERIOD 1871 TO 2016


WEATHER ITEM   OBSERVED TIME   RECORD YEAR NORMAL DEPARTURE LAST
                VALUE   (LST)  VALUE       VALUE  FROM      YEAR
                                                  NORMAL
..................................................................
TEMPERATURE (F)
 YESTERDAY
  MAXIMUM         33    359 PM  83    1992  60    -27       73
  MINIMUM         28    611 AM   8    1917  35     -7       46
  AVERAGE         31                        47    -16       60

PRECIPITATION (IN)
  YESTERDAY        0.29          1.62 1999   0.07   0.22     0.03
  MONTH TO DATE    3.13                      1.78   1.35     2.72
  SINCE JAN 1      6.66                      3.63   3.03     3.59

SNOWFALL (IN)
  YESTERDAY        2.6           9.0  1900   0.2    2.4      0.0
  MONTH TO DATE   19.7                      10.2    9.5     15.4
  SINCE JUL 1     90.4                      58.0   32.4     50.1
  SNOW DEPTH       1

DEGREE DAYS
 HEATING
  YESTERDAY       34                        18     16        5
  MONTH TO DATE  647                       665    -18      626
  SINCE MAR 1   1489                      1566    -77     1334
  SINCE JUL 1   6006                      6585   -579     5985

 COOLING
  YESTERDAY        0                         0      0        0
  MONTH TO DATE    0                         0      0        0
  SINCE MAR 1      0                         0      0        0
  SINCE JAN 1      0                         0      0        0
..................................................................


WIND (MPH)
  HIGHEST WIND SPEED    24   HIGHEST WIND DIRECTION     N (360)
  HIGHEST GUST SPEED    33   HIGHEST GUST DIRECTION     N (360)
  AVERAGE WIND SPEED    15.6


SKY COVER
  AVERAGE SKY COVER 1.0


WEATHER CONDITIONS
 THE FOLLOWING WEATHER WAS RECORDED YESTERDAY.
  LIGHT SNOW
  FOG


RELATIVE HUMIDITY (PERCENT)
 HIGHEST    92          1200 AM
 LOWEST     82           100 PM
 AVERAGE    87

..........................................................


THE CHEYENNE WYOMING AIRPORT CLIMATE NORMALS FOR TODAY
                         NORMAL    RECORD    YEAR
 MAXIMUM TEMPERATURE (F)   60        81      1959
 MINIMUM TEMPERATURE (F)   35        16      2013


SUNRISE AND SUNSET
MAY  1 2016...........SUNRISE   556 AM MDT   SUNSET   757 PM MDT
MAY  2 2016...........SUNRISE   555 AM MDT   SUNSET   758 PM MDT


-  INDICATES NEGATIVE NUMBERS.
R  INDICATES RECORD WAS SET OR TIED.
MM INDICATES DATA IS MISSING.
T  INDICATES TRACE AMOUNT.




$$
