000
CDUS45 KCYS 220747
CLICYS


CLIMATE REPORT
NATIONAL WEATHER SERVICE CHEYENNE WY
147 AM MDT TUE JUL 22 2014


...................................

...THE CHEYENNE WYOMING CLIMATE SUMMARY FOR JULY 21 2014...

CLIMATE NORMAL PERIOD 1981 TO 2010
CLIMATE RECORD PERIOD 1871 TO 2014


WEATHER ITEM   OBSERVED TIME   RECORD YEAR NORMAL DEPARTURE LAST
                VALUE   (LST)  VALUE       VALUE  FROM      YEAR
                                                  NORMAL
..................................................................
TEMPERATURE (F)
 YESTERDAY
  MAXIMUM         91    211 PM  97    2005  84      7       81
  MINIMUM         62   1158 PM  44    1942  56      6       53
                                      1877
  AVERAGE         77                        70      7       67

PRECIPITATION (IN)
  YESTERDAY        0.00          1.41 1890   0.08  -0.08     0.00
  MONTH TO DATE    2.16                      1.39   0.77     1.12
  SINCE JAN 1     11.10                      9.70   1.40     6.76

SNOWFALL (IN)
  YESTERDAY        0.0          MM      MM   0.0    0.0      0.0
  MONTH TO DATE    0.0                       0.0    0.0      0.0
  SINCE JUL 1      0.0                       0.0    0.0      0.0
  SNOW DEPTH       0

DEGREE DAYS
 HEATING
  YESTERDAY        0                         1     -1        0
  MONTH TO DATE   21                        21      0        0
  SINCE JUN 1    147                       155     -8       62
  SINCE JUL 1     21                        21      0        0

 COOLING
  YESTERDAY       12                         6      6        2
  MONTH TO DATE  103                       105     -2      127
  SINCE JUN 1    117                       152    -35      244
  SINCE JAN 1    118                       155    -37      250
..................................................................


WIND (MPH)
  HIGHEST WIND SPEED    29   HIGHEST WIND DIRECTION     S (190)
  HIGHEST GUST SPEED    41   HIGHEST GUST DIRECTION     S (180)
  AVERAGE WIND SPEED    12.9


SKY COVER
  AVERAGE SKY COVER 0.1


WEATHER CONDITIONS
 THE FOLLOWING WEATHER WAS RECORDED YESTERDAY.
  NO SIGNIFICANT WEATHER WAS OBSERVED.


RELATIVE HUMIDITY (PERCENT)
 HIGHEST    52           100 AM
 LOWEST     18          1200 PM
 AVERAGE    35

..........................................................


THE CHEYENNE WYOMING CLIMATE NORMALS FOR TODAY
                         NORMAL    RECORD    YEAR
 MAXIMUM TEMPERATURE (F)   84        96      2005
 MINIMUM TEMPERATURE (F)   56        44      1990
                                             1978


SUNRISE AND SUNSET
JULY 22 2014..........SUNRISE   546 AM MDT   SUNSET   825 PM MDT
JULY 23 2014..........SUNRISE   546 AM MDT   SUNSET   825 PM MDT


-  INDICATES NEGATIVE NUMBERS.
R  INDICATES RECORD WAS SET OR TIED.
MM INDICATES DATA IS MISSING.
T  INDICATES TRACE AMOUNT.




$$
