447
CDUS45 KCYS 072228
CLICYS


CLIMATE REPORT
NATIONAL WEATHER SERVICE CHEYENNE WY
328 PM MST SUN FEB 7 2016


...................................

...THE CHEYENNE WYOMING AIRPORT CLIMATE SUMMARY FOR FEBRUARY 7 2016...
VALID AS OF 0300 PM LOCAL TIME.

CLIMATE NORMAL PERIOD 1981 TO 2010
CLIMATE RECORD PERIOD 1871 TO 2016


WEATHER ITEM   OBSERVED TIME   RECORD YEAR NORMAL DEPARTURE LAST
                VALUE   (LST)  VALUE       VALUE  FROM      YEAR
                                                  NORMAL
..................................................................
TEMPERATURE (F)
 TODAY
  MAXIMUM         37   1200 AM  64    1987  39     -2       63
  MINIMUM         22    742 AM -30    1936  18      4       43
  AVERAGE         30                        28      2       53

PRECIPITATION (IN)
  TODAY            0.00          0.43 1980   0.02  -0.02     0.00
  MONTH TO DATE    0.67                      0.10   0.57     0.31
  SINCE DEC 1      2.00                      0.92   1.08     1.04
  SINCE JAN 1      1.15                      0.43   0.72     0.37

SNOWFALL (IN)
  TODAY            0.0           4.5  1980   0.2   -0.2      0.0
  MONTH TO DATE   10.9                       1.8    9.1      3.9
  SINCE JUL 1     45.6                      30.4   15.2     27.3
  SNOW DEPTH       4

DEGREE DAYS
 HEATING
  TODAY           35                        37     -2       12
  MONTH TO DATE  293                       259     34      172
  SINCE DEC 1   2540                      2538      2     2295
  SINCE JUL 1   3967                      4286   -319     3898

 COOLING
  TODAY            0                         0      0        0
  MONTH TO DATE    0                         0      0        0
  SINCE DEC 1      0                         0      0        0
  SINCE JAN 1      0                         0      0        0
..................................................................


WIND (MPH)
  HIGHEST WIND SPEED    35   HIGHEST WIND DIRECTION     N (340)
  HIGHEST GUST SPEED    48   HIGHEST GUST DIRECTION    NW (330)
  AVERAGE WIND SPEED    20.0


SKY COVER
  AVERAGE SKY COVER 0.3


WEATHER CONDITIONS
 THE FOLLOWING WEATHER WAS RECORDED TODAY.
  NO SIGNIFICANT WEATHER WAS OBSERVED.


RELATIVE HUMIDITY (PERCENT)
 HIGHEST    81           800 AM
 LOWEST     40          1200 AM
 AVERAGE    61

..........................................................


THE CHEYENNE WYOMING AIRPORT CLIMATE NORMALS FOR TOMORROW
                         NORMAL    RECORD    YEAR
 MAXIMUM TEMPERATURE (F)   39        67      1954
 MINIMUM TEMPERATURE (F)   18       -34      1936


SUNRISE AND SUNSET
FEBRUARY  7 2016......SUNRISE   704 AM MST   SUNSET   523 PM MST
FEBRUARY  8 2016......SUNRISE   703 AM MST   SUNSET   524 PM MST


-  INDICATES NEGATIVE NUMBERS.
R  INDICATES RECORD WAS SET OR TIED.
MM INDICATES DATA IS MISSING.
T  INDICATES TRACE AMOUNT.




$$
