000
CDUS46 KSGX 241418
CLICZZ


CLIMATE REPORT
NATIONAL WEATHER SERVICE SAN DIEGO, CA
717 AM PDT FRI OCT 24 2014


...................................

...THE CAMPO ASOS CA CLIMATE SUMMARY FOR OCTOBER 23 2014...

CLIMATE NORMAL PERIOD 1981 TO 2010
CLIMATE RECORD PERIOD 1948 TO 2014


WEATHER ITEM   OBSERVED TIME   RECORD YEAR NORMAL DEPARTURE LAST
                VALUE   (LST)  VALUE       VALUE  FROM      YEAR
                                                  NORMAL
..................................................................
TEMPERATURE (F)
 YESTERDAY
  MAXIMUM         90   1119 AM  93    2003  77     13       80
  MINIMUM         46    522 AM  26    1996  41      5       36
  AVERAGE         68                        59      9       58

PRECIPITATION (IN)
  YESTERDAY        0.00          0.09 1987   0.03  -0.03     0.00
  MONTH TO DATE    0.00                      0.57  -0.57     0.76
  SINCE JUL 1      2.03                      1.93   0.10     2.70
  SINCE JAN 1      4.79                     12.08  -7.29     7.48

SNOWFALL (IN)
  YESTERDAY        0.0
  MONTH TO DATE    0.0
  SINCE JAN 1      0.0
  SINCE JUL 1      0.0
  SNOW DEPTH       0

DEGREE DAYS
 HEATING
  YESTERDAY        0                         6     -6        7
  MONTH TO DATE   33                       102    -69      160
  SINCE SEP 1     48                       138    -90      201
  SINCE JUL 1     50                       152   -102      203

 COOLING
  YESTERDAY        3                         0      3        0
  MONTH TO DATE   34                        27      7        2
  SINCE SEP 1    264                       188     76      192
  SINCE JAN 1    896                       838     58      909
..................................................................


WIND (MPH)
  RESULTANT WIND SPEED   1   RESULTANT WIND DIRECTION  SE (120)
  HIGHEST WIND SPEED    18   HIGHEST WIND DIRECTION    SW (220)
  HIGHEST GUST SPEED    22   HIGHEST GUST DIRECTION    SW (220)
  AVERAGE WIND SPEED     7.1


SKY COVER
  POSSIBLE SUNSHINE  MM
  AVERAGE SKY COVER 0.0



RELATIVE HUMIDITY (PERCENT)
 HIGHEST    50          1000 PM
 LOWEST     13          1100 AM
 AVERAGE    32

..........................................................


THE CAMPO ASOS CA CLIMATE NORMALS FOR TODAY
                         NORMAL    RECORD    YEAR
 MAXIMUM TEMPERATURE (F)   77        95      1959
 MINIMUM TEMPERATURE (F)   41        26      1961


SUNRISE AND SUNSET
OCTOBER 24 2014.......SUNRISE   657 AM PDT   SUNSET   603 PM PDT
OCTOBER 25 2014.......SUNRISE   658 AM PDT   SUNSET   602 PM PDT


-  INDICATES NEGATIVE NUMBERS.
R  INDICATES RECORD WAS SET OR TIED.
MM INDICATES DATA IS MISSING.
T  INDICATES TRACE AMOUNT.




$$
