000
CDUS46 KSGX 240025
CLICZZ


CLIMATE REPORT
NATIONAL WEATHER SERVICE SAN DIEGO, CA
524 PM PDT FRI JUN 23 2017


...................................

...THE CAMPO ASOS CA CLIMATE SUMMARY FOR JUNE 23 2017...
VALID TODAY AS OF 0500 PM LOCAL TIME.

CLIMATE NORMAL PERIOD 1981 TO 2010
CLIMATE RECORD PERIOD 1948 TO 2017


WEATHER ITEM   OBSERVED TIME   RECORD YEAR NORMAL DEPARTURE LAST
                VALUE   (LST)  VALUE       VALUE  FROM      YEAR
                                                  NORMAL
..................................................................
TEMPERATURE (F)
 TODAY
  MAXIMUM         89   1132 AM 102    1990  90     -1       91
  MINIMUM         54    320 AM  31    1979  46      8       51
  AVERAGE         72                        68      4       71

PRECIPITATION (IN)
  TODAY            0.00          0.00 2006   0.00   0.00     0.00
                                      2005
                                      2004
  MONTH TO DATE    0.00                      0.08  -0.08     0.00
  SINCE OCT 1     16.58                     14.34   2.24     9.32
  SINCE JAN 1     11.35                     10.12   1.23     6.37

DEGREE DAYS
 HEATING
  TODAY            0                         1     -1        0
  MONTH TO DATE   37                        48    -11       27
  SINCE JUN 1     37                        48    -11       27
  SINCE JUL 1   2704                      2975   -271     2795

 COOLING
  TODAY            7                         4      3        6
  MONTH TO DATE  112                        59     53      126
  SINCE JUN 1    112                        59     53      126
  SINCE JAN 1    139                        89     50      129
..................................................................


WIND (MPH)
  RESULTANT WIND SPEED   5   RESULTANT WIND DIRECTION  SW (210)
  HIGHEST WIND SPEED    22   HIGHEST WIND DIRECTION    SW (230)
  HIGHEST GUST SPEED    25   HIGHEST GUST DIRECTION    SW (220)
  AVERAGE WIND SPEED     8.3


SKY COVER
  POSSIBLE SUNSHINE  MM
  AVERAGE SKY COVER 0.0



RELATIVE HUMIDITY (PERCENT)
 HIGHEST    93           200 AM
 LOWEST     39          1100 AM
 AVERAGE    66

..........................................................


THE CAMPO ASOS CA CLIMATE NORMALS FOR TOMORROW
                         NORMAL    RECORD    YEAR
 MAXIMUM TEMPERATURE (F)   90       105      1970
 MINIMUM TEMPERATURE (F)   47        34      1963


SUNRISE AND SUNSET
JUNE 23 2017..........SUNRISE   539 AM PDT   SUNSET   757 PM PDT
JUNE 24 2017..........SUNRISE   540 AM PDT   SUNSET   757 PM PDT


-  INDICATES NEGATIVE NUMBERS.
R  INDICATES RECORD WAS SET OR TIED.
MM INDICATES DATA IS MISSING.
T  INDICATES TRACE AMOUNT.




$$
