232
CDUS46 KSGX 011528
CLICZZ


CLIMATE REPORT
NATIONAL WEATHER SERVICE SAN DIEGO, CA
728 AM PST WED MAR 1 2017


...................................

...THE CAMPO ASOS CA CLIMATE SUMMARY FOR FEBRUARY 28 2017...

CLIMATE NORMAL PERIOD 1981 TO 2010
CLIMATE RECORD PERIOD 1948 TO 2017


WEATHER ITEM   OBSERVED TIME   RECORD YEAR NORMAL DEPARTURE LAST
                VALUE   (LST)  VALUE       VALUE  FROM      YEAR
                                                  NORMAL
..................................................................
TEMPERATURE (F)
 YESTERDAY
  MAXIMUM         52    407 PM  83    1999  65    -13       82
  MINIMUM         34   1011 PM  19    1964  36     -2       36
  AVERAGE         43                        50     -7       59

PRECIPITATION (IN)
  YESTERDAY        0.07          1.79 1991   0.11  -0.04     0.00
  MONTH TO DATE    3.69                      3.23   0.46     0.20
  SINCE OCT 1     15.58                     10.43   5.15     6.75
  SINCE JAN 1     10.35                      6.21   4.14     3.80

DEGREE DAYS
 HEATING
  YESTERDAY       22                        15      7        6
  MONTH TO DATE  474                       436     38      302
  SINCE DEC 1   1492                      1481     11     1462
  SINCE JUL 1   1910                      2051   -141     1878

 COOLING
  YESTERDAY        0                         0      0        0
  MONTH TO DATE    0                         0      0        0
  SINCE DEC 1      0                         0      0        0
  SINCE JAN 1      0                         0      0        0
..................................................................


WIND (MPH)
  RESULTANT WIND SPEED   4   RESULTANT WIND DIRECTION   W (250)
  HIGHEST WIND SPEED    23   HIGHEST WIND DIRECTION     W (260)
  HIGHEST GUST SPEED    29   HIGHEST GUST DIRECTION    SW (240)
  AVERAGE WIND SPEED     8.2


SKY COVER
  POSSIBLE SUNSHINE  MM
  AVERAGE SKY COVER 0.0



RELATIVE HUMIDITY (PERCENT)
 HIGHEST   100           900 PM
 LOWEST     59           300 PM
 AVERAGE    80

..........................................................


THE CAMPO ASOS CA CLIMATE NORMALS FOR TODAY
                         NORMAL    RECORD    YEAR
 MAXIMUM TEMPERATURE (F)   65        84      1967
 MINIMUM TEMPERATURE (F)   36        21      1956


SUNRISE AND SUNSET
MARCH  1 2017.........SUNRISE   613 AM PST   SUNSET   543 PM PST
MARCH  2 2017.........SUNRISE   612 AM PST   SUNSET   544 PM PST


-  INDICATES NEGATIVE NUMBERS.
R  INDICATES RECORD WAS SET OR TIED.
MM INDICATES DATA IS MISSING.
T  INDICATES TRACE AMOUNT.




$$
