000
CDUS46 KSGX 200020
CLICZZ


CLIMATE REPORT
NATIONAL WEATHER SERVICE SAN DIEGO, CA
520 PM PDT TUE AUG 19 2014


...................................

...THE CAMPO ASOS CA CLIMATE SUMMARY FOR AUGUST 19 2014...
VALID TODAY AS OF 0500 PM LOCAL TIME.

CLIMATE NORMAL PERIOD 1981 TO 2010
CLIMATE RECORD PERIOD 1948 TO 2014


WEATHER ITEM   OBSERVED TIME   RECORD YEAR NORMAL DEPARTURE LAST
                VALUE   (LST)  VALUE       VALUE  FROM      YEAR
                                                  NORMAL
..................................................................
TEMPERATURE (F)
 TODAY
  MAXIMUM         85    146 PM 105    1950  95    -10       95
  MINIMUM         52    533 AM  39    1985  53     -1       62
  AVERAGE         69                        74     -5       79

PRECIPITATION (IN)
  TODAY            0.00          1.33 1984   0.03  -0.03     0.00
  MONTH TO DATE    0.45                      0.44   0.01     0.00
  SINCE JUL 1      0.59                      0.76  -0.17     0.24
  SINCE JAN 1      3.35                     10.91  -7.56     5.02

SNOWFALL (IN)
  TODAY            0.0
  MONTH TO DATE    0.0
  SINCE JAN 1      0.0
  SINCE JUL 1      0.0
  SNOW DEPTH       0

DEGREE DAYS
 HEATING
  TODAY            0                         0      0        0
  MONTH TO DATE    2                         0      2        2
  SINCE JUN 1     30                        63    -33       30
  SINCE JUL 1      2                         7     -5        2

 COOLING
  TODAY            4                         9     -5       14
  MONTH TO DATE  153                       171    -18      116
  SINCE JUN 1    499                       513    -14      536
  SINCE JAN 1    551                       543      8      563
..................................................................


WIND (MPH)
  RESULTANT WIND SPEED   4   RESULTANT WIND DIRECTION  SW (210)
  HIGHEST WIND SPEED    20   HIGHEST WIND DIRECTION    SW (220)
  HIGHEST GUST SPEED    24   HIGHEST GUST DIRECTION     W (250)
  AVERAGE WIND SPEED     8.3


SKY COVER
  POSSIBLE SUNSHINE  MM
  AVERAGE SKY COVER 0.0



RELATIVE HUMIDITY (PERCENT)
 HIGHEST    72          1200 AM
 LOWEST     20           100 PM
 AVERAGE    46

..........................................................


THE CAMPO ASOS CA CLIMATE NORMALS FOR TOMORROW
                         NORMAL    RECORD    YEAR
 MAXIMUM TEMPERATURE (F)   95       105      1982
 MINIMUM TEMPERATURE (F)   53        39      1989


SUNRISE AND SUNSET
AUGUST 19 2014........SUNRISE   612 AM PDT   SUNSET   726 PM PDT
AUGUST 20 2014........SUNRISE   613 AM PDT   SUNSET   725 PM PDT


-  INDICATES NEGATIVE NUMBERS.
R  INDICATES RECORD WAS SET OR TIED.
MM INDICATES DATA IS MISSING.
T  INDICATES TRACE AMOUNT.




$$
