000
CDUS46 KSGX 262320
CLICZZ


CLIMATE REPORT
NATIONAL WEATHER SERVICE SAN DIEGO, CA
419 PM PDT WED APR 26 2017


...................................

...THE CAMPO ASOS CA CLIMATE SUMMARY FOR APRIL 26 2017...
VALID TODAY AS OF 0400 PM LOCAL TIME.

CLIMATE NORMAL PERIOD 1981 TO 2010
CLIMATE RECORD PERIOD 1948 TO 2017


WEATHER ITEM   OBSERVED TIME   RECORD YEAR NORMAL DEPARTURE LAST
                VALUE   (LST)  VALUE       VALUE  FROM      YEAR
                                                  NORMAL
..................................................................
TEMPERATURE (F)
 TODAY
  MAXIMUM         77    106 PM  95    1996  75      2       68
  MINIMUM         39    453 AM  21    1974  39      0       31
  AVERAGE         58                        57      1       50

PRECIPITATION (IN)
  TODAY            0.00          0.65 1963   0.02  -0.02     0.00
  MONTH TO DATE    0.00                      0.87  -0.87     1.70
  SINCE OCT 1     15.69                     13.99   1.70     9.17
  SINCE JAN 1     10.46                      9.77   0.69     6.22

DEGREE DAYS
 HEATING
  TODAY            7                         8     -1       15
  MONTH TO DATE  241                       269    -28      232
  SINCE MAR 1    550                       686   -136      618
  SINCE JUL 1   2460                      2737   -277     2502

 COOLING
  TODAY            0                         0      0        0
  MONTH TO DATE    2                         0      2        0
  SINCE MAR 1      2                         0      2        0
  SINCE JAN 1      2                         0      2        0
..................................................................


WIND (MPH)
  RESULTANT WIND SPEED   4   RESULTANT WIND DIRECTION  SW (230)
  HIGHEST WIND SPEED    21   HIGHEST WIND DIRECTION    SW (240)
  HIGHEST GUST SPEED    26   HIGHEST GUST DIRECTION    SW (240)
  AVERAGE WIND SPEED     7.5


SKY COVER
  POSSIBLE SUNSHINE  MM
  AVERAGE SKY COVER 0.0



RELATIVE HUMIDITY (PERCENT)
 HIGHEST   100          1200 AM
 LOWEST     31           200 PM
 AVERAGE    66

..........................................................


THE CAMPO ASOS CA CLIMATE NORMALS FOR TOMORROW
                         NORMAL    RECORD    YEAR
 MAXIMUM TEMPERATURE (F)   75        92      2004
                                             1996
 MINIMUM TEMPERATURE (F)   39        27      1975


SUNRISE AND SUNSET
APRIL 26 2017.........SUNRISE   604 AM PDT   SUNSET   724 PM PDT
APRIL 27 2017.........SUNRISE   603 AM PDT   SUNSET   725 PM PDT


-  INDICATES NEGATIVE NUMBERS.
R  INDICATES RECORD WAS SET OR TIED.
MM INDICATES DATA IS MISSING.
T  INDICATES TRACE AMOUNT.




$$
