000
CDUS46 KSGX 240017
CLICZZ


CLIMATE REPORT
NATIONAL WEATHER SERVICE SAN DIEGO, CA
517 PM PDT WED APR 23 2014


...................................

...THE CAMPO ASOS CA CLIMATE SUMMARY FOR APRIL 23 2014...
VALID TODAY AS OF 0500 PM LOCAL TIME.

CLIMATE NORMAL PERIOD 1981 TO 2010
CLIMATE RECORD PERIOD 1948 TO 2014


WEATHER ITEM   OBSERVED TIME   RECORD YEAR NORMAL DEPARTURE LAST
                VALUE   (LST)  VALUE       VALUE  FROM      YEAR
                                                  NORMAL
..................................................................
TEMPERATURE (F)
 TODAY
  MAXIMUM         73    156 PM  89    1996  74     -1       81
  MINIMUM         39    444 AM  26    1970  39      0       34
  AVERAGE         56                        56      0       58

PRECIPITATION (IN)
  TODAY            0.00          0.72 1980   0.02  -0.02     0.00
  MONTH TO DATE    0.28                      0.80  -0.52     0.01
  SINCE JUL 1      6.54                     15.28  -8.74     8.92
  SINCE JAN 1      2.35                      9.70  -7.35     4.45

SNOWFALL (IN)
  TODAY            0.0
  MONTH TO DATE    0.0
  SINCE JAN 1      0.0
  SINCE JUL 1      0.0
  SNOW DEPTH       0

DEGREE DAYS
 HEATING
  TODAY            9                         9      0        7
  MONTH TO DATE  200                       245    -45      252
  SINCE MAR 1    572                       662    -90      624
  SINCE JUL 1   2442                      2713   -271     2768

 COOLING
  TODAY            0                         0      0        0
  MONTH TO DATE    1                         0      1        0
  SINCE MAR 1      1                         0      1        0
  SINCE JAN 1      1                         0      1        0
..................................................................


WIND (MPH)
  RESULTANT WIND SPEED   5   RESULTANT WIND DIRECTION  SW (240)
  HIGHEST WIND SPEED    20   HIGHEST WIND DIRECTION    SW (220)
  HIGHEST GUST SPEED    26   HIGHEST GUST DIRECTION     S (190)
  AVERAGE WIND SPEED     6.7


SKY COVER
  POSSIBLE SUNSHINE  MM
  AVERAGE SKY COVER 0.0



RELATIVE HUMIDITY (PERCENT)
 HIGHEST   100           600 AM
 LOWEST     27          1100 AM
 AVERAGE    64

..........................................................


THE CAMPO ASOS CA CLIMATE NORMALS FOR TOMORROW
                         NORMAL    RECORD    YEAR
 MAXIMUM TEMPERATURE (F)   75        89      1996
 MINIMUM TEMPERATURE (F)   39        27      1963


SUNRISE AND SUNSET
APRIL 23 2014.........SUNRISE   607 AM PDT   SUNSET   722 PM PDT
APRIL 24 2014.........SUNRISE   606 AM PDT   SUNSET   722 PM PDT


-  INDICATES NEGATIVE NUMBERS.
R  INDICATES RECORD WAS SET OR TIED.
MM INDICATES DATA IS MISSING.
T  INDICATES TRACE AMOUNT.




$$
