000
CDUS46 KSGX 221149
CLICZZ


CLIMATE REPORT
NATIONAL WEATHER SERVICE SAN DIEGO, CA
449 AM PDT SUN OCT 22 2017


...................................

...THE CAMPO ASOS CA CLIMATE SUMMARY FOR OCTOBER 21 2017...

CLIMATE NORMAL PERIOD 1981 TO 2010
CLIMATE RECORD PERIOD 1948 TO 2017


WEATHER ITEM   OBSERVED TIME   RECORD YEAR NORMAL DEPARTURE LAST
                VALUE   (LST)  VALUE       VALUE  FROM      YEAR
                                                  NORMAL
..................................................................
TEMPERATURE (F)
 YESTERDAY
  MAXIMUM         75   1238 PM  95    2003  78     -3       91
  MINIMUM         37    416 AM  32    1950  41     -4       47
  AVERAGE         56                        60     -4       69

PRECIPITATION (IN)
  YESTERDAY        0.00          0.93 2015   0.03  -0.03     0.00
  MONTH TO DATE    0.00                      0.51  -0.51     0.00
  SINCE OCT 1      0.00                      0.51  -0.51     0.00
  SINCE JAN 1     11.72                     12.02  -0.30     7.38

DEGREE DAYS
 HEATING
  YESTERDAY        9                         6      3        0
  MONTH TO DATE   81                        90     -9       77
  SINCE SEP 1    151                       126     25      114
  SINCE JUL 1    155                       140     15      114

 COOLING
  YESTERDAY        0                         0      0        4
  MONTH TO DATE   26                        27     -1       22
  SINCE SEP 1    162                       188    -26      125
  SINCE JAN 1   1039                       838    201      945
..................................................................


WIND (MPH)
  RESULTANT WIND SPEED  10   RESULTANT WIND DIRECTION  NE (60)
  HIGHEST WIND SPEED    28   HIGHEST WIND DIRECTION    NE (50)
  HIGHEST GUST SPEED    35   HIGHEST GUST DIRECTION     E (70)
  AVERAGE WIND SPEED    10.7


SKY COVER
  POSSIBLE SUNSHINE  MM
  AVERAGE SKY COVER 0.0



RELATIVE HUMIDITY (PERCENT)
 HIGHEST   100           100 AM
 LOWEST     16          1200 PM
 AVERAGE    58

..........................................................


THE CAMPO ASOS CA CLIMATE NORMALS FOR TODAY
                         NORMAL    RECORD    YEAR
 MAXIMUM TEMPERATURE (F)   78        96      2003
 MINIMUM TEMPERATURE (F)   41        31      1966


SUNRISE AND SUNSET
OCTOBER 22 2017.......SUNRISE   655 AM PDT   SUNSET   605 PM PDT
OCTOBER 23 2017.......SUNRISE   656 AM PDT   SUNSET   604 PM PDT


-  INDICATES NEGATIVE NUMBERS.
R  INDICATES RECORD WAS SET OR TIED.
MM INDICATES DATA IS MISSING.
T  INDICATES TRACE AMOUNT.




$$
