000
CDUS46 KSGX 030016
CLICZZ


CLIMATE REPORT
NATIONAL WEATHER SERVICE SAN DIEGO, CA
516 PM PDT MON MAY 2 2016


...................................

...THE CAMPO ASOS CA CLIMATE SUMMARY FOR MAY 2 2016...
VALID TODAY AS OF 0500 PM LOCAL TIME.

CLIMATE NORMAL PERIOD 1981 TO 2010
CLIMATE RECORD PERIOD 1948 TO 2016


WEATHER ITEM   OBSERVED TIME   RECORD YEAR NORMAL DEPARTURE LAST
                VALUE   (LST)  VALUE       VALUE  FROM      YEAR
                                                  NORMAL
..................................................................
TEMPERATURE (F)
 TODAY
  MAXIMUM         78    347 PM  92    2014  77      1       85
  MINIMUM         40    448 AM  29    1990  40      0       46
  AVERAGE         59                        58      1       66

PRECIPITATION (IN)
  TODAY            0.00          0.62 1955   0.01  -0.01     0.00
  MONTH TO DATE    0.00                      0.03  -0.03     0.00
  SINCE OCT 1      9.18                     14.11  -4.93     6.62
  SINCE JAN 1      6.23                      9.89  -3.66     2.75

DEGREE DAYS
 HEATING
  TODAY            6                         7     -1        0
  MONTH TO DATE   14                        14      0        0
  SINCE MAR 1    687                       731    -44      583
  SINCE JUL 1   2571                      2782   -211     2219

 COOLING
  TODAY            0                         0      0        1
  MONTH TO DATE    0                         0      0        2
  SINCE MAR 1      0                         3     -3        7
  SINCE JAN 1      0                         3     -3        7
..................................................................


WIND (MPH)
  RESULTANT WIND SPEED   7   RESULTANT WIND DIRECTION  NE (60)
  HIGHEST WIND SPEED    21   HIGHEST WIND DIRECTION    NE (50)
  HIGHEST GUST SPEED    28   HIGHEST GUST DIRECTION    NE (60)
  AVERAGE WIND SPEED     7.6


SKY COVER
  POSSIBLE SUNSHINE  MM
  AVERAGE SKY COVER 0.0



RELATIVE HUMIDITY (PERCENT)
 HIGHEST    92           100 AM
 LOWEST     21           300 PM
 AVERAGE    57

..........................................................


THE CAMPO ASOS CA CLIMATE NORMALS FOR TOMORROW
                         NORMAL    RECORD    YEAR
 MAXIMUM TEMPERATURE (F)   77        93      2004
 MINIMUM TEMPERATURE (F)   40        29      1967


SUNRISE AND SUNSET
MAY  2 2016...........SUNRISE   557 AM PDT   SUNSET   729 PM PDT
MAY  3 2016...........SUNRISE   557 AM PDT   SUNSET   729 PM PDT


-  INDICATES NEGATIVE NUMBERS.
R  INDICATES RECORD WAS SET OR TIED.
MM INDICATES DATA IS MISSING.
T  INDICATES TRACE AMOUNT.




$$
