000
CDUS46 KSGX 201236
CLICZZ


CLIMATE REPORT
NATIONAL WEATHER SERVICE SAN DIEGO, CA
435 AM PST SAT JAN 20 2018


...................................

...THE CAMPO ASOS CA CLIMATE SUMMARY FOR JANUARY 19 2018...

CLIMATE NORMAL PERIOD 1981 TO 2010
CLIMATE RECORD PERIOD 1948 TO 2018


WEATHER ITEM   OBSERVED TIME   RECORD YEAR NORMAL DEPARTURE LAST
                VALUE   (LST)  VALUE       VALUE  FROM      YEAR
                                                  NORMAL
..................................................................
TEMPERATURE (F)
 YESTERDAY
  MAXIMUM         65   1244 PM  81    1971  63      2       54
  MINIMUM         35    644 AM  22    2002  35      0       41
  AVERAGE         50                        49      1       48

PRECIPITATION (IN)
  YESTERDAY        0.01          1.34 1954   0.10  -0.09     0.75
  MONTH TO DATE    2.08                      1.86   0.22     2.37
  SINCE OCT 1      2.43                      6.08  -3.65     7.60
  SINCE JAN 1      2.08                      1.86   0.22     2.37

DEGREE DAYS
 HEATING
  YESTERDAY       15                        16     -1       17
  MONTH TO DATE  178                       315   -137      325
  SINCE DEC 1    570                       851   -281      790
  SINCE JUL 1    966                      1421   -455     1208

 COOLING
  YESTERDAY        0                         0      0        0
  MONTH TO DATE    0                         0      0        0
  SINCE DEC 1      0                         0      0        0
  SINCE JAN 1      0                         0      0        0
..................................................................


WIND (MPH)
  RESULTANT WIND SPEED   5   RESULTANT WIND DIRECTION  SW (230)
  HIGHEST WIND SPEED    22   HIGHEST WIND DIRECTION    SW (230)
  HIGHEST GUST SPEED    26   HIGHEST GUST DIRECTION    SW (240)
  AVERAGE WIND SPEED    10.3


SKY COVER
  POSSIBLE SUNSHINE  MM
  AVERAGE SKY COVER 0.0



RELATIVE HUMIDITY (PERCENT)
 HIGHEST   100           900 PM
 LOWEST     37          1100 AM
 AVERAGE    69

..........................................................


THE CAMPO ASOS CA CLIMATE NORMALS FOR TODAY
                         NORMAL    RECORD    YEAR
 MAXIMUM TEMPERATURE (F)   63        77      1975
 MINIMUM TEMPERATURE (F)   35        20      1973


SUNRISE AND SUNSET
JANUARY 20 2018.......SUNRISE   647 AM PST   SUNSET   508 PM PST
JANUARY 21 2018.......SUNRISE   646 AM PST   SUNSET   509 PM PST


-  INDICATES NEGATIVE NUMBERS.
R  INDICATES RECORD WAS SET OR TIED.
MM INDICATES DATA IS MISSING.
T  INDICATES TRACE AMOUNT.




$$
