328
CDUS43 KUNR 310842
CLID07


CLIMATE REPORT
NATIONAL WEATHER SERVICE RAPID CITY SD
242 AM MDT SUN JUL 31 2016


...................................

...THE FAITH SD CLIMATE SUMMARY FOR JULY 30 2016...

CLIMATE NORMAL PERIOD 1981 TO 2010
CLIMATE RECORD PERIOD 9999 TO 9999


WEATHER ITEM   OBSERVED TIME   NORMAL DEPARTURE LAST
                VALUE   (LST)  VALUE  FROM      YEAR
                                      NORMAL
......................................................
TEMPERATURE (F)
 YESTERDAY
  MAXIMUM         92    348 PM  87      5       91
  MINIMUM         60    509 AM  60      0       55
  AVERAGE         76            74      2       73

PRECIPITATION (IN)
  YESTERDAY        0.00          0.06  -0.06     0.00
  MONTH TO DATE    1.85          2.74  -0.89     0.58
  SINCE JUN 1      3.54          5.83  -2.29     3.22
  SINCE JAN 1     10.39         12.13  -1.74    10.46

DEGREE DAYS
 HEATING
  YESTERDAY        0             0      0        0
  MONTH TO DATE    3             5     -2        0
  SINCE JUN 1     18            95    -77       34
  SINCE JUL 1      3             5     -2        0

 COOLING
  YESTERDAY       11             9      2        8
  MONTH TO DATE  270           239     31      248
  SINCE JUN 1    445           327    118      343
  SINCE JAN 1    447           339    108      345
......................................................


WIND (MPH)
  HIGHEST WIND SPEED    24   HIGHEST WIND DIRECTION    SE (150)
  HIGHEST GUST SPEED    29   HIGHEST GUST DIRECTION     S (160)
  AVERAGE WIND SPEED    13.2




RELATIVE HUMIDITY (PERCENT)
 HIGHEST    93           600 AM
 LOWEST     26           300 PM
 AVERAGE    60

..........................................................




SUNRISE AND SUNSET
JULY 31 2016..........SUNRISE   533 AM MDT   SUNSET   815 PM MDT
AUGUST  1 2016........SUNRISE   534 AM MDT   SUNSET   814 PM MDT


-  INDICATES NEGATIVE NUMBERS.
R  INDICATES RECORD WAS SET OR TIED.
MM INDICATES DATA IS MISSING.
T  INDICATES TRACE AMOUNT.




$$
