000
CDUS43 KUNR 250848
CLID07


CLIMATE REPORT
NATIONAL WEATHER SERVICE RAPID CITY SD
244 AM MDT WED MAY 25 2016


...................................

...THE FAITH SD CLIMATE SUMMARY FOR MAY 24 2016...

CLIMATE NORMAL PERIOD 1981 TO 2010
CLIMATE RECORD PERIOD 9999 TO 9999


WEATHER ITEM   OBSERVED TIME   NORMAL DEPARTURE LAST
                VALUE   (LST)  VALUE  FROM      YEAR
                                      NORMAL
......................................................
TEMPERATURE (F)
 YESTERDAY
  MAXIMUM         76    331 PM  69      7       62
  MINIMUM         44    438 AM  46     -2       51
  AVERAGE         60            57      3       57

PRECIPITATION (IN)
  YESTERDAY        0.01          0.10  -0.09     1.61
  MONTH TO DATE    0.36          2.34  -1.98     5.39
  SINCE MAR 1      5.21          4.95   0.26     6.04
  SINCE JAN 1      6.72          5.57   1.15     6.47

DEGREE DAYS
 HEATING
  YESTERDAY        5             8     -3        8
  MONTH TO DATE  244           269    -25      328
  SINCE MAR 1   1581          1880   -299     1593
  SINCE JUL 1   6527          7568  -1041     7092

 COOLING
  YESTERDAY        0             0      0        0
  MONTH TO DATE    2             0      2        0
  SINCE MAR 1      2             1      1        2
  SINCE JAN 1      2             1      1        2
......................................................


WIND (MPH)
  HIGHEST WIND SPEED    21   HIGHEST WIND DIRECTION    SE (130)
  HIGHEST GUST SPEED    27   HIGHEST GUST DIRECTION     W (250)
  AVERAGE WIND SPEED     8.9




RELATIVE HUMIDITY (PERCENT)
 HIGHEST    83           400 AM
 LOWEST     33           100 PM
 AVERAGE    58

..........................................................




SUNRISE AND SUNSET
MAY 25 2016...........SUNRISE   509 AM MDT   SUNSET   822 PM MDT
MAY 26 2016...........SUNRISE   508 AM MDT   SUNSET   823 PM MDT


-  INDICATES NEGATIVE NUMBERS.
R  INDICATES RECORD WAS SET OR TIED.
MM INDICATES DATA IS MISSING.
T  INDICATES TRACE AMOUNT.




$$
