000
CDUS43 KUNR 180832
CLID07


CLIMATE REPORT
NATIONAL WEATHER SERVICE RAPID CITY SD
132 AM MST MON DEC 18 2017


...................................

...THE FAITH SD CLIMATE SUMMARY FOR DECEMBER 17 2017...

CLIMATE NORMAL PERIOD 1981 TO 2010
CLIMATE RECORD PERIOD 9999 TO 9999


WEATHER ITEM   OBSERVED TIME   NORMAL DEPARTURE LAST
                VALUE   (LST)  VALUE  FROM      YEAR
                                      NORMAL
......................................................
TEMPERATURE (F)
 YESTERDAY
  MAXIMUM         40    134 PM  30     10       -5
  MINIMUM         24    603 AM  11     13      -22
  AVERAGE         32            20     12      -13

PRECIPITATION (IN)
  YESTERDAY        0.00          0.01  -0.01     0.00
  MONTH TO DATE    0.25          0.20   0.05     0.44
  SINCE DEC 1      0.25          0.20   0.05     0.44
  SINCE JAN 1     10.05         17.46  -7.41    14.54

DEGREE DAYS
 HEATING
  YESTERDAY       33            45    -12       78
  MONTH TO DATE  534           733   -199      972
  SINCE DEC 1    534           733   -199      972
  SINCE JUL 1   2157          2516   -359     2223

 COOLING
  YESTERDAY        0             0      0        0
  MONTH TO DATE    0             0      0        0
  SINCE DEC 1      0             0      0        0
  SINCE JAN 1    756           635    121      734
......................................................


WIND (MPH)
  HIGHEST WIND SPEED    17   HIGHEST WIND DIRECTION     S (190)
  HIGHEST GUST SPEED    22   HIGHEST GUST DIRECTION     S (170)
  AVERAGE WIND SPEED     8.0




RELATIVE HUMIDITY (PERCENT)
 HIGHEST    92           300 AM
 LOWEST     48           100 PM
 AVERAGE    70

..........................................................




SUNRISE AND SUNSET
DECEMBER 18 2017......SUNRISE   722 AM MST   SUNSET   408 PM MST
DECEMBER 19 2017......SUNRISE   722 AM MST   SUNSET   408 PM MST


-  INDICATES NEGATIVE NUMBERS.
R  INDICATES RECORD WAS SET OR TIED.
MM INDICATES DATA IS MISSING.
T  INDICATES TRACE AMOUNT.




$$
