000
CDUS43 KUNR 010832
CLID07


CLIMATE REPORT
NATIONAL WEATHER SERVICE RAPID CITY SD
231 AM MDT SAT OCT 1 2016


...................................

...THE FAITH SD CLIMATE SUMMARY FOR SEPTEMBER 30 2016...

CLIMATE NORMAL PERIOD 1981 TO 2010
CLIMATE RECORD PERIOD 9999 TO 9999


WEATHER ITEM   OBSERVED TIME   NORMAL DEPARTURE LAST
                VALUE   (LST)  VALUE  FROM      YEAR
                                      NORMAL
......................................................
TEMPERATURE (F)
 YESTERDAY
  MAXIMUM         75    331 PM  66      9       75
  MINIMUM         51    620 AM  40     11       50
  AVERAGE         63            53     10       63

PRECIPITATION (IN)
  YESTERDAY        0.00          0.03  -0.03     0.00
  MONTH TO DATE    1.39          1.36   0.03     0.56
  SINCE SEP 1      1.39          1.36   0.03     0.56
  SINCE JAN 1     13.01         15.18  -2.17    13.53

DEGREE DAYS
 HEATING
  YESTERDAY        2            12    -10        2
  MONTH TO DATE  112           197    -85       59
  SINCE SEP 1    112           199    -87       59
  SINCE JUL 1    141           232    -91       88

 COOLING
  YESTERDAY        0             0      0        0
  MONTH TO DATE   46            59    -13      101
  SINCE SEP 1     46            59    -13      101
  SINCE JAN 1    732           634     98      680
......................................................


WIND (MPH)
  HIGHEST WIND SPEED    25   HIGHEST WIND DIRECTION     S (160)
  HIGHEST GUST SPEED    30   HIGHEST GUST DIRECTION    SE (150)
  AVERAGE WIND SPEED    19.1




RELATIVE HUMIDITY (PERCENT)
 HIGHEST    71           400 AM
 LOWEST     38           300 PM
 AVERAGE    55

..........................................................




SUNRISE AND SUNSET
OCTOBER  1 2016.......SUNRISE   647 AM MDT   SUNSET   627 PM MDT
OCTOBER  2 2016.......SUNRISE   648 AM MDT   SUNSET   626 PM MDT


-  INDICATES NEGATIVE NUMBERS.
R  INDICATES RECORD WAS SET OR TIED.
MM INDICATES DATA IS MISSING.
T  INDICATES TRACE AMOUNT.




$$
