000
CDUS43 KUNR 240843
CLID07


CLIMATE REPORT
NATIONAL WEATHER SERVICE RAPID CITY SD
242 AM MDT SUN SEP 24 2017


...................................

...THE FAITH SD CLIMATE SUMMARY FOR SEPTEMBER 23 2017...

CLIMATE NORMAL PERIOD 1981 TO 2010
CLIMATE RECORD PERIOD 9999 TO 9999


WEATHER ITEM   OBSERVED TIME   NORMAL DEPARTURE LAST
                VALUE   (LST)  VALUE  FROM      YEAR
                                      NORMAL
......................................................
TEMPERATURE (F)
 YESTERDAY
  MAXIMUM         49    241 PM  70    -21       66
  MINIMUM         44    624 AM  43      1       53
  AVERAGE         47            56     -9       60

PRECIPITATION (IN)
  YESTERDAY        0.53          0.05   0.48     0.17
  MONTH TO DATE    0.77          1.10  -0.33     1.38
  SINCE SEP 1      0.77          1.10  -0.33     1.38
  SINCE JAN 1      9.24         14.92  -5.68    13.00

DEGREE DAYS
 HEATING
  YESTERDAY       18             9      9        5
  MONTH TO DATE  117           121     -4       82
  SINCE SEP 1    117           121     -4       82
  SINCE JUL 1    129           154    -25      111

 COOLING
  YESTERDAY        0             1     -1        0
  MONTH TO DATE   88            58     30       46
  SINCE SEP 1     88            58     30       46
  SINCE JAN 1    752           633    119      732
......................................................


WIND (MPH)
  HIGHEST WIND SPEED    22   HIGHEST WIND DIRECTION    NE (40)
  HIGHEST GUST SPEED    27   HIGHEST GUST DIRECTION    NE (30)
  AVERAGE WIND SPEED    13.9




RELATIVE HUMIDITY (PERCENT)
 HIGHEST   100          1200 AM
 LOWEST     93           100 AM
 AVERAGE    97

..........................................................




SUNRISE AND SUNSET
SEPTEMBER 24 2017.....SUNRISE   638 AM MDT   SUNSET   641 PM MDT
SEPTEMBER 25 2017.....SUNRISE   639 AM MDT   SUNSET   639 PM MDT


-  INDICATES NEGATIVE NUMBERS.
R  INDICATES RECORD WAS SET OR TIED.
MM INDICATES DATA IS MISSING.
T  INDICATES TRACE AMOUNT.




$$
