000
CDUS43 KUNR 290841
CLID07


CLIMATE REPORT
NATIONAL WEATHER SERVICE RAPID CITY SD
239 AM MDT FRI MAY 29 2015


...................................

...THE FAITH SD CLIMATE SUMMARY FOR MAY 28 2015...

CLIMATE NORMAL PERIOD 1981 TO 2010
CLIMATE RECORD PERIOD 9999 TO 9999


WEATHER ITEM   OBSERVED TIME   NORMAL DEPARTURE LAST
                VALUE   (LST)  VALUE  FROM      YEAR
                                      NORMAL
......................................................
TEMPERATURE (F)
 YESTERDAY
  MAXIMUM         78   1228 PM  70      8       84
  MINIMUM         51    354 AM  47      4       54
  AVERAGE         65            58      7       69

PRECIPITATION (IN)
  YESTERDAY        0.26          0.11   0.15     0.00
  MONTH TO DATE    6.01          2.75   3.26     1.03
  SINCE MAR 1      6.66          5.36   1.30     3.10
  SINCE JAN 1      7.09          5.98   1.11     4.00

DEGREE DAYS
 HEATING
  YESTERDAY        0             7     -7        0
  MONTH TO DATE  342           299     43      337
  SINCE MAR 1   1607          1910   -303     2063
  SINCE JUL 1   7106          7598   -492     8149

 COOLING
  YESTERDAY        0             1     -1        4
  MONTH TO DATE    0             2     -2       20
  SINCE MAR 1      2             3     -1       20
  SINCE JAN 1      2             3     -1       20
......................................................


WIND (MPH)
  HIGHEST WIND SPEED    30   HIGHEST WIND DIRECTION    NW (310)
  HIGHEST GUST SPEED    36   HIGHEST GUST DIRECTION    NW (310)
  AVERAGE WIND SPEED     9.2




RELATIVE HUMIDITY (PERCENT)
 HIGHEST    96           300 AM
 LOWEST     49           100 PM
 AVERAGE    73

..........................................................




SUNRISE AND SUNSET
MAY 29 2015...........SUNRISE   506 AM MDT   SUNSET   825 PM MDT
MAY 30 2015...........SUNRISE   506 AM MDT   SUNSET   826 PM MDT


-  INDICATES NEGATIVE NUMBERS.
R  INDICATES RECORD WAS SET OR TIED.
MM INDICATES DATA IS MISSING.
T  INDICATES TRACE AMOUNT.




$$
