000
CDUS43 KUNR 230833
CLID07


CLIMATE REPORT
NATIONAL WEATHER SERVICE RAPID CITY SD
232 AM MDT TUE SEP 23 2014


...................................

...THE FAITH SD CLIMATE SUMMARY FOR SEPTEMBER 22 2014...

CLIMATE NORMAL PERIOD 1981 TO 2010
CLIMATE RECORD PERIOD 9999 TO 9999


WEATHER ITEM   OBSERVED TIME   NORMAL DEPARTURE LAST
                VALUE   (LST)  VALUE  FROM      YEAR
                                      NORMAL
......................................................
TEMPERATURE (F)
 YESTERDAY
  MAXIMUM         81    254 PM  70     11       97
  MINIMUM         45    307 AM  44      1       53
  AVERAGE         63            57      6       75

PRECIPITATION (IN)
  YESTERDAY        0.00          0.04  -0.04     0.01
  MONTH TO DATE    0.34          1.05  -0.71     0.40
  SINCE SEP 1      0.34          1.05  -0.71     0.40
  SINCE JAN 1     16.85         14.87   1.98    12.77

DEGREE DAYS
 HEATING
  YESTERDAY        2             9     -7        0
  MONTH TO DATE  171           112     59       28
  SINCE SEP 1    171           112     59       28
  SINCE JUL 1    214           145     69       43

 COOLING
  YESTERDAY        0             1     -1       10
  MONTH TO DATE   17            57    -40      127
  SINCE SEP 1     17            57    -40      127
  SINCE JAN 1    416           632   -216      717
......................................................


WIND (MPH)
  HIGHEST WIND SPEED    26   HIGHEST WIND DIRECTION     S (160)
  HIGHEST GUST SPEED    33   HIGHEST GUST DIRECTION    SE (150)
  AVERAGE WIND SPEED    16.2




RELATIVE HUMIDITY (PERCENT)
 HIGHEST    83           300 AM
 LOWEST     35           100 PM
 AVERAGE    59

..........................................................




SUNRISE AND SUNSET
SEPTEMBER 23 2014.....SUNRISE   636 AM MDT   SUNSET   644 PM MDT
SEPTEMBER 24 2014.....SUNRISE   638 AM MDT   SUNSET   642 PM MDT


-  INDICATES NEGATIVE NUMBERS.
R  INDICATES RECORD WAS SET OR TIED.
MM INDICATES DATA IS MISSING.
T  INDICATES TRACE AMOUNT.




$$
