000
CDUS43 KUNR 050836
CLID07


CLIMATE REPORT
NATIONAL WEATHER SERVICE RAPID CITY SD
234 AM MDT SAT SEP 5 2015


...................................

...THE FAITH SD CLIMATE SUMMARY FOR SEPTEMBER 4 2015...

CLIMATE NORMAL PERIOD 1981 TO 2010
CLIMATE RECORD PERIOD 9999 TO 9999


WEATHER ITEM   OBSERVED TIME   NORMAL DEPARTURE LAST
                VALUE   (LST)  VALUE  FROM      YEAR
                                      NORMAL
......................................................
TEMPERATURE (F)
 YESTERDAY
  MAXIMUM         92    330 PM  80     12       67
  MINIMUM         69   1142 PM  52     17       47
  AVERAGE         81            66     15       57

PRECIPITATION (IN)
  YESTERDAY        0.00          0.06  -0.06     0.00
  MONTH TO DATE    0.01          0.24  -0.23     0.03
  SINCE SEP 1      0.01          0.24  -0.23     0.03
  SINCE JAN 1     12.98         14.06  -1.08    16.54

DEGREE DAYS
 HEATING
  YESTERDAY        0             3     -3        8
  MONTH TO DATE    0            10    -10       11
  SINCE SEP 1      0            10    -10       11
  SINCE JUL 1     29            43    -14       54

 COOLING
  YESTERDAY       16             4     12        0
  MONTH TO DATE   37            18     19        1
  SINCE SEP 1     37            18     19        1
  SINCE JAN 1    616           593     23      400
......................................................


WIND (MPH)
  HIGHEST WIND SPEED    26   HIGHEST WIND DIRECTION    SW (240)
  HIGHEST GUST SPEED    41   HIGHEST GUST DIRECTION    SW (240)
  AVERAGE WIND SPEED    10.4




RELATIVE HUMIDITY (PERCENT)
 HIGHEST    60          1000 PM
 LOWEST     26           100 PM
 AVERAGE    43

..........................................................




SUNRISE AND SUNSET
SEPTEMBER  5 2015.....SUNRISE   615 AM MDT   SUNSET   718 PM MDT
SEPTEMBER  6 2015.....SUNRISE   616 AM MDT   SUNSET   716 PM MDT


-  INDICATES NEGATIVE NUMBERS.
R  INDICATES RECORD WAS SET OR TIED.
MM INDICATES DATA IS MISSING.
T  INDICATES TRACE AMOUNT.




$$
