000
CDUS43 KUNR 240837
CLID07


CLIMATE REPORT
NATIONAL WEATHER SERVICE RAPID CITY SD
135 AM MST SAT JAN 24 2015


...................................

...THE FAITH SD CLIMATE SUMMARY FOR JANUARY 23 2015...

CLIMATE NORMAL PERIOD 1981 TO 2010
CLIMATE RECORD PERIOD 9999 TO 9999


WEATHER ITEM   OBSERVED TIME   NORMAL DEPARTURE LAST
                VALUE   (LST)  VALUE  FROM      YEAR
                                      NORMAL
......................................................
TEMPERATURE (F)
 YESTERDAY
  MAXIMUM         53    242 PM  30     23       34
  MINIMUM         33    645 AM  11     22       -7
  AVERAGE         43            20     23       14

PRECIPITATION (IN)
  YESTERDAY        0.00          0.01  -0.01     0.00
  MONTH TO DATE    0.14          0.14   0.00     0.06
  SINCE DEC 1      0.42          0.54  -0.12     0.96
  SINCE JAN 1      0.14          0.14   0.00     0.06

DEGREE DAYS
 HEATING
  YESTERDAY       22            45    -23       51
  MONTH TO DATE 1011          1035    -24     1019
  SINCE DEC 1   2228          2395   -167     2589
  SINCE JUL 1   4104          4178    -74     4339

 COOLING
  YESTERDAY        0             0      0        0
  MONTH TO DATE    0             0      0        0
  SINCE DEC 1      0             0      0        0
  SINCE JAN 1      0             0      0        0
......................................................


WIND (MPH)
  HIGHEST WIND SPEED    25   HIGHEST WIND DIRECTION    NW (330)
  HIGHEST GUST SPEED    31   HIGHEST GUST DIRECTION    NW (320)
  AVERAGE WIND SPEED    16.7




RELATIVE HUMIDITY (PERCENT)
 HIGHEST    64           600 AM
 LOWEST     35           200 PM
 AVERAGE    50

..........................................................




SUNRISE AND SUNSET
JANUARY 24 2015.......SUNRISE   716 AM MST   SUNSET   444 PM MST
JANUARY 25 2015.......SUNRISE   715 AM MST   SUNSET   446 PM MST


-  INDICATES NEGATIVE NUMBERS.
R  INDICATES RECORD WAS SET OR TIED.
MM INDICATES DATA IS MISSING.
T  INDICATES TRACE AMOUNT.




$$
