000
CDUS42 KMLB 240631
CLIDAB


CLIMATE REPORT
NATIONAL WEATHER SERVICE MELBOURNE FL
230 AM EDT SUN MAY 24 2015


...................................

...THE DAYTONA BEACH CLIMATE SUMMARY FOR MAY 23 2015...

CLIMATE NORMAL PERIOD 1981 TO 2010
CLIMATE RECORD PERIOD 1923 TO 2015


WEATHER ITEM   OBSERVED TIME   RECORD YEAR NORMAL DEPARTURE LAST
                VALUE   (LST)  VALUE       VALUE  FROM      YEAR
                                                  NORMAL
..................................................................
TEMPERATURE (F)
 YESTERDAY
  MAXIMUM         86    134 PM  95    1940  86      0       91
  MINIMUM         72    125 AM  54    1981  67      5       68
  AVERAGE         79                        77      2       80

PRECIPITATION (IN)
  YESTERDAY        0.43          4.02 1984   0.13   0.30     0.00
  MONTH TO DATE    2.58                      1.96   0.62     2.68
  SINCE MAR 1      8.87                      8.38   0.49    11.74
  SINCE JAN 1     14.30                     13.90   0.40    18.32

SNOWFALL (IN)
  YESTERDAY        0.0
  MONTH TO DATE    0.0
  SINCE JUL 1      0.0

DEGREE DAYS
 HEATING
  YESTERDAY        0                         0      0        0
  MONTH TO DATE    0                         0      0        0
  SINCE MAR 1     35                       125    -90       89
  SINCE JUL 1    682                       807   -125      602

 COOLING
  YESTERDAY       14                        12      2       15
  MONTH TO DATE  255                       213     42      221
  SINCE MAR 1    760                       435    325      472
  SINCE JAN 1    800                       500    300      556
..................................................................


WIND (MPH)
  HIGHEST WIND SPEED    21   HIGHEST WIND DIRECTION    NE (60)
  HIGHEST GUST SPEED    25   HIGHEST GUST DIRECTION     N (20)
  AVERAGE WIND SPEED    10.8


SKY COVER
  AVERAGE SKY COVER 0.5


WEATHER CONDITIONS
 THE FOLLOWING WEATHER WAS RECORDED YESTERDAY.
  HEAVY RAIN
  RAIN
  FOG
  HAZE


RELATIVE HUMIDITY (PERCENT)
 HIGHEST    93          1200 AM
 LOWEST     61           100 PM
 AVERAGE    77

..........................................................


THE DAYTONA BEACH CLIMATE NORMALS FOR TODAY
                         NORMAL    RECORD    YEAR
 MAXIMUM TEMPERATURE (F)   86        96      2000
                                             1953
 MINIMUM TEMPERATURE (F)   68        53      1941


SUNRISE AND SUNSET
MAY 24 2015...........SUNRISE   628 AM EDT   SUNSET   814 PM EDT
MAY 25 2015...........SUNRISE   628 AM EDT   SUNSET   815 PM EDT


-  INDICATES NEGATIVE NUMBERS.
R  INDICATES RECORD WAS SET OR TIED.
MM INDICATES DATA IS MISSING.
T  INDICATES TRACE AMOUNT.




$$
