000
CDUS42 KMLB 252022
CLIDAB


CLIMATE REPORT
NATIONAL WEATHER SERVICE MELBOURNE FL
421 PM EDT MON JUL 25 2016


...................................

...THE DAYTONA BEACH CLIMATE SUMMARY FOR JULY 25 2016...
VALID TODAY AS OF 0400 PM LOCAL TIME.

CLIMATE NORMAL PERIOD 1981 TO 2010
CLIMATE RECORD PERIOD 1923 TO 2016


WEATHER ITEM   OBSERVED TIME   RECORD YEAR NORMAL DEPARTURE LAST
                VALUE   (LST)  VALUE       VALUE  FROM      YEAR
                                                  NORMAL
..................................................................
TEMPERATURE (F)
 TODAY
  MAXIMUM         91   1243 PM  99    1983  91      0       89
  MINIMUM         72    603 AM  68    1965  73     -1       76
                                      1951
                                      1939
  AVERAGE         82                        82      0       83

PRECIPITATION (IN)
  TODAY            0.00          1.65 1966   0.19  -0.19     0.00
  MONTH TO DATE    0.71                      4.67  -3.96     3.02
  SINCE JUN 1      4.28                     10.50  -6.22     8.41
  SINCE JAN 1     24.28                     25.57  -1.29    22.75

SNOWFALL (IN)
  TODAY            0.0
  MONTH TO DATE    0.0
  SINCE JUL 1      0.0

DEGREE DAYS
 HEATING
  TODAY            0                         0      0        0
  MONTH TO DATE    0                         0      0        0
  SINCE JUN 1      0                         0      0        0
  SINCE JUL 1      0                         0      0        0

 COOLING
  TODAY           17                        17      0       18
  MONTH TO DATE  480                       414     66      442
  SINCE JUN 1    981                       861    120      939
  SINCE JAN 1   1755                      1462    293     1852
..................................................................


WIND (MPH)
  HIGHEST WIND SPEED    16   HIGHEST WIND DIRECTION     E (70)
  HIGHEST GUST SPEED    20   HIGHEST GUST DIRECTION     E (80)
  AVERAGE WIND SPEED     4.0


SKY COVER
  AVERAGE SKY COVER 0.3


WEATHER CONDITIONS
 THE FOLLOWING WEATHER WAS RECORDED TODAY.
  NO SIGNIFICANT WEATHER WAS OBSERVED.


RELATIVE HUMIDITY (PERCENT)
 HIGHEST   100           600 AM
 LOWEST     55          1000 AM
 AVERAGE    78

..........................................................


THE DAYTONA BEACH CLIMATE NORMALS FOR TOMORROW
                         NORMAL    RECORD    YEAR
 MAXIMUM TEMPERATURE (F)   91        97      1992
 MINIMUM TEMPERATURE (F)   73        66      1939


SUNRISE AND SUNSET
JULY 25 2016..........SUNRISE   641 AM EDT   SUNSET   820 PM EDT
JULY 26 2016..........SUNRISE   642 AM EDT   SUNSET   820 PM EDT


-  INDICATES NEGATIVE NUMBERS.
R  INDICATES RECORD WAS SET OR TIED.
MM INDICATES DATA IS MISSING.
T  INDICATES TRACE AMOUNT.




$$
