000
CDUS42 KMLB 182035
CLIDAB


CLIMATE REPORT
NATIONAL WEATHER SERVICE MELBOURNE FL
434 PM EDT THU SEP 18 2014


...................................

...THE DAYTONA BEACH CLIMATE SUMMARY FOR SEPTEMBER 18 2014...
VALID TODAY AS OF 0400 PM LOCAL TIME.

CLIMATE NORMAL PERIOD 1981 TO 2010
CLIMATE RECORD PERIOD 1923 TO 2014


WEATHER ITEM   OBSERVED TIME   RECORD YEAR NORMAL DEPARTURE LAST
                VALUE   (LST)  VALUE       VALUE  FROM      YEAR
                                                  NORMAL
..................................................................
TEMPERATURE (F)
 TODAY
  MAXIMUM         89   1207 PM  93    1987  87      2       86
  MINIMUM         70    434 AM  64    1981  72     -2       75
                                      1936
  AVERAGE         80                        80      0       81

PRECIPITATION (IN)
  TODAY            0.00          2.20 2011   0.24  -0.24     0.04
  MONTH TO DATE    7.01                      4.36   2.65     2.53
  SINCE SEP 1      7.01                      4.36   2.65     2.53
  SINCE JAN 1     40.18                     37.49   2.69    37.75

SNOWFALL (IN)
  TODAY            0.0
  MONTH TO DATE    0.0
  SINCE JUL 1      0.0

DEGREE DAYS
 HEATING
  TODAY            0                         0      0        0
  MONTH TO DATE    0                         0      0        0
  SINCE SEP 1      0                         0      0        0
  SINCE JUL 1      0                         0      0        0

 COOLING
  TODAY           15                        14      1       16
  MONTH TO DATE  293                       274     19      298
  SINCE SEP 1    293                       274     19      298
  SINCE JAN 1   2485                      2348    137     2494
..................................................................


WIND (MPH)
  HIGHEST WIND SPEED    14   HIGHEST WIND DIRECTION     E (70)
  HIGHEST GUST SPEED    17   HIGHEST GUST DIRECTION     E (70)
  AVERAGE WIND SPEED     3.1


SKY COVER
  AVERAGE SKY COVER 0.2


WEATHER CONDITIONS
 THE FOLLOWING WEATHER WAS RECORDED TODAY.
  NO SIGNIFICANT WEATHER WAS OBSERVED.


RELATIVE HUMIDITY (PERCENT)
 HIGHEST   100           700 AM
 LOWEST     59          1200 PM
 AVERAGE    80

..........................................................


THE DAYTONA BEACH CLIMATE NORMALS FOR TOMORROW
                         NORMAL    RECORD    YEAR
 MAXIMUM TEMPERATURE (F)   87        94      1936
 MINIMUM TEMPERATURE (F)   72        56      1981


SUNRISE AND SUNSET
SEPTEMBER 18 2014.....SUNRISE   710 AM EDT   SUNSET   726 PM EDT
SEPTEMBER 19 2014.....SUNRISE   711 AM EDT   SUNSET   724 PM EDT


-  INDICATES NEGATIVE NUMBERS.
R  INDICATES RECORD WAS SET OR TIED.
MM INDICATES DATA IS MISSING.
T  INDICATES TRACE AMOUNT.

&&

DAYTONA BEACH SURF TEMPERATURE 82 DEGREES.

$$
