000
CDUS42 KMLB 150648
CLIDAB


CLIMATE REPORT
NATIONAL WEATHER SERVICE MELBOURNE FL
138 AM EST FRI DEC 15 2017


...................................

...THE DAYTONA BEACH CLIMATE SUMMARY FOR DECEMBER 14 2017...

CLIMATE NORMAL PERIOD 1981 TO 2010
CLIMATE RECORD PERIOD 1923 TO 2017


WEATHER ITEM   OBSERVED TIME   RECORD YEAR NORMAL DEPARTURE LAST
                VALUE   (LST)  VALUE       VALUE  FROM      YEAR
                                                  NORMAL
..................................................................
TEMPERATURE (F)
 YESTERDAY
  MAXIMUM         73    208 PM  85    1991  71      2       81
  MINIMUM         41    137 AM  24    2010  51    -10       60
  AVERAGE         57                        61     -4       71

PRECIPITATION (IN)
  YESTERDAY        0.00          3.03 1976   0.08  -0.08     0.00
  MONTH TO DATE    1.16                      1.09   0.07     0.63
  SINCE DEC 1      1.16                      1.09   0.07     0.63
  SINCE JAN 1     49.94                     48.08   1.86    44.57

SNOWFALL (IN)
  YESTERDAY        0.0
  MONTH TO DATE    0.0
  SINCE JUL 1      0.0

DEGREE DAYS
 HEATING
  YESTERDAY        8                         6      2        0
  MONTH TO DATE   72                        70      2       32
  SINCE DEC 1     72                        70      2       32
  SINCE JUL 1    106                       144    -38       69

 COOLING
  YESTERDAY        0                         2     -2        6
  MONTH TO DATE   34                        28      6       52
  SINCE DEC 1     34                        28      6       52
  SINCE JAN 1   3443                      2940    503     3431
..................................................................


WIND (MPH)
  HIGHEST WIND SPEED    14   HIGHEST WIND DIRECTION    SW (230)
  HIGHEST GUST SPEED    18   HIGHEST GUST DIRECTION    SW (230)
  AVERAGE WIND SPEED     4.6


SKY COVER
  AVERAGE SKY COVER 0.5


WEATHER CONDITIONS
 THE FOLLOWING WEATHER WAS RECORDED YESTERDAY.
  NO SIGNIFICANT WEATHER WAS OBSERVED.


RELATIVE HUMIDITY (PERCENT)
 HIGHEST    96           500 AM
 LOWEST     53           200 PM
 AVERAGE    75

..........................................................


THE DAYTONA BEACH CLIMATE NORMALS FOR TODAY
                         NORMAL    RECORD    YEAR
 MAXIMUM TEMPERATURE (F)   70        84      2007
                                             1971
 MINIMUM TEMPERATURE (F)   51        26      2010


SUNRISE AND SUNSET
DECEMBER 15 2017......SUNRISE   711 AM EST   SUNSET   528 PM EST
DECEMBER 16 2017......SUNRISE   711 AM EST   SUNSET   529 PM EST


-  INDICATES NEGATIVE NUMBERS.
R  INDICATES RECORD WAS SET OR TIED.
MM INDICATES DATA IS MISSING.
T  INDICATES TRACE AMOUNT.




$$
