000
CDUS42 KMLB 270641
CLIDAB


CLIMATE REPORT
NATIONAL WEATHER SERVICE MELBOURNE FL
231 AM EDT FRI MAR 27 2015


...................................

...THE DAYTONA BEACH CLIMATE SUMMARY FOR MARCH 26 2015...

CLIMATE NORMAL PERIOD 1981 TO 2010
CLIMATE RECORD PERIOD 1923 TO 2015


WEATHER ITEM   OBSERVED TIME   RECORD YEAR NORMAL DEPARTURE LAST
                VALUE   (LST)  VALUE       VALUE  FROM      YEAR
                                                  NORMAL
..................................................................
TEMPERATURE (F)
 YESTERDAY
  MAXIMUM         84    315 PM  89    1944  76      8       56
  MINIMUM         61    607 AM  36    1956  56      5       43
  AVERAGE         73                        66      7       50

PRECIPITATION (IN)
  YESTERDAY        0.16          1.62 1982   0.14   0.02     0.00
  MONTH TO DATE    0.68                      3.57  -2.89     3.21
  SINCE MAR 1      0.68                      3.57  -2.89     3.21
  SINCE JAN 1      6.11                      9.09  -2.98     9.79

SNOWFALL (IN)
  YESTERDAY        0.0
  MONTH TO DATE    0.0
  SINCE JUL 1      0.0

DEGREE DAYS
 HEATING
  YESTERDAY        0                         2     -2       15
  MONTH TO DATE   14                        86    -72       68
  SINCE MAR 1     14                        86    -72       68
  SINCE JUL 1    661                       768   -107      581

 COOLING
  YESTERDAY        8                         3      5        0
  MONTH TO DATE  182                        63    119       45
  SINCE MAR 1    182                        63    119       45
  SINCE JAN 1    222                       128     94      129
..................................................................


WIND (MPH)
  HIGHEST WIND SPEED    18   HIGHEST WIND DIRECTION     S (190)
  HIGHEST GUST SPEED    25   HIGHEST GUST DIRECTION     S (180)
  AVERAGE WIND SPEED     3.9


SKY COVER
  AVERAGE SKY COVER 0.8


WEATHER CONDITIONS
 THE FOLLOWING WEATHER WAS RECORDED YESTERDAY.
  RAIN
  LIGHT RAIN
  FOG
  HAZE


RELATIVE HUMIDITY (PERCENT)
 HIGHEST   100          1200 AM
 LOWEST     62          1200 PM
 AVERAGE    81

..........................................................


THE DAYTONA BEACH CLIMATE NORMALS FOR TODAY
                         NORMAL    RECORD    YEAR
 MAXIMUM TEMPERATURE (F)   76        91      2011
                                             1994
 MINIMUM TEMPERATURE (F)   56        39      2013
                                             2006
                                             1955


SUNRISE AND SUNSET
MARCH 27 2015.........SUNRISE   720 AM EDT   SUNSET   740 PM EDT
MARCH 28 2015.........SUNRISE   719 AM EDT   SUNSET   740 PM EDT


-  INDICATES NEGATIVE NUMBERS.
R  INDICATES RECORD WAS SET OR TIED.
MM INDICATES DATA IS MISSING.
T  INDICATES TRACE AMOUNT.




$$
