000
CDUS41 KRNK 210910
CLIDAN


CLIMATE REPORT
NATIONAL WEATHER SERVICE BLACKSBURG VA
409 AM EST WED FEB 21 2018


...................................

...THE DANVILLE VA CLIMATE SUMMARY FOR FEBRUARY 20 2018...

CLIMATE NORMAL PERIOD 1981 TO 2010
CLIMATE RECORD PERIOD 1948 TO 2018


WEATHER ITEM   OBSERVED TIME   RECORD YEAR NORMAL DEPARTURE LAST
                VALUE   (LST)  VALUE       VALUE  FROM      YEAR
                                                  NORMAL
..................................................................
TEMPERATURE (F)
 YESTERDAY
  MAXIMUM         72    426 PM  74    1971  51     21       70
  MINIMUM         50    515 AM   3    2015  33     17       35
  AVERAGE         61                        42     19       53

PRECIPITATION (IN)
  YESTERDAY        0.00          1.13 1981   0.11  -0.11     0.00
  MONTH TO DATE    2.27                      2.24   0.03     0.69
  SINCE DEC 1      5.84                      8.93  -3.09     6.19
  SINCE JAN 1      5.10                      5.66  -0.56     4.57

SNOWFALL (IN)
  YESTERDAY        0.0                                       0.0
  MONTH TO DATE    T                                          T
  SINCE DEC 1     13.7                                       8.8
  SINCE JUL 1     13.7                                       8.8
  SNOW DEPTH       0

DEGREE DAYS
 HEATING
  YESTERDAY        4                        23    -19       12
  MONTH TO DATE  408                       498    -90      351
  SINCE DEC 1   1869                      2117   -248     1791
  SINCE JUL 1   2591                      2826   -235     2361

 COOLING
  YESTERDAY        0                         0      0        0
  MONTH TO DATE    0                         0      0        5
  SINCE DEC 1      0                         0      0        5
  SINCE JAN 1      0                         0      0        5
..................................................................


WIND (MPH)
  HIGHEST WIND SPEED    15   HIGHEST WIND DIRECTION    SW (230)
  HIGHEST GUST SPEED    19   HIGHEST GUST DIRECTION    SW (220)
  AVERAGE WIND SPEED     3.8


SKY COVER
  AVERAGE SKY COVER 0.7


WEATHER CONDITIONS
 THE FOLLOWING WEATHER WAS RECORDED YESTERDAY.
  FOG
  FOG W/VISIBILITY <= 1/4 MILE


RELATIVE HUMIDITY (PERCENT)
 HIGHEST   100          1200 AM
 LOWEST     70           500 PM
 AVERAGE    85

..........................................................


THE DANVILLE VA CLIMATE NORMALS FOR TODAY
                         NORMAL    RECORD    YEAR
 MAXIMUM TEMPERATURE (F)   52        75      2011
 MINIMUM TEMPERATURE (F)   33        11      1979


SUNRISE AND SUNSET
FEBRUARY 21 2018......SUNRISE   658 AM EST   SUNSET   604 PM EST
FEBRUARY 22 2018......SUNRISE   657 AM EST   SUNSET   605 PM EST


-  INDICATES NEGATIVE NUMBERS.
R  INDICATES RECORD WAS SET OR TIED.
MM INDICATES DATA IS MISSING.
T  INDICATES TRACE AMOUNT.


REMARKS:
DUE TO MISSING DATA FROM JANUARY 4-9 AND 21-22...ALL INFORMATION
WILL BE CALCULATED WITHOUT DATA FROM THESE DATES.

$$
