000
CDUS41 KRNK 060623
CLIDAN


CLIMATE REPORT
NATIONAL WEATHER SERVICE BLACKSBURG VA
117 AM EST SAT FEB 6 2016


...................................

...THE DANVILLE VA CLIMATE SUMMARY FOR FEBRUARY 5 2016...

CLIMATE NORMAL PERIOD 1981 TO 2010
CLIMATE RECORD PERIOD 1948 TO 2016


WEATHER ITEM   OBSERVED TIME   RECORD YEAR NORMAL DEPARTURE LAST
                VALUE   (LST)  VALUE       VALUE  FROM      YEAR
                                                  NORMAL
..................................................................
TEMPERATURE (F)
 YESTERDAY
  MAXIMUM         47    352 PM  70    1991  48     -1       46
  MINIMUM         27   1159 PM   4    1996  31     -4       25
  AVERAGE         37                        39     -2       36

PRECIPITATION (IN)
  YESTERDAY        0.05          1.41 2010   0.11  -0.06     0.00
  MONTH TO DATE    1.75                      0.59   1.16     0.44
  SINCE DEC 1      9.85                      7.28   2.57     4.62
  SINCE JAN 1      4.29                      4.01   0.28     1.95

SNOWFALL (IN)
  YESTERDAY        T                                         0.0
  MONTH TO DATE    T                                         0.0
  SINCE DEC 1      9.2                                        T
  SINCE JUL 1      9.2                                        T
  SNOW DEPTH       0

DEGREE DAYS
 HEATING
  YESTERDAY       28                        26      2       29
  MONTH TO DATE   66                       130    -64      129
  SINCE DEC 1   1340                      1749   -409     1623
  SINCE JUL 1   1882                      2458   -576     2383

 COOLING
  YESTERDAY        0                         0      0        0
  MONTH TO DATE    0                         0      0        0
  SINCE DEC 1     11                         0     11        0
  SINCE JAN 1      0                         0      0        0
..................................................................


WIND (MPH)
  HIGHEST WIND SPEED    21   HIGHEST WIND DIRECTION    NW (320)
  HIGHEST GUST SPEED    30   HIGHEST GUST DIRECTION    NW (330)
  AVERAGE WIND SPEED     8.9


SKY COVER
  AVERAGE SKY COVER 0.3


WEATHER CONDITIONS
 THE FOLLOWING WEATHER WAS RECORDED YESTERDAY.
  LIGHT RAIN
  LIGHT SNOW
  FOG


RELATIVE HUMIDITY (PERCENT)
 HIGHEST    92           100 AM
 LOWEST     31           200 PM
 AVERAGE    62

..........................................................


THE DANVILLE VA CLIMATE NORMALS FOR TODAY
                         NORMAL    RECORD    YEAR
 MAXIMUM TEMPERATURE (F)   48        73      1991
 MINIMUM TEMPERATURE (F)   31         4      1996


SUNRISE AND SUNSET
FEBRUARY  6 2016......SUNRISE   715 AM EST   SUNSET   548 PM EST
FEBRUARY  7 2016......SUNRISE   714 AM EST   SUNSET   549 PM EST


-  INDICATES NEGATIVE NUMBERS.
R  INDICATES RECORD WAS SET OR TIED.
MM INDICATES DATA IS MISSING.
T  INDICATES TRACE AMOUNT.




$$
