000
CDUS41 KRNK 020819
CLIDAN


CLIMATE REPORT
NATIONAL WEATHER SERVICE BLACKSBURG VA
414 AM EDT TUE JUN 2 2015


...................................

...THE DANVILLE VA CLIMATE SUMMARY FOR JUNE 1 2015...

CLIMATE NORMAL PERIOD 1981 TO 2010
CLIMATE RECORD PERIOD 1948 TO 2015


WEATHER ITEM   OBSERVED TIME   RECORD YEAR NORMAL DEPARTURE LAST
                VALUE   (LST)  VALUE       VALUE  FROM      YEAR
                                                  NORMAL
..................................................................
TEMPERATURE (F)
 YESTERDAY
  MAXIMUM         91    218 PM  96    1991  81     10       78
  MINIMUM         64    456 AM  46    2000  61      3       56
  AVERAGE         78                        71      7       67

PRECIPITATION (IN)
  YESTERDAY        0.93          1.42 1975   0.15   0.78     0.00
  MONTH TO DATE    0.93                      0.15   0.78     0.00
  SINCE JUN 1      0.93                      0.15   0.78     0.00
  SINCE JAN 1     10.81                     18.03  -7.22    18.56

SNOWFALL (IN)
  YESTERDAY        0.0                                       0.0
  MONTH TO DATE    0.0                                       0.0
  SINCE JUN 1      0.0                                       0.0
  SINCE JUL 1      9.8                                      13.4
  SNOW DEPTH       0

DEGREE DAYS
 HEATING
  YESTERDAY        0                         0      0        0
  MONTH TO DATE    0                         0      0        0
  SINCE JUN 1      0                         0      0        0
  SINCE JUL 1   3774                      3811    -37     3894

 COOLING
  YESTERDAY       13                         6      7        2
  MONTH TO DATE   13                         6      7        2
  SINCE JUN 1     13                         6      7        2
  SINCE JAN 1    240                       150     90      163
..................................................................


WIND (MPH)
  HIGHEST WIND SPEED    21   HIGHEST WIND DIRECTION     W (260)
  HIGHEST GUST SPEED    29   HIGHEST GUST DIRECTION     S (190)
  AVERAGE WIND SPEED     4.6


SKY COVER
  AVERAGE SKY COVER 0.4


WEATHER CONDITIONS
 THE FOLLOWING WEATHER WAS RECORDED YESTERDAY.
  THUNDERSTORM
  HEAVY RAIN
  RAIN
  LIGHT RAIN
  FOG
  HAZE


RELATIVE HUMIDITY (PERCENT)
 HIGHEST    93           300 AM
 LOWEST     44           200 PM
 AVERAGE    69

..........................................................


THE DANVILLE VA CLIMATE NORMALS FOR TODAY
                         NORMAL    RECORD    YEAR
 MAXIMUM TEMPERATURE (F)   81       102      1951
 MINIMUM TEMPERATURE (F)   61        44      2003


SUNRISE AND SUNSET
JUNE  2 2015..........SUNRISE   600 AM EDT   SUNSET   831 PM EDT
JUNE  3 2015..........SUNRISE   600 AM EDT   SUNSET   831 PM EDT


-  INDICATES NEGATIVE NUMBERS.
R  INDICATES RECORD WAS SET OR TIED.
MM INDICATES DATA IS MISSING.
T  INDICATES TRACE AMOUNT.

REMARKS:
DUE TO EQUIPMENT FAILURE RESULTING IN MISSING TEMPERATURE DATA ON
FEBRUARY 15...THE SEASONAL TOTAL AND DEPARTURE FROM NORMAL FOR HDD
WILL BE CALCULATED WITHOUT DATA FROM THIS DATE. ALSO...DUE TO A
TIPPING BUCKET FAILURE RESULTING IN MISSING PRECIPITATION DATA ON
MARCH 14 AND 19-20...THE ANNUAL TOTAL AND DEPARTURE FROM NORMAL FOR
PRECIPITATION WILL BE CALCULATED WITHOUT DATA FROM THESE DATES.



$$
