000
CDUS41 KRNK 250845
CLIDAN


CLIMATE REPORT
NATIONAL WEATHER SERVICE BLACKSBURG VA
443 AM EDT SAT MAR 25 2017


...................................

...THE DANVILLE VA CLIMATE SUMMARY FOR MARCH 24 2017...

CLIMATE NORMAL PERIOD 1981 TO 2010
CLIMATE RECORD PERIOD 1948 TO 2017


WEATHER ITEM   OBSERVED TIME   RECORD YEAR NORMAL DEPARTURE LAST
                VALUE   (LST)  VALUE       VALUE  FROM      YEAR
                                                  NORMAL
..................................................................
TEMPERATURE (F)
 YESTERDAY
  MAXIMUM         69    427 PM  82    2007  62      7       78
                                      1966
  MINIMUM         31    607 AM  23    1986  41    -10       48
  AVERAGE         50                        51     -1       63

PRECIPITATION (IN)
  YESTERDAY        0.00          1.75 1952   0.16  -0.16     0.00
  MONTH TO DATE    1.39                      2.97  -1.58     0.97
  SINCE MAR 1      1.39                      2.97  -1.58     0.97
  SINCE JAN 1      6.16                      9.40  -3.24     7.82

SNOWFALL (IN)
  YESTERDAY        0.0                                       0.0
  MONTH TO DATE    T                                         0.0
  SINCE MAR 1      T                                         0.0
  SINCE JUL 1      8.8                                      11.1
  SNOW DEPTH       0

DEGREE DAYS
 HEATING
  YESTERDAY       15                        14      1        2
  MONTH TO DATE  461                       421     40      245
  SINCE MAR 1    461                       421     40      245
  SINCE JUL 1   2917                      3422   -505     2707

 COOLING
  YESTERDAY        0                         0      0        0
  MONTH TO DATE    1                         0      1       18
  SINCE MAR 1      1                         0      1       18
  SINCE JAN 1      6                         0      6       18
..................................................................


WIND (MPH)
  HIGHEST WIND SPEED    24   HIGHEST WIND DIRECTION    SW (240)
  HIGHEST GUST SPEED    32   HIGHEST GUST DIRECTION    SW (240)
  AVERAGE WIND SPEED     7.2


SKY COVER
  AVERAGE SKY COVER 0.2


WEATHER CONDITIONS
 THE FOLLOWING WEATHER WAS RECORDED YESTERDAY.
  NO SIGNIFICANT WEATHER WAS OBSERVED.


RELATIVE HUMIDITY (PERCENT)
 HIGHEST    85           500 AM
 LOWEST     42           500 PM
 AVERAGE    64

..........................................................


THE DANVILLE VA CLIMATE NORMALS FOR TODAY
                         NORMAL    RECORD    YEAR
 MAXIMUM TEMPERATURE (F)   62        84      1959
 MINIMUM TEMPERATURE (F)   41        22      1956


SUNRISE AND SUNSET
MARCH 25 2017.........SUNRISE   713 AM EDT   SUNSET   734 PM EDT
MARCH 26 2017.........SUNRISE   712 AM EDT   SUNSET   735 PM EDT


-  INDICATES NEGATIVE NUMBERS.
R  INDICATES RECORD WAS SET OR TIED.
MM INDICATES DATA IS MISSING.
T  INDICATES TRACE AMOUNT.

$$

RAB
