000
CDUS41 KRNK 260912
CLIDAN


CLIMATE REPORT
NATIONAL WEATHER SERVICE BLACKSBURG VA
509 AM EDT SAT JUL 26 2014


...................................

...THE DANVILLE VA CLIMATE SUMMARY FOR JULY 25 2014...

CLIMATE NORMAL PERIOD 1981 TO 2010
CLIMATE RECORD PERIOD 1948 TO 2014


WEATHER ITEM   OBSERVED TIME   RECORD YEAR NORMAL DEPARTURE LAST
                VALUE   (LST)  VALUE       VALUE  FROM      YEAR
                                                  NORMAL
..................................................................
TEMPERATURE (F)
 YESTERDAY
  MAXIMUM         84    337 PM 102    2010  88     -4       82
  MINIMUM         66    603 AM  56    1969  69     -3       65
  AVERAGE         75                        78     -3

PRECIPITATION (IN)
  YESTERDAY        0.00          0.84 1951   0.13  -0.13     0.10
  MONTH TO DATE    3.49                      3.75  -0.26     9.91
  SINCE JUN 1      4.72                      7.60  -2.88    15.85
  SINCE JAN 1     23.28                     25.48  -2.20    36.06

SNOWFALL (IN)
  YESTERDAY        0.0
  MONTH TO DATE    0.0
  SINCE JUN 1      0.0
  SINCE JUL 1      0.0
  SNOW DEPTH       0

DEGREE DAYS
 HEATING
  YESTERDAY        0                         0      0
  MONTH TO DATE    0                         0      0
  SINCE JUN 1      0                         3     -3
  SINCE JUL 1      0                         0      0

 COOLING
  YESTERDAY       10                        13     -3
  MONTH TO DATE  325                       325      0
  SINCE JUN 1    670                       622     48
  SINCE JAN 1    831                       766     65
..................................................................


WIND (MPH)
  HIGHEST WIND SPEED     8   HIGHEST WIND DIRECTION     S (190)
  HIGHEST GUST SPEED    14   HIGHEST GUST DIRECTION     E (90)
  AVERAGE WIND SPEED     2.2


SKY COVER
  POSSIBLE SUNSHINE  MM
  AVERAGE SKY COVER 0.4


WEATHER CONDITIONS
 THE FOLLOWING WEATHER WAS RECORDED YESTERDAY.
  FOG


RELATIVE HUMIDITY (PERCENT)
 HIGHEST    93           500 AM
 LOWEST     54          1200 PM
 AVERAGE    74

..........................................................


THE DANVILLE VA CLIMATE NORMALS FOR TODAY
                         NORMAL    RECORD    YEAR
 MAXIMUM TEMPERATURE (F)   88        99      2012
                                             1987
 MINIMUM TEMPERATURE (F)   69        55      1969


SUNRISE AND SUNSET
JULY 26 2014..........SUNRISE   619 AM EDT   SUNSET   829 PM EDT
JULY 27 2014..........SUNRISE   619 AM EDT   SUNSET   828 PM EDT


-  INDICATES NEGATIVE NUMBERS.
R  INDICATES RECORD WAS SET OR TIED.
MM INDICATES DATA IS MISSING.
T  INDICATES TRACE AMOUNT.




$$
