468
CDUS41 KRNK 270645
CLIDAN


CLIMATE REPORT
NATIONAL WEATHER SERVICE BLACKSBURG VA
235 AM EDT THU APR 27 2017


...................................

...THE DANVILLE VA CLIMATE SUMMARY FOR APRIL 26 2017...

CLIMATE NORMAL PERIOD 1981 TO 2010
CLIMATE RECORD PERIOD 1948 TO 2017


WEATHER ITEM   OBSERVED TIME   RECORD YEAR NORMAL DEPARTURE LAST
                VALUE   (LST)  VALUE       VALUE  FROM      YEAR
                                                  NORMAL
..................................................................
TEMPERATURE (F)
 YESTERDAY
  MAXIMUM         79    444 PM  95    1960  73      6       84
  MINIMUM         53    435 AM  36    2013  49      4       57
                                      1981
  AVERAGE         66                        61      5       71

PRECIPITATION (IN)
  YESTERDAY        0.00          3.60 1978   0.11  -0.11     0.00
  MONTH TO DATE    6.95                      3.04   3.91     1.16
  SINCE MAR 1      9.60                      7.15   2.45     3.49
  SINCE JAN 1     14.37                     13.58   0.79    10.34

SNOWFALL (IN)
  YESTERDAY        0.0                                       0.0
  MONTH TO DATE    0.0                                       0.0
  SINCE MAR 1      T                                         0.0
  SINCE JUL 1      8.8                                      11.1
  SNOW DEPTH       0

DEGREE DAYS
 HEATING
  YESTERDAY        0                         5     -5        0
  MONTH TO DATE  136                       212    -76      220
  SINCE MAR 1    614                       722   -108      513
  SINCE JUL 1   3070                      3723   -653     2975

 COOLING
  YESTERDAY        1                         1      0        6
  MONTH TO DATE   42                        25     17       13
  SINCE MAR 1     45                        28     17       34
  SINCE JAN 1     50                        28     22       34
..................................................................


WIND (MPH)
  HIGHEST WIND SPEED    15   HIGHEST WIND DIRECTION     W (250)
  HIGHEST GUST SPEED    19   HIGHEST GUST DIRECTION     W (280)
  AVERAGE WIND SPEED     3.4


SKY COVER
  AVERAGE SKY COVER 0.4


WEATHER CONDITIONS
 THE FOLLOWING WEATHER WAS RECORDED YESTERDAY.
  FOG


RELATIVE HUMIDITY (PERCENT)
 HIGHEST   100          1200 AM
 LOWEST     58           400 PM
 AVERAGE    79

..........................................................


THE DANVILLE VA CLIMATE NORMALS FOR TODAY
                         NORMAL    RECORD    YEAR
 MAXIMUM TEMPERATURE (F)   73        95      1990
 MINIMUM TEMPERATURE (F)   50        33      1976


SUNRISE AND SUNSET
APRIL 27 2017.........SUNRISE   628 AM EDT   SUNSET   802 PM EDT
APRIL 28 2017.........SUNRISE   627 AM EDT   SUNSET   803 PM EDT


-  INDICATES NEGATIVE NUMBERS.
R  INDICATES RECORD WAS SET OR TIED.
MM INDICATES DATA IS MISSING.
T  INDICATES TRACE AMOUNT.




$$
