000
CDUS41 KRNK 010614
CLIDAN


CLIMATE REPORT
NATIONAL WEATHER SERVICE BLACKSBURG VA
212 AM EDT SAT OCT 1 2016


...................................

...THE DANVILLE VA CLIMATE SUMMARY FOR SEPTEMBER 30 2016...

CLIMATE NORMAL PERIOD 1981 TO 2010
CLIMATE RECORD PERIOD 1948 TO 2016


WEATHER ITEM   OBSERVED TIME   RECORD YEAR NORMAL DEPARTURE LAST
                VALUE   (LST)  VALUE       VALUE  FROM      YEAR
                                                  NORMAL
..................................................................
TEMPERATURE (F)
 YESTERDAY
  MAXIMUM         82    248 PM  92    1973  75      7       86
  MINIMUM         68    944 PM  34    1951  55     13       68
  AVERAGE         75                        65     10       77

PRECIPITATION (IN)
  YESTERDAY        0.03          2.29 1959   0.13  -0.10     0.01
  MONTH TO DATE    2.91                      3.96  -1.05     7.78
  SINCE SEP 1      2.91                      3.96  -1.05     7.78
  SINCE JAN 1     39.17                     34.25   4.92    36.08

SNOWFALL (IN)
  YESTERDAY        0.0                                       0.0
  MONTH TO DATE    0.0                                       0.0
  SINCE SEP 1      0.0                                       0.0
  SINCE JUL 1      0.0                                       0.0
  SNOW DEPTH       0

DEGREE DAYS
 HEATING
  YESTERDAY        0                         3     -3        0
  MONTH TO DATE    0                        27    -27        6
  SINCE SEP 1      0                        28    -28        6
  SINCE JUL 1      0                        28    -28        6

 COOLING
  YESTERDAY       10                         3      7       12
  MONTH TO DATE  304                       176    128      226
  SINCE SEP 1    304                       176    128      226
  SINCE JAN 1   1609                      1403    206     1620
..................................................................


WIND (MPH)
  HIGHEST WIND SPEED    12   HIGHEST WIND DIRECTION    SE (140)
  HIGHEST GUST SPEED    19   HIGHEST GUST DIRECTION    SE (150)
  AVERAGE WIND SPEED     4.5


SKY COVER
  AVERAGE SKY COVER 0.7


WEATHER CONDITIONS
 THE FOLLOWING WEATHER WAS RECORDED YESTERDAY.
  LIGHT RAIN
  FOG


RELATIVE HUMIDITY (PERCENT)
 HIGHEST   100          1200 AM
 LOWEST     67           400 PM
 AVERAGE    84

..........................................................


THE DANVILLE VA CLIMATE NORMALS FOR TODAY
                         NORMAL    RECORD    YEAR
 MAXIMUM TEMPERATURE (F)   74        92      1954
 MINIMUM TEMPERATURE (F)   54        38      1993


SUNRISE AND SUNSET
OCTOBER  1 2016.......SUNRISE   713 AM EDT   SUNSET   700 PM EDT
OCTOBER  2 2016.......SUNRISE   714 AM EDT   SUNSET   659 PM EDT


-  INDICATES NEGATIVE NUMBERS.
R  INDICATES RECORD WAS SET OR TIED.
MM INDICATES DATA IS MISSING.
T  INDICATES TRACE AMOUNT.

$$
RCS
