000
CDUS41 KRNK 200927
CLIDAN


CLIMATE REPORT
NATIONAL WEATHER SERVICE BLACKSBURG VA
524 AM EDT MON OCT 20 2014


...................................

...THE DANVILLE VA CLIMATE SUMMARY FOR OCTOBER 19 2014...

CLIMATE NORMAL PERIOD 1981 TO 2010
CLIMATE RECORD PERIOD 1948 TO 2014


WEATHER ITEM   OBSERVED TIME   RECORD YEAR NORMAL DEPARTURE LAST
                VALUE   (LST)  VALUE       VALUE  FROM      YEAR
                                                  NORMAL
..................................................................
TEMPERATURE (F)
 YESTERDAY
  MAXIMUM         66    338 PM  85    1953  69     -3       62
  MINIMUM         42   1159 PM  27    1948  48     -6       50
  AVERAGE         54                        58     -4

PRECIPITATION (IN)
  YESTERDAY        0.00          1.94 1989   0.13  -0.13      T
  MONTH TO DATE    3.37                      2.20   1.17     1.20
  SINCE SEP 1      7.25                      6.16   1.09     2.35
  SINCE JAN 1     37.00                     36.45   0.55    43.66

SNOWFALL (IN)
  YESTERDAY        0.0
  MONTH TO DATE    0.0
  SINCE SEP 1      0.0
  SINCE JUL 1      0.0
  SNOW DEPTH       0

DEGREE DAYS
 HEATING
  YESTERDAY       11                         7      4
  MONTH TO DATE   63                        96    -33
  SINCE SEP 1     75                       124    -49
  SINCE JUL 1     75                       124    -49

 COOLING
  YESTERDAY        0                         1     -1
  MONTH TO DATE   32                        26      6
  SINCE SEP 1    228                       202     26
  SINCE JAN 1   1417                      1429    -12
..................................................................


WIND (MPH)
  HIGHEST WIND SPEED    17   HIGHEST WIND DIRECTION     N (350)
  HIGHEST GUST SPEED    24   HIGHEST GUST DIRECTION     N (360)
  AVERAGE WIND SPEED     5.3


SKY COVER
  POSSIBLE SUNSHINE  MM
  AVERAGE SKY COVER 0.1


WEATHER CONDITIONS
 THE FOLLOWING WEATHER WAS RECORDED YESTERDAY.
  NO SIGNIFICANT WEATHER WAS OBSERVED.


RELATIVE HUMIDITY (PERCENT)
 HIGHEST    92           900 PM
 LOWEST     34           200 PM
 AVERAGE    63

..........................................................


THE DANVILLE VA CLIMATE NORMALS FOR TODAY
                         NORMAL    RECORD    YEAR
 MAXIMUM TEMPERATURE (F)   69        88      1984
 MINIMUM TEMPERATURE (F)   48        28      1992


SUNRISE AND SUNSET
OCTOBER 20 2014.......SUNRISE   729 AM EDT   SUNSET   635 PM EDT
OCTOBER 21 2014.......SUNRISE   730 AM EDT   SUNSET   633 PM EDT


-  INDICATES NEGATIVE NUMBERS.
R  INDICATES RECORD WAS SET OR TIED.
MM INDICATES DATA IS MISSING.
T  INDICATES TRACE AMOUNT.

REMARKS

DUE TO MISSING PRECIPITATION DATA ON OCTOBER 12-13...ALL TOTALS
AND DEPARTURES FROM NORMAL FOR PRECIPITATION WILL BE CALCULATED
WITHOUT DATA FROM THAT DATE.

$$

MBS
