000
CDUS41 KRNK 200833
CLIDAN


CLIMATE REPORT
NATIONAL WEATHER SERVICE BLACKSBURG VA
331 AM EST MON FEB 20 2017


...................................

...THE DANVILLE VA CLIMATE SUMMARY FOR FEBRUARY 19 2017...

CLIMATE NORMAL PERIOD 1981 TO 2010
CLIMATE RECORD PERIOD 1948 TO 2017


WEATHER ITEM   OBSERVED TIME   RECORD YEAR NORMAL DEPARTURE LAST
                VALUE   (LST)  VALUE       VALUE  FROM      YEAR
                                                  NORMAL
..................................................................
TEMPERATURE (F)
 YESTERDAY
  MAXIMUM         70    337 PM  73    1981  51     19       54
  MINIMUM         41    736 AM   9    2015  32      9       24
  AVERAGE         56                        42     14       39

PRECIPITATION (IN)
  YESTERDAY        0.00          1.25 1962   0.11  -0.11     0.00
  MONTH TO DATE    0.69                      2.13  -1.44     3.21
  SINCE DEC 1      6.19                      8.82  -2.63    11.31
  SINCE JAN 1      4.57                      5.55  -0.98     5.75

SNOWFALL (IN)
  YESTERDAY        0.0                                       0.0
  MONTH TO DATE    T                                         1.9
  SINCE DEC 1      8.8                                      11.1
  SINCE JUL 1      8.8                                      11.1
  SNOW DEPTH       0

DEGREE DAYS
 HEATING
  YESTERDAY        9                        23    -14       26
  MONTH TO DATE  339                       475   -136      502
  SINCE DEC 1   1779                      2094   -315     1776
  SINCE JUL 1   2349                      2803   -454     2318

 COOLING
  YESTERDAY        0                         0      0        0
  MONTH TO DATE    5                         0      5        0
  SINCE DEC 1      5                         0      5       11
  SINCE JAN 1      5                         0      5        0
..................................................................


WIND (MPH)
  HIGHEST WIND SPEED    21   HIGHEST WIND DIRECTION     N (340)
  HIGHEST GUST SPEED    27   HIGHEST GUST DIRECTION     N (350)
  AVERAGE WIND SPEED     8.2


SKY COVER
  AVERAGE SKY COVER 0.0


WEATHER CONDITIONS
 THE FOLLOWING WEATHER WAS RECORDED YESTERDAY.
  NO SIGNIFICANT WEATHER WAS OBSERVED.


RELATIVE HUMIDITY (PERCENT)
 HIGHEST    92           400 AM
 LOWEST     39           500 PM
 AVERAGE    66

..........................................................


THE DANVILLE VA CLIMATE NORMALS FOR TODAY
                         NORMAL    RECORD    YEAR
 MAXIMUM TEMPERATURE (F)   51        74      1971
 MINIMUM TEMPERATURE (F)   33         3      2015


SUNRISE AND SUNSET
FEBRUARY 20 2017......SUNRISE   659 AM EST   SUNSET   603 PM EST
FEBRUARY 21 2017......SUNRISE   658 AM EST   SUNSET   604 PM EST


-  INDICATES NEGATIVE NUMBERS.
R  INDICATES RECORD WAS SET OR TIED.
MM INDICATES DATA IS MISSING.
T  INDICATES TRACE AMOUNT.

$$
RCS
