000
CDUS41 KILN 290623
CLIDAY


CLIMATE REPORT
NATIONAL WEATHER SERVICE WILMINGTON OH
223 AM EDT SAT AUG 29 2015


...................................

...THE DAYTON OH CLIMATE SUMMARY FOR AUGUST 28 2015...

CLIMATE NORMAL PERIOD 1981 TO 2010
CLIMATE RECORD PERIOD 1869 TO 2015


WEATHER ITEM   OBSERVED TIME   RECORD YEAR NORMAL DEPARTURE LAST
                VALUE   (LST)  VALUE       VALUE  FROM      YEAR
                                                  NORMAL
..................................................................
TEMPERATURE (F)
 YESTERDAY
  MAXIMUM         78    311 PM  96    1953  82     -4       81
  MINIMUM         54    619 AM  40    1910  61     -7       64
  AVERAGE         66                        71     -5       73

PRECIPITATION (IN)
  YESTERDAY        0.00          2.47 1912   0.10  -0.10     0.00
  MONTH TO DATE    1.75                      2.67  -0.92     2.76
  SINCE JUN 1     14.23                     10.95   3.28     9.52
  SINCE JAN 1     29.55                     27.99   1.56    27.60

SNOWFALL (IN)
  YESTERDAY        0.0                       0.0    0.0      0.0
  MONTH TO DATE    0.0                       0.0    0.0      0.0
  SINCE JUN 1      0.0                       0.0    0.0      0.0
  SINCE JUL 1      0.0                       0.0    0.0      0.0
  SNOW DEPTH       0

DEGREE DAYS
 HEATING
  YESTERDAY        0                         0      0        0
  MONTH TO DATE    9                         0      9        3
  SINCE JUN 1     29                        22      7        9
  SINCE JUL 1      9                         0      9        7

 COOLING
  YESTERDAY        1                         7     -6        8
  MONTH TO DATE  162                       224    -62      250
  SINCE JUN 1    695                       693      2      705
  SINCE JAN 1    870                       763    107      834
..................................................................


WIND (MPH)
  RESULTANT WIND SPEED   4   RESULTANT WIND DIRECTION   E (110)
  HIGHEST WIND SPEED    13   HIGHEST WIND DIRECTION     E (110)
  HIGHEST GUST SPEED    16   HIGHEST GUST DIRECTION    SE (120)
  AVERAGE WIND SPEED     4.9



WEATHER CONDITIONS
 THE FOLLOWING WEATHER WAS RECORDED YESTERDAY.
  FOG


RELATIVE HUMIDITY (PERCENT)
 HIGHEST   100           600 AM
 LOWEST     45           300 PM
 AVERAGE    73

..........................................................


THE DAYTON OH CLIMATE NORMALS FOR TODAY
                         NORMAL    RECORD    YEAR
 MAXIMUM TEMPERATURE (F)   82        96      1953
 MINIMUM TEMPERATURE (F)   61        41      1986


SUNRISE AND SUNSET
AUGUST 29 2015........SUNRISE   702 AM EDT   SUNSET   813 PM EDT
AUGUST 30 2015........SUNRISE   703 AM EDT   SUNSET   812 PM EDT


-  INDICATES NEGATIVE NUMBERS.
R  INDICATES RECORD WAS SET OR TIED.
MM INDICATES DATA IS MISSING.
T  INDICATES TRACE AMOUNT.




$$
