000
CDUS41 KILN 260533
CLIDAY


CLIMATE REPORT
NATIONAL WEATHER SERVICE WILMINGTON OH
132 AM EDT SUN OCT 26 2014


...................................

...THE DAYTON OH CLIMATE SUMMARY FOR OCTOBER 25 2014...

CLIMATE NORMAL PERIOD 1981 TO 2010
CLIMATE RECORD PERIOD 1869 TO 2014


WEATHER ITEM   OBSERVED TIME   RECORD YEAR NORMAL DEPARTURE LAST
                VALUE   (LST)  VALUE       VALUE  FROM      YEAR
                                                  NORMAL
..................................................................
TEMPERATURE (F)
 YESTERDAY
  MAXIMUM         75    418 PM  83    1963  61     14       50
  MINIMUM         50    524 AM  25    1962  41      9       28
  AVERAGE         63                        51     12       39

PRECIPITATION (IN)
  YESTERDAY        T             1.29 2002   0.08  -0.08     0.00
                                      1939
  MONTH TO DATE    2.03                      2.35  -0.32     4.45
  SINCE SEP 1      2.91                      5.65  -2.74     6.68
  SINCE JAN 1     30.81                     33.96  -3.15    29.06

SNOWFALL (IN)
  YESTERDAY        0.0           2.0  1962   0.1   -0.1      0.0
  MONTH TO DATE    0.0                       0.2   -0.2      1.0
  SINCE SEP 1      0.0                       0.2   -0.2      1.0
  SINCE JUL 1      0.0                       0.2   -0.2      1.0
  SNOW DEPTH       0

DEGREE DAYS
 HEATING
  YESTERDAY        2                        14    -12       26
  MONTH TO DATE  248                       266    -18      226
  SINCE SEP 1    322                       354    -32      281
  SINCE JUL 1    329                       356    -27      293

 COOLING
  YESTERDAY        0                         0      0        0
  MONTH TO DATE    9                        10     -1       35
  SINCE SEP 1    107                       109     -2      175
  SINCE JAN 1    977                       891     86     1062
..................................................................


WIND (MPH)
  RESULTANT WIND SPEED  10   RESULTANT WIND DIRECTION   W (250)
  HIGHEST WIND SPEED    22   HIGHEST WIND DIRECTION     W (270)
  HIGHEST GUST SPEED    27   HIGHEST GUST DIRECTION     W (290)
  AVERAGE WIND SPEED    11.1



WEATHER CONDITIONS
 THE FOLLOWING WEATHER WAS RECORDED YESTERDAY.
  LIGHT RAIN


RELATIVE HUMIDITY (PERCENT)
 HIGHEST    83           300 AM
 LOWEST     38           400 PM
 AVERAGE    61

..........................................................


THE DAYTON OH CLIMATE NORMALS FOR TODAY
                         NORMAL    RECORD    YEAR
 MAXIMUM TEMPERATURE (F)   60        83      1963
 MINIMUM TEMPERATURE (F)   41        21      1962


SUNRISE AND SUNSET
OCTOBER 26 2014.......SUNRISE   759 AM EDT   SUNSET   642 PM EDT
OCTOBER 27 2014.......SUNRISE   800 AM EDT   SUNSET   641 PM EDT


-  INDICATES NEGATIVE NUMBERS.
R  INDICATES RECORD WAS SET OR TIED.
MM INDICATES DATA IS MISSING.
T  INDICATES TRACE AMOUNT.




$$
