000
CDUS41 KILN 160621
CLIDAY


CLIMATE REPORT
NATIONAL WEATHER SERVICE WILMINGTON OH
220 AM EDT TUE SEP 16 2014


...................................

...THE DAYTON OH CLIMATE SUMMARY FOR SEPTEMBER 15 2014...

CLIMATE NORMAL PERIOD 1981 TO 2010
CLIMATE RECORD PERIOD 1869 TO 2014


WEATHER ITEM   OBSERVED TIME   RECORD YEAR NORMAL DEPARTURE LAST
                VALUE   (LST)  VALUE       VALUE  FROM      YEAR
                                                  NORMAL
..................................................................
TEMPERATURE (F)
 YESTERDAY
  MAXIMUM         71    204 PM  99    1897  76     -5       76
  MINIMUM         47    604 AM  35    1902  55     -8       49
  AVERAGE         59                        66     -7       63

PRECIPITATION (IN)
  YESTERDAY        0.12          1.60 1965   0.11   0.01     0.06
  MONTH TO DATE    0.87                      1.69  -0.82     0.43
  SINCE SEP 1      0.87                      1.69  -0.82     0.43
  SINCE JAN 1     28.77                     30.00  -1.23    22.81

SNOWFALL (IN)
  YESTERDAY        0.0           0.0         0.0    0.0      0.0
  MONTH TO DATE    0.0                       0.0    0.0      0.0
  SINCE SEP 1      0.0                       0.0    0.0      0.0
  SINCE JUL 1      0.0                       0.0    0.0      0.0
  SNOW DEPTH       0

DEGREE DAYS
 HEATING
  YESTERDAY        6                         2      4        2
  MONTH TO DATE   24                        20      4       18
  SINCE SEP 1     24                        20      4       18
  SINCE JUL 1     31                        22      9       30

 COOLING
  YESTERDAY        0                         3     -3        0
  MONTH TO DATE   80                        68     12      113
  SINCE SEP 1     80                        68     12      113
  SINCE JAN 1    950                       850    100     1000
..................................................................


WIND (MPH)
  RESULTANT WIND SPEED   3   RESULTANT WIND DIRECTION   S (200)
  HIGHEST WIND SPEED    22   HIGHEST WIND DIRECTION    SE (150)
  HIGHEST GUST SPEED    26   HIGHEST GUST DIRECTION    SE (150)
  AVERAGE WIND SPEED     6.1



WEATHER CONDITIONS
 THE FOLLOWING WEATHER WAS RECORDED YESTERDAY.
  RAIN
  LIGHT RAIN
  FOG


RELATIVE HUMIDITY (PERCENT)
 HIGHEST    93           600 AM
 LOWEST     44           100 PM
 AVERAGE    69

..........................................................


THE DAYTON OH CLIMATE NORMALS FOR TODAY
                         NORMAL    RECORD    YEAR
 MAXIMUM TEMPERATURE (F)   76        99      1897
 MINIMUM TEMPERATURE (F)   55        38      1902


SUNRISE AND SUNSET
SEPTEMBER 16 2014.....SUNRISE   719 AM EDT   SUNSET   744 PM EDT
SEPTEMBER 17 2014.....SUNRISE   720 AM EDT   SUNSET   742 PM EDT


-  INDICATES NEGATIVE NUMBERS.
R  INDICATES RECORD WAS SET OR TIED.
MM INDICATES DATA IS MISSING.
T  INDICATES TRACE AMOUNT.




$$
