000
CDUS41 KILN 290531
CLIDAY


CLIMATE REPORT
NATIONAL WEATHER SERVICE WILMINGTON OH
130 AM EDT WED MAR 29 2017


...................................

...THE DAYTON OH CLIMATE SUMMARY FOR MARCH 28 2017...

CLIMATE NORMAL PERIOD 1981 TO 2010
CLIMATE RECORD PERIOD 1869 TO 2017


WEATHER ITEM   OBSERVED TIME   RECORD YEAR NORMAL DEPARTURE LAST
                VALUE   (LST)  VALUE       VALUE  FROM      YEAR
                                                  NORMAL
..................................................................
TEMPERATURE (F)
 YESTERDAY
  MAXIMUM         57   1240 AM  85    1910  55      2       49
  MINIMUM         47   1159 PM  16    1955  35     12       37
  AVERAGE         52                        45      7       43

PRECIPITATION (IN)
  YESTERDAY        0.14          1.50 1924   0.13   0.01     0.02
  MONTH TO DATE    4.51                      2.96   1.55     4.06
  SINCE MAR 1      4.51                      2.96   1.55     4.06
  SINCE JAN 1      9.45                      7.91   1.54     8.88

SNOWFALL (IN)
  YESTERDAY        0.0           1.0  1899   0.0    0.0      0.0
  MONTH TO DATE    1.3                       3.2   -1.9      1.4
  SINCE MAR 1      1.3                       3.2   -1.9      1.4
  SINCE JUL 1      8.5                      22.5  -14.0     12.0
  SNOW DEPTH       0

DEGREE DAYS
 HEATING
  YESTERDAY       13                        20     -7       22
  MONTH TO DATE  696                       706    -10      498
  SINCE MAR 1    696                       706    -10      498
  SINCE JUL 1   4126                      4981   -855     4039

 COOLING
  YESTERDAY        0                         0      0        0
  MONTH TO DATE    2                         0      2        0
  SINCE MAR 1      2                         0      2        0
  SINCE JAN 1      2                         0      2        0
..................................................................


WIND (MPH)
  RESULTANT WIND SPEED   8   RESULTANT WIND DIRECTION   N (10)
  HIGHEST WIND SPEED    18   HIGHEST WIND DIRECTION     N (20)
  HIGHEST GUST SPEED    23   HIGHEST GUST DIRECTION     N (20)
  AVERAGE WIND SPEED     9.3



WEATHER CONDITIONS
 THE FOLLOWING WEATHER WAS RECORDED YESTERDAY.
  LIGHT RAIN
  FOG


RELATIVE HUMIDITY (PERCENT)
 HIGHEST   100           100 AM
 LOWEST     77           300 PM
 AVERAGE    89

..........................................................


THE DAYTON OH CLIMATE NORMALS FOR TODAY
                         NORMAL    RECORD    YEAR
 MAXIMUM TEMPERATURE (F)   55        82      1910
 MINIMUM TEMPERATURE (F)   35        18      1923


SUNRISE AND SUNSET
MARCH 29 2017.........SUNRISE   725 AM EDT   SUNSET   758 PM EDT
MARCH 30 2017.........SUNRISE   724 AM EDT   SUNSET   759 PM EDT


-  INDICATES NEGATIVE NUMBERS.
R  INDICATES RECORD WAS SET OR TIED.
MM INDICATES DATA IS MISSING.
T  INDICATES TRACE AMOUNT.




$$
