000
CDUS41 KILN 230634
CLIDAY


CLIMATE REPORT
NATIONAL WEATHER SERVICE WILMINGTON OH
233 AM EDT TUE MAY 23 2017


...................................

...THE DAYTON OH CLIMATE SUMMARY FOR MAY 22 2017...

CLIMATE NORMAL PERIOD 1981 TO 2010
CLIMATE RECORD PERIOD 1869 TO 2017


WEATHER ITEM   OBSERVED TIME   RECORD YEAR NORMAL DEPARTURE LAST
                VALUE   (LST)  VALUE       VALUE  FROM      YEAR
                                                  NORMAL
..................................................................
TEMPERATURE (F)
 YESTERDAY
  MAXIMUM         70    527 PM  92    1902  73     -3       75
  MINIMUM         47    540 AM  34    2002  53     -6       49
  AVERAGE         59                        63     -4       62

PRECIPITATION (IN)
  YESTERDAY        0.00          1.68 1903   0.15  -0.15     0.00
  MONTH TO DATE    3.99                      3.29   0.70     2.72
  SINCE MAR 1     14.40                     10.72   3.68    11.17
  SINCE JAN 1     19.34                     15.67   3.67    15.99

SNOWFALL (IN)
  YESTERDAY        0.0                       0.0    0.0      0.0
  MONTH TO DATE    0.0                       0.0    0.0      0.0
  SINCE MAR 1      1.3                       4.0   -2.7      2.1
  SINCE JUL 1      8.5                      23.3  -14.8     12.7
  SNOW DEPTH       0

DEGREE DAYS
 HEATING
  YESTERDAY        6                         4      2        3
  MONTH TO DATE  154                       139     15      183
  SINCE MAR 1   1119                      1315   -196     1131
  SINCE JUL 1   4549                      5590  -1041     4672

 COOLING
  YESTERDAY        0                         2     -2        0
  MONTH TO DATE   39                        32      7        9
  SINCE MAR 1     72                        42     30       13
  SINCE JAN 1     72                        42     30       13
..................................................................


WIND (MPH)
  RESULTANT WIND SPEED   4   RESULTANT WIND DIRECTION   W (260)
  HIGHEST WIND SPEED    21   HIGHEST WIND DIRECTION     W (280)
  HIGHEST GUST SPEED    27   HIGHEST GUST DIRECTION     W (280)
  AVERAGE WIND SPEED     7.2



WEATHER CONDITIONS
 THE FOLLOWING WEATHER WAS RECORDED YESTERDAY.
  NO SIGNIFICANT WEATHER WAS OBSERVED.


RELATIVE HUMIDITY (PERCENT)
 HIGHEST    86           500 AM
 LOWEST     40           500 PM
 AVERAGE    63

..........................................................


THE DAYTON OH CLIMATE NORMALS FOR TODAY
                         NORMAL    RECORD    YEAR
 MAXIMUM TEMPERATURE (F)   73        90      1939
 MINIMUM TEMPERATURE (F)   54        34      1963


SUNRISE AND SUNSET
MAY 23 2017...........SUNRISE   615 AM EDT   SUNSET   852 PM EDT
MAY 24 2017...........SUNRISE   615 AM EDT   SUNSET   853 PM EDT


-  INDICATES NEGATIVE NUMBERS.
R  INDICATES RECORD WAS SET OR TIED.
MM INDICATES DATA IS MISSING.
T  INDICATES TRACE AMOUNT.




$$
