000
CDUS41 KILN 090529
CLIDAY


CLIMATE REPORT
NATIONAL WEATHER SERVICE WILMINGTON OH
1228 AM EST FRI DEC 9 2016


...................................

...THE DAYTON OH CLIMATE SUMMARY FOR DECEMBER 8 2016...

CLIMATE NORMAL PERIOD 1981 TO 2010
CLIMATE RECORD PERIOD 1869 TO 2016


WEATHER ITEM   OBSERVED TIME   RECORD YEAR NORMAL DEPARTURE LAST
                VALUE   (LST)  VALUE       VALUE  FROM      YEAR
                                                  NORMAL
..................................................................
TEMPERATURE (F)
 YESTERDAY
  MAXIMUM         30   1217 AM  66    1966  40    -10       53
  MINIMUM         19   1159 PM  -3    1917  26     -7       33
  AVERAGE         25                        33     -8       43

PRECIPITATION (IN)
  YESTERDAY        T             1.49 1924   0.11  -0.11     0.00
  MONTH TO DATE    0.79                      0.83  -0.04     0.05
  SINCE DEC 1      0.79                      0.83  -0.04     0.05
  SINCE JAN 1     33.58                     38.76  -5.18    36.78

SNOWFALL (IN)
  YESTERDAY        0.2           6.5  1917   0.2    0.0      0.0
  MONTH TO DATE    0.2                       0.8   -0.6      0.2
  SINCE DEC 1      0.2                       0.8   -0.6      0.2
  SINCE JUL 1      0.2                       1.8   -1.6      0.2
  SNOW DEPTH       0

DEGREE DAYS
 HEATING
  YESTERDAY       40                        32      8       22
  MONTH TO DATE  246                       243      3      214
  SINCE DEC 1    246                       243      3      214
  SINCE JUL 1   1019                      1354   -335     1050

 COOLING
  YESTERDAY        0                         0      0        0
  MONTH TO DATE    0                         0      0        0
  SINCE DEC 1      0                         0      0        0
  SINCE JAN 1   1247                       891    356     1078
..................................................................


WIND (MPH)
  RESULTANT WIND SPEED  17   RESULTANT WIND DIRECTION   W (280)
  HIGHEST WIND SPEED    28   HIGHEST WIND DIRECTION     W (270)
  HIGHEST GUST SPEED    34   HIGHEST GUST DIRECTION     W (280)
  AVERAGE WIND SPEED    17.3



WEATHER CONDITIONS
 THE FOLLOWING WEATHER WAS RECORDED YESTERDAY.
  LIGHT SNOW


RELATIVE HUMIDITY (PERCENT)
 HIGHEST    84          1000 PM
 LOWEST     57          1100 AM
 AVERAGE    71

..........................................................


THE DAYTON OH CLIMATE NORMALS FOR TODAY
                         NORMAL    RECORD    YEAR
 MAXIMUM TEMPERATURE (F)   40        65      1946
                                             1897
 MINIMUM TEMPERATURE (F)   26        -7      1917


SUNRISE AND SUNSET
DECEMBER  9 2016......SUNRISE   747 AM EST   SUNSET   512 PM EST
DECEMBER 10 2016......SUNRISE   748 AM EST   SUNSET   512 PM EST


-  INDICATES NEGATIVE NUMBERS.
R  INDICATES RECORD WAS SET OR TIED.
MM INDICATES DATA IS MISSING.
T  INDICATES TRACE AMOUNT.




$$
