000
CDUS41 KILN 230648
CLIDAY


CLIMATE REPORT
NATIONAL WEATHER SERVICE WILMINGTON OH
148 AM EST MON JAN 23 2017


...................................

...THE DAYTON OH CLIMATE SUMMARY FOR JANUARY 22 2017...

CLIMATE NORMAL PERIOD 1981 TO 2010
CLIMATE RECORD PERIOD 1869 TO 2017


WEATHER ITEM   OBSERVED TIME   RECORD YEAR NORMAL DEPARTURE LAST
                VALUE   (LST)  VALUE       VALUE  FROM      YEAR
                                                  NORMAL
..................................................................
TEMPERATURE (F)
 YESTERDAY
  MAXIMUM         61    401 PM  67    1933  35     26       26
                                      1906
  MINIMUM         40    525 AM -15    1936  20     20       15
  AVERAGE         51                        27     24       21

PRECIPITATION (IN)
  YESTERDAY        T             1.01 1937   0.08  -0.08     0.00
  MONTH TO DATE    3.23                      1.99   1.24     1.48
  SINCE DEC 1      6.22                      5.11   1.11     5.87
  SINCE JAN 1      3.23                      1.99   1.24     1.48

SNOWFALL (IN)
  YESTERDAY        0.0           5.9  1915   0.2   -0.2      0.0
  MONTH TO DATE    1.2                       5.6   -4.4      4.6
  SINCE DEC 1      5.3                      10.1   -4.8      4.8
  SINCE JUL 1      5.3                      11.1   -5.8      4.8
  SNOW DEPTH       0

DEGREE DAYS
 HEATING
  YESTERDAY       14                        38    -24       44
  MONTH TO DATE  668                       830   -162      871
  SINCE DEC 1   1736                      1878   -142     1524
  SINCE JUL 1   2509                      2989   -480     2360

 COOLING
  YESTERDAY        0                         0      0        0
  MONTH TO DATE    0                         0      0        0
  SINCE DEC 1      0                         0      0        0
  SINCE JAN 1      0                         0      0        0
..................................................................


WIND (MPH)
  RESULTANT WIND SPEED   6   RESULTANT WIND DIRECTION  NE (60)
  HIGHEST WIND SPEED    16   HIGHEST WIND DIRECTION     N (20)
  HIGHEST GUST SPEED    20   HIGHEST GUST DIRECTION     N (20)
  AVERAGE WIND SPEED     8.8



WEATHER CONDITIONS
 THE FOLLOWING WEATHER WAS RECORDED YESTERDAY.
  LIGHT RAIN
  FOG
  FOG W/VISIBILITY <= 1/4 MILE


RELATIVE HUMIDITY (PERCENT)
 HIGHEST   100           400 AM
 LOWEST     57           500 PM
 AVERAGE    79

..........................................................


THE DAYTON OH CLIMATE NORMALS FOR TODAY
                         NORMAL    RECORD    YEAR
 MAXIMUM TEMPERATURE (F)   35        69      1967
 MINIMUM TEMPERATURE (F)   20       -18      1963


SUNRISE AND SUNSET
JANUARY 23 2017.......SUNRISE   752 AM EST   SUNSET   546 PM EST
JANUARY 24 2017.......SUNRISE   751 AM EST   SUNSET   547 PM EST


-  INDICATES NEGATIVE NUMBERS.
R  INDICATES RECORD WAS SET OR TIED.
MM INDICATES DATA IS MISSING.
T  INDICATES TRACE AMOUNT.




$$
