000
CDUS41 KILN 230535
CLIDAY


CLIMATE REPORT
NATIONAL WEATHER SERVICE WILMINGTON OH
134 AM EDT SAT MAY 23 2015


...................................

...THE DAYTON OH CLIMATE SUMMARY FOR MAY 22 2015...

CLIMATE NORMAL PERIOD 1981 TO 2010
CLIMATE RECORD PERIOD 1869 TO 2015


WEATHER ITEM   OBSERVED TIME   RECORD YEAR NORMAL DEPARTURE LAST
                VALUE   (LST)  VALUE       VALUE  FROM      YEAR
                                                  NORMAL
..................................................................
TEMPERATURE (F)
 YESTERDAY
  MAXIMUM         76    445 PM  92    1902  73      3       77
  MINIMUM         43    539 AM  34    2002  53    -10       58
  AVERAGE         60                        63     -3       68

PRECIPITATION (IN)
  YESTERDAY        0.00          1.68 1903   0.15  -0.15      T
  MONTH TO DATE    1.28                      3.29  -2.01     4.60
  SINCE MAR 1     10.45                     10.72  -0.27    13.02
  SINCE JAN 1     14.81                     15.67  -0.86    18.00

SNOWFALL (IN)
  YESTERDAY        0.0           0.0    MM   0.0    0.0      0.0
  MONTH TO DATE    0.0                       0.0    0.0      0.0
  SINCE MAR 1      5.7                       4.0    1.7      8.2
  SINCE JUL 1     27.7                      23.3    4.4     53.6
  SNOW DEPTH       0

DEGREE DAYS
 HEATING
  YESTERDAY        5                         4      1        0
  MONTH TO DATE   67                       139    -72      126
  SINCE MAR 1   1198                      1315   -117     1335
  SINCE JUL 1   5761                      5590    171     5934

 COOLING
  YESTERDAY        0                         2     -2        3
  MONTH TO DATE  104                        32     72       64
  SINCE MAR 1    108                        42     66       72
  SINCE JAN 1    108                        42     66       72
..................................................................


WIND (MPH)
  RESULTANT WIND SPEED   6   RESULTANT WIND DIRECTION   W (270)
  HIGHEST WIND SPEED    18   HIGHEST WIND DIRECTION     W (290)
  HIGHEST GUST SPEED    24   HIGHEST GUST DIRECTION     W (290)
  AVERAGE WIND SPEED     8.7



WEATHER CONDITIONS
 THE FOLLOWING WEATHER WAS RECORDED YESTERDAY.
  NO SIGNIFICANT WEATHER WAS OBSERVED.


RELATIVE HUMIDITY (PERCENT)
 HIGHEST    89           400 AM
 LOWEST     33           300 PM
 AVERAGE    61

..........................................................


THE DAYTON OH CLIMATE NORMALS FOR TODAY
                         NORMAL    RECORD    YEAR
 MAXIMUM TEMPERATURE (F)   73        90      1939
 MINIMUM TEMPERATURE (F)   54        34      1963


SUNRISE AND SUNSET
MAY 23 2015...........SUNRISE   616 AM EDT   SUNSET   852 PM EDT
MAY 24 2015...........SUNRISE   615 AM EDT   SUNSET   853 PM EDT


-  INDICATES NEGATIVE NUMBERS.
R  INDICATES RECORD WAS SET OR TIED.
MM INDICATES DATA IS MISSING.
T  INDICATES TRACE AMOUNT.




$$
