000
CDUS41 KILN 090537
CLIDAY


CLIMATE REPORT
NATIONAL WEATHER SERVICE WILMINGTON OH
1236 AM EST TUE FEB 9 2016


...................................

...THE DAYTON OH CLIMATE SUMMARY FOR FEBRUARY 8 2016...

CLIMATE NORMAL PERIOD 1981 TO 2010
CLIMATE RECORD PERIOD 1869 TO 2016


WEATHER ITEM   OBSERVED TIME   RECORD YEAR NORMAL DEPARTURE LAST
                VALUE   (LST)  VALUE       VALUE  FROM      YEAR
                                                  NORMAL
..................................................................
TEMPERATURE (F)
 YESTERDAY
  MAXIMUM         44   1232 AM  71    1937  37      7       58
  MINIMUM         25   1159 PM -16    1895  22      3       43
  AVERAGE         35                        29      6       51

PRECIPITATION (IN)
  YESTERDAY        0.06          0.83 1994   0.08  -0.02     0.07
  MONTH TO DATE    1.29                      0.65   0.64     0.58
  SINCE DEC 1      7.18                      6.48   0.70     6.34
  SINCE JAN 1      2.79                      3.36  -0.57     3.55

SNOWFALL (IN)
  YESTERDAY        0.3           4.8  1971   0.2    0.1      0.0
  MONTH TO DATE    0.3                       1.8   -1.5      1.0
  SINCE DEC 1      5.3                      14.2   -8.9      8.8
  SINCE JUL 1      5.3                      15.2   -9.9     12.9
  SNOW DEPTH       0

DEGREE DAYS
 HEATING
  YESTERDAY       30                        36     -6       14
  MONTH TO DATE  229                       290    -61      265
  SINCE DEC 1   2024                      2502   -478     2371
  SINCE JUL 1   2860                      3613   -753     3587

 COOLING
  YESTERDAY        0                         0      0        0
  MONTH TO DATE    0                         0      0        0
  SINCE DEC 1      0                         0      0        0
  SINCE JAN 1      0                         0      0        0
..................................................................


WIND (MPH)
  RESULTANT WIND SPEED   8   RESULTANT WIND DIRECTION   W (280)
  HIGHEST WIND SPEED    21   HIGHEST WIND DIRECTION    NW (300)
  HIGHEST GUST SPEED    25   HIGHEST GUST DIRECTION    NW (300)
  AVERAGE WIND SPEED     9.5



WEATHER CONDITIONS
 THE FOLLOWING WEATHER WAS RECORDED YESTERDAY.
  LIGHT RAIN
  HAIL
  LIGHT SNOW
  FOG


RELATIVE HUMIDITY (PERCENT)
 HIGHEST   100           800 AM
 LOWEST     45          1200 AM
 AVERAGE    73

..........................................................


THE DAYTON OH CLIMATE NORMALS FOR TODAY
                         NORMAL    RECORD    YEAR
 MAXIMUM TEMPERATURE (F)   37        65      2001
 MINIMUM TEMPERATURE (F)   22       -21      1899


SUNRISE AND SUNSET
FEBRUARY  9 2016......SUNRISE   737 AM EST   SUNSET   605 PM EST
FEBRUARY 10 2016......SUNRISE   736 AM EST   SUNSET   606 PM EST


-  INDICATES NEGATIVE NUMBERS.
R  INDICATES RECORD WAS SET OR TIED.
MM INDICATES DATA IS MISSING.
T  INDICATES TRACE AMOUNT.




$$
