000
CDUS41 KILN 040530
CLIDAY


CLIMATE REPORT
NATIONAL WEATHER SERVICE WILMINGTON OH
129 AM EDT SAT JUL 4 2015


...................................

...THE DAYTON OH CLIMATE SUMMARY FOR JULY 3 2015...

CLIMATE NORMAL PERIOD 1981 TO 2010
CLIMATE RECORD PERIOD 1869 TO 2015


WEATHER ITEM   OBSERVED TIME   RECORD YEAR NORMAL DEPARTURE LAST
                VALUE   (LST)  VALUE       VALUE  FROM      YEAR
                                                  NORMAL
..................................................................
TEMPERATURE (F)
 YESTERDAY
  MAXIMUM         78    109 PM 102    1897  84     -6       73
  MINIMUM         63    633 AM  50    1924  64     -1       59
                                      1907
  AVERAGE         71                        74     -3       66

PRECIPITATION (IN)
  YESTERDAY        0.11          1.47 1975   0.14  -0.03      T
  MONTH TO DATE    0.11                      0.41  -0.30     1.23
  SINCE JUN 1      7.99                      4.58   3.41     4.76
  SINCE JAN 1     23.31                     21.62   1.69    22.84

SNOWFALL (IN)
  YESTERDAY        0.0           0.0    MM   0.0    0.0      0.0
  MONTH TO DATE    0.0                       0.0    0.0      0.0
  SINCE JUN 1      0.0                       0.0    0.0      0.0
  SINCE JUL 1      0.0                       0.0    0.0      0.0
  SNOW DEPTH       0

DEGREE DAYS
 HEATING
  YESTERDAY        0                         0      0        0
  MONTH TO DATE    0                         0      0        0
  SINCE JUN 1     20                        22     -2        2
  SINCE JUL 1      0                         0      0        0

 COOLING
  YESTERDAY        6                         9     -3        1
  MONTH TO DATE   18                        27     -9       24
  SINCE JUN 1    272                       217     55      287
  SINCE JAN 1    447                       287    160      416
..................................................................


WIND (MPH)
  RESULTANT WIND SPEED   6   RESULTANT WIND DIRECTION   E (70)
  HIGHEST WIND SPEED    13   HIGHEST WIND DIRECTION    NE (60)
  HIGHEST GUST SPEED    16   HIGHEST GUST DIRECTION     E (70)
  AVERAGE WIND SPEED     6.2



WEATHER CONDITIONS
 THE FOLLOWING WEATHER WAS RECORDED YESTERDAY.
  LIGHT RAIN
  FOG
  HAZE


RELATIVE HUMIDITY (PERCENT)
 HIGHEST    93          1100 PM
 LOWEST     60          1200 PM
 AVERAGE    77

..........................................................


THE DAYTON OH CLIMATE NORMALS FOR TODAY
                         NORMAL    RECORD    YEAR
 MAXIMUM TEMPERATURE (F)   84       104      1897
 MINIMUM TEMPERATURE (F)   64        49      1968


SUNRISE AND SUNSET
JULY  4 2015..........SUNRISE   613 AM EDT   SUNSET   909 PM EDT
JULY  5 2015..........SUNRISE   614 AM EDT   SUNSET   908 PM EDT


-  INDICATES NEGATIVE NUMBERS.
R  INDICATES RECORD WAS SET OR TIED.
MM INDICATES DATA IS MISSING.
T  INDICATES TRACE AMOUNT.




$$
