000
CDUS43 KDVN 010904
CLIDBQ


CLIMATE REPORT
NATIONAL WEATHER SERVICE QUAD CITIES IA IL
404 AM CDT TUE SEP 1 2015


...................................

...THE DUBUQUE IA CLIMATE SUMMARY FOR AUGUST 31 2015...

CLIMATE NORMAL PERIOD 1981 TO 2010
CLIMATE RECORD PERIOD 1873 TO 2015


WEATHER ITEM   OBSERVED TIME   RECORD YEAR NORMAL DEPARTURE LAST
                VALUE   (LST)  VALUE       VALUE  FROM      YEAR
                                                  NORMAL
..................................................................
TEMPERATURE (F)
 YESTERDAY
  MAXIMUM         83    338 PM  96    1953  78      5       84
  MINIMUM         57    346 AM  42    1967  58     -1       59
  AVERAGE         70                        68      2       72

PRECIPITATION (IN)
  YESTERDAY        0.00          2.86 1914   0.14  -0.14     0.00
  MONTH TO DATE    2.52                      4.40  -1.88     3.12
  SINCE JUN 1     12.06                     13.11  -1.05    17.77
  SINCE JAN 1     22.83                     25.98  -3.15    30.15

SNOWFALL (IN)
  YESTERDAY        0.0          MM      MM   0.0    0.0      0.0
  MONTH TO DATE    0.0                       0.0    0.0      0.0
  SINCE JUN 1      T                         0.0    0.0      0.0
  SINCE JUL 1      0.0                       0.0    0.0      0.0
  SNOW DEPTH       0

DEGREE DAYS
 HEATING
  YESTERDAY        0                         1     -1        0
  MONTH TO DATE   20                        16      4        2
  SINCE JUN 1     56                        67    -11       39
  SINCE JUL 1     33                        27      6       29

 COOLING
  YESTERDAY        5                         4      1        7
  MONTH TO DATE  145                       176    -31      172
  SINCE JUN 1    457                       539    -82      428
  SINCE JAN 1    493                       576    -83      482
..................................................................


WIND (MPH)
  HIGHEST WIND SPEED    14   HIGHEST WIND DIRECTION     S (200)
  HIGHEST GUST SPEED    17   HIGHEST GUST DIRECTION     S (160)
  AVERAGE WIND SPEED     6.8


SKY COVER
  POSSIBLE SUNSHINE  MM
  AVERAGE SKY COVER 0.2


WEATHER CONDITIONS
 THE FOLLOWING WEATHER WAS RECORDED YESTERDAY.
  FOG
  FOG W/VISIBILITY <= 1/4 MILE
  HAZE


RELATIVE HUMIDITY (PERCENT)
 HIGHEST   100          1200 AM
 LOWEST     65           200 PM
 AVERAGE    83

..........................................................


THE DUBUQUE IA CLIMATE NORMALS FOR TODAY
                         NORMAL    RECORD    YEAR
 MAXIMUM TEMPERATURE (F)   77        97      1913
 MINIMUM TEMPERATURE (F)   58        42      1967
                                             1895


SUNRISE AND SUNSET
SEPTEMBER  1 2015.....SUNRISE   628 AM CDT   SUNSET   737 PM CDT
SEPTEMBER  2 2015.....SUNRISE   629 AM CDT   SUNSET   735 PM CDT


-  INDICATES NEGATIVE NUMBERS.
R  INDICATES RECORD WAS SET OR TIED.
MM INDICATES DATA IS MISSING.
T  INDICATES TRACE AMOUNT.




$$
