000
CDUS43 KDVN 302128
CLIDBQ


CLIMATE REPORT
NATIONAL WEATHER SERVICE QUAD CITIES IA IL
428 PM CDT TUE JUN 30 2015


...................................

...THE DUBUQUE IA CLIMATE SUMMARY FOR JUNE 30 2015...
VALID TODAY AS OF 0400 PM LOCAL TIME.

CLIMATE NORMAL PERIOD 1981 TO 2010
CLIMATE RECORD PERIOD 1873 TO 2015


WEATHER ITEM   OBSERVED TIME   RECORD YEAR NORMAL DEPARTURE LAST
                VALUE   (LST)  VALUE       VALUE  FROM      YEAR
                                                  NORMAL
..................................................................
TEMPERATURE (F)
 TODAY
  MAXIMUM         77    259 PM 101    1931  82     -5       82
  MINIMUM         59    438 AM  48    1988  62     -3       62
                                      1943
  AVERAGE         68                        72     -4       72

PRECIPITATION (IN)
  TODAY            0.00          2.19 1959   0.13  -0.13     1.45
  MONTH TO DATE    8.34                      4.40   3.94    12.57
  SINCE JUN 1      8.34                      4.40   3.94    12.57
  SINCE JAN 1     19.11                     17.27   1.84    24.95

SNOWFALL (IN)
  TODAY            0.0          MM      MM   0.0    0.0      0.0
  MONTH TO DATE    0.0                       0.0    0.0      0.0
  SINCE JUN 1      0.0                       0.0    0.0      0.0
  SINCE JUL 1     33.7                      41.9   -8.2     63.3
  SNOW DEPTH       0

DEGREE DAYS
 HEATING
  TODAY            0                         0      0        0
  MONTH TO DATE   23                        40    -17       10
  SINCE JUN 1     23                        40    -17       10
  SINCE JUL 1   7409                      7086    323     8334

 COOLING
  TODAY            3                         7     -4        7
  MONTH TO DATE  119                       139    -20      154
  SINCE JUN 1    119                       139    -20      154
  SINCE JAN 1    155                       176    -21      208
..................................................................


WIND (MPH)
  HIGHEST WIND SPEED    14   HIGHEST WIND DIRECTION     N (360)
  HIGHEST GUST SPEED    17   HIGHEST GUST DIRECTION     N (340)
  AVERAGE WIND SPEED     7.5


SKY COVER
  POSSIBLE SUNSHINE  MM
  AVERAGE SKY COVER 0.2


WEATHER CONDITIONS
 THE FOLLOWING WEATHER WAS RECORDED TODAY.
  FOG


RELATIVE HUMIDITY (PERCENT)
 HIGHEST   100          1200 AM
 LOWEST     60           300 PM
 AVERAGE    80

..........................................................


THE DUBUQUE IA CLIMATE NORMALS FOR TOMORROW
                         NORMAL    RECORD    YEAR
 MAXIMUM TEMPERATURE (F)   82       100      1931
 MINIMUM TEMPERATURE (F)   62        47      1995


SUNRISE AND SUNSET
JUNE 30 2015..........SUNRISE   529 AM CDT   SUNSET   844 PM CDT
JULY  1 2015..........SUNRISE   530 AM CDT   SUNSET   844 PM CDT


-  INDICATES NEGATIVE NUMBERS.
R  INDICATES RECORD WAS SET OR TIED.
MM INDICATES DATA IS MISSING.
T  INDICATES TRACE AMOUNT.




$$
