000
CDUS43 KDVN 230928
CLIDBQ


CLIMATE REPORT
NATIONAL WEATHER SERVICE QUAD CITIES IA IL
428 AM CDT WED JUL 23 2014


...................................

...THE DUBUQUE IA CLIMATE SUMMARY FOR JULY 22 2014...

CLIMATE NORMAL PERIOD 1981 TO 2010
CLIMATE RECORD PERIOD 1873 TO 2014


WEATHER ITEM   OBSERVED TIME   RECORD YEAR NORMAL DEPARTURE LAST
                VALUE   (LST)  VALUE       VALUE  FROM      YEAR
                                                  NORMAL
..................................................................
TEMPERATURE (F)
 YESTERDAY
  MAXIMUM         89    451 PM 103    1934  82      7       85
  MINIMUM         71   1159 PM  51    1947  62      9       61
  AVERAGE         80                        72      8       73

PRECIPITATION (IN)
  YESTERDAY        0.00          2.84 2010   0.14  -0.14     0.13
  MONTH TO DATE    1.81                      3.08  -1.27     1.96
  SINCE JUN 1     14.38                      7.48   6.90     5.59
  SINCE JAN 1     26.76                     20.35   6.41    27.17

SNOWFALL (IN)
  YESTERDAY        0.0          MM      MM   0.0    0.0      0.0
  MONTH TO DATE    0.0                       0.0    0.0      0.0
  SINCE JUN 1      0.0                       0.0    0.0      0.0
  SINCE JUL 1      0.0                       0.0    0.0      0.0
  SNOW DEPTH       0

DEGREE DAYS
 HEATING
  YESTERDAY        0                         0      0        0
  MONTH TO DATE   25                         0     25        2
  SINCE JUN 1     35                        40     -5       41
  SINCE JUL 1     25                         0     25        2

 COOLING
  YESTERDAY       15                         7      8        8
  MONTH TO DATE   82                       155    -73      185
  SINCE JUN 1    236                       294    -58      294
  SINCE JAN 1    290                       331    -41      339
..................................................................


WIND (MPH)
  HIGHEST WIND SPEED    21   HIGHEST WIND DIRECTION    SW (240)
  HIGHEST GUST SPEED    25   HIGHEST GUST DIRECTION    SW (240)
  AVERAGE WIND SPEED    12.6


SKY COVER
  POSSIBLE SUNSHINE  MM
  AVERAGE SKY COVER 0.2


WEATHER CONDITIONS
 THE FOLLOWING WEATHER WAS RECORDED YESTERDAY.
  NO SIGNIFICANT WEATHER WAS OBSERVED.


RELATIVE HUMIDITY (PERCENT)
 HIGHEST    93           100 AM
 LOWEST     68           500 PM
 AVERAGE    81

..........................................................


THE DUBUQUE IA CLIMATE NORMALS FOR TODAY
                         NORMAL    RECORD    YEAR
 MAXIMUM TEMPERATURE (F)   82       104      1901
 MINIMUM TEMPERATURE (F)   62        52      1990
                                             1985
                                             1947


SUNRISE AND SUNSET
JULY 23 2014..........SUNRISE   546 AM CDT   SUNSET   832 PM CDT
JULY 24 2014..........SUNRISE   547 AM CDT   SUNSET   831 PM CDT


-  INDICATES NEGATIVE NUMBERS.
R  INDICATES RECORD WAS SET OR TIED.
MM INDICATES DATA IS MISSING.
T  INDICATES TRACE AMOUNT.




$$
