000
CDUS43 KDVN 281428
CLIDBQ

CLIMATE REPORT
NATIONAL WEATHER SERVICE DES MOINES IA
127 AM CDT WED JUN 28 2017


...................................

...THE DUBUQUE IA CLIMATE SUMMARY FOR JUNE 27 2017...

CLIMATE NORMAL PERIOD 1981 TO 2010
CLIMATE RECORD PERIOD 9999 TO 9999


WEATHER ITEM   OBSERVED TIME   RECORD YEAR NORMAL DEPARTURE LAST
                VALUE   (LST)  VALUE       VALUE  FROM      YEAR
                                                  NORMAL
..................................................................
TEMPERATURE (F)
 YESTERDAY
  MAXIMUM         73    522 PM 102    1934  81     -8       84
  MINIMUM         46    439 AM  43    1992  61    -15       65
  AVERAGE         60                        71    -11       75

PRECIPITATION (IN)
  YESTERDAY        0.00          2.24 1966   0.14  -0.14     0.00
  MONTH TO DATE    1.69                      3.99  -2.30     7.01
  SINCE JUN 1      1.69                      3.99  -2.30     7.01
  SINCE JAN 1     15.40                     16.86  -1.46    17.96

SNOWFALL (IN)
  YESTERDAY        0.0                       0.0    0.0      0.0
  MONTH TO DATE    0.0                       0.0    0.0      0.0
  SINCE JUN 1      0.0                       0.0    0.0      0.0
  SINCE JUL 1     27.2                      41.9  -14.7     34.8
  SNOW DEPTH       0

DEGREE DAYS
 HEATING
  YESTERDAY        5                         0      5        0
  MONTH TO DATE   26                        40    -14        9
  SINCE JUN 1     26                        40    -14        9
  SINCE JUL 1   6078                      7086  -1008     5976

 COOLING
  YESTERDAY        0                         7     -7       10
  MONTH TO DATE  158                       119     39      173
  SINCE JUN 1    158                       119     39      173
  SINCE JAN 1    182                       156     26      224
..................................................................


WIND (MPH)
  HIGHEST WIND SPEED    15   HIGHEST WIND DIRECTION     S (180)
  HIGHEST GUST SPEED    20   HIGHEST GUST DIRECTION     S (180)
  AVERAGE WIND SPEED     7.1




RELATIVE HUMIDITY (PERCENT)
 HIGHEST    93           300 AM
 LOWEST     35           300 PM
 AVERAGE    64

..........................................................


THE DUBUQUE IA CLIMATE NORMALS FOR TODAY
                         NORMAL    RECORD    YEAR
 MAXIMUM TEMPERATURE (F)   81       104      1934
 MINIMUM TEMPERATURE (F)   61        46      1968


SUNRISE AND SUNSET
JUNE 28 2017..........SUNRISE   528 AM CDT   SUNSET   844 PM CDT
JUNE 29 2017..........SUNRISE   529 AM CDT   SUNSET   844 PM CDT


-  INDICATES NEGATIVE NUMBERS.
R  INDICATES RECORD WAS SET OR TIED.
MM INDICATES DATA IS MISSING.
T  INDICATES TRACE AMOUNT.


&&
RETRANSMISSION

$$
