000
CDUS43 KDVN 232122
CLIDBQ


CLIMATE REPORT
NATIONAL WEATHER SERVICE QUAD CITIES IA IL
422 PM CDT MON OCT 23 2017


...................................

...THE DUBUQUE IA CLIMATE SUMMARY FOR OCTOBER 23 2017...
VALID TODAY AS OF 0400 PM LOCAL TIME.

CLIMATE NORMAL PERIOD 1981 TO 2010
CLIMATE RECORD PERIOD 1873 TO 2017


WEATHER ITEM   OBSERVED TIME   RECORD YEAR NORMAL DEPARTURE LAST
                VALUE   (LST)  VALUE       VALUE  FROM      YEAR
                                                  NORMAL
..................................................................
TEMPERATURE (F)
 TODAY
  MAXIMUM         60    237 PM  85    1899  57      3       72
  MINIMUM         40    640 AM  21    1895  38      2       42
  AVERAGE         50                        48      2       57

PRECIPITATION (IN)
  TODAY            0.00          2.58 1959   0.09  -0.09     0.00
  MONTH TO DATE    6.12                      1.97   4.15     1.42
  SINCE SEP 1      7.14                      5.43   1.71     6.59
  SINCE JAN 1     34.56                     31.41   3.15    35.75

SNOWFALL (IN)
  TODAY            0.0          MM      MM   0.0    0.0      0.0
  MONTH TO DATE    0.0                       0.0    0.0      0.0
  SINCE SEP 1      0.0                       0.0    0.0      0.0
  SINCE JUL 1      0.0                       0.0    0.0      0.0
  SNOW DEPTH       0

DEGREE DAYS
 HEATING
  TODAY           15                        17     -2        8
  MONTH TO DATE  163                       317   -154      192
  SINCE SEP 1    252                       468   -216      243
  SINCE JUL 1    278                       495   -217      250

 COOLING
  TODAY            0                         0      0        0
  MONTH TO DATE   12                         4      8       14
  SINCE SEP 1    114                        65     49      101
  SINCE JAN 1    569                       641    -72      781
..................................................................


WIND (MPH)
  HIGHEST WIND SPEED    21   HIGHEST WIND DIRECTION    NW (320)
  HIGHEST GUST SPEED    28   HIGHEST GUST DIRECTION    NW (330)
  AVERAGE WIND SPEED     6.9


SKY COVER
  POSSIBLE SUNSHINE  MM
  AVERAGE SKY COVER 0.1


WEATHER CONDITIONS
 THE FOLLOWING WEATHER WAS RECORDED TODAY.
  FOG


RELATIVE HUMIDITY (PERCENT)
 HIGHEST    96          1200 AM
 LOWEST     57           200 PM
 AVERAGE    77

..........................................................


THE DUBUQUE IA CLIMATE NORMALS FOR TOMORROW
                         NORMAL    RECORD    YEAR
 MAXIMUM TEMPERATURE (F)   57        78      2012
                                             1963
                                             1899
 MINIMUM TEMPERATURE (F)   38        20      1981


SUNRISE AND SUNSET
OCTOBER 23 2017.......SUNRISE   725 AM CDT   SUNSET   608 PM CDT
OCTOBER 24 2017.......SUNRISE   727 AM CDT   SUNSET   607 PM CDT


-  INDICATES NEGATIVE NUMBERS.
R  INDICATES RECORD WAS SET OR TIED.
MM INDICATES DATA IS MISSING.
T  INDICATES TRACE AMOUNT.




$$
