000
CDUS43 KDVN 232120
CLIDBQ


CLIMATE REPORT
NATIONAL WEATHER SERVICE QUAD CITIES IA IL
419 PM CDT TUE MAY 23 2017


...................................

...THE DUBUQUE IA CLIMATE SUMMARY FOR MAY 23 2017...
VALID TODAY AS OF 0400 PM LOCAL TIME.

CLIMATE NORMAL PERIOD 1981 TO 2010
CLIMATE RECORD PERIOD 1873 TO 2017


WEATHER ITEM   OBSERVED TIME   RECORD YEAR NORMAL DEPARTURE LAST
                VALUE   (LST)  VALUE       VALUE  FROM      YEAR
                                                  NORMAL
..................................................................
TEMPERATURE (F)
 TODAY
  MAXIMUM         61    259 PM  91    1921  71    -10       82
  MINIMUM         51    221 AM  31    1963  51      0       54
  AVERAGE         56                        61     -5       68

PRECIPITATION (IN)
  TODAY            0.00          1.70 1902   0.14  -0.14     0.00
  MONTH TO DATE    2.18                      3.09  -0.91     3.03
  SINCE MAR 1      9.31                      9.16   0.15     8.57
  SINCE JAN 1     13.12                     11.77   1.35     9.65

SNOWFALL (IN)
  TODAY            0.0          MM      MM   0.0    0.0      0.0
  MONTH TO DATE    0.0                       0.1   -0.1      0.0
  SINCE MAR 1      4.6                       8.4   -3.8      3.3
  SINCE JUL 1     27.2                      42.0  -14.8     34.8
  SNOW DEPTH       0

DEGREE DAYS
 HEATING
  TODAY            9                         6      3        0
  MONTH TO DATE  216                       190     26      229
  SINCE MAR 1   1534                      1618    -84     1490
  SINCE JUL 1   6015                      7011   -996     5967

 COOLING
  TODAY            0                         2     -2        3
  MONTH TO DATE   19                        16      3        4
  SINCE MAR 1     24                        21      3        7
  SINCE JAN 1     24                        21      3        7
..................................................................


WIND (MPH)
  HIGHEST WIND SPEED    13   HIGHEST WIND DIRECTION    SW (230)
  HIGHEST GUST SPEED    16   HIGHEST GUST DIRECTION    SW (210)
  AVERAGE WIND SPEED     7.4


SKY COVER
  POSSIBLE SUNSHINE  MM
  AVERAGE SKY COVER 0.8


WEATHER CONDITIONS
 THE FOLLOWING WEATHER WAS RECORDED TODAY.
  FOG


RELATIVE HUMIDITY (PERCENT)
 HIGHEST   100          1200 AM
 LOWEST     64           300 PM
 AVERAGE    82

..........................................................


THE DUBUQUE IA CLIMATE NORMALS FOR TOMORROW
                         NORMAL    RECORD    YEAR
 MAXIMUM TEMPERATURE (F)   72        92      1880
 MINIMUM TEMPERATURE (F)   51        35      1925


SUNRISE AND SUNSET
MAY 23 2017...........SUNRISE   534 AM CDT   SUNSET   826 PM CDT
MAY 24 2017...........SUNRISE   533 AM CDT   SUNSET   827 PM CDT


-  INDICATES NEGATIVE NUMBERS.
R  INDICATES RECORD WAS SET OR TIED.
MM INDICATES DATA IS MISSING.
T  INDICATES TRACE AMOUNT.




$$
