000
CDUS43 KDVN 071014
CLIDBQ


CLIMATE REPORT
NATIONAL WEATHER SERVICE QUAD CITIES IA IL
412 AM CST SUN FEB 7 2016


...................................

...THE DUBUQUE IA CLIMATE SUMMARY FOR FEBRUARY 6 2016...

CLIMATE NORMAL PERIOD 1981 TO 2010
CLIMATE RECORD PERIOD 1873 TO 2016


WEATHER ITEM   OBSERVED TIME   RECORD YEAR NORMAL DEPARTURE LAST
                VALUE   (LST)  VALUE       VALUE  FROM      YEAR
                                                  NORMAL
..................................................................
TEMPERATURE (F)
 YESTERDAY
  MAXIMUM         33   1159 PM  58    1904  29      4       28
                                      1882
  MINIMUM         21    240 AM -18    1982  13      8        7
  AVERAGE         27                        21      6       18

PRECIPITATION (IN)
  YESTERDAY        0.00          0.66 1914   0.05  -0.05     0.00
  MONTH TO DATE    0.32                      0.26   0.06     1.09
  SINCE DEC 1      4.97                      3.27   1.70     2.95
  SINCE JAN 1      0.78                      1.43  -0.65     2.02

SNOWFALL (IN)
  YESTERDAY        0.0          MM      MM   0.4   -0.4      0.0
  MONTH TO DATE    3.2                       2.2    1.0     10.6
  SINCE DEC 1     15.3                      24.0   -8.7     21.3
  SINCE JUL 1     27.1                      26.8    0.3     24.8
  SNOW DEPTH       3

DEGREE DAYS
 HEATING
  YESTERDAY       38                        44     -6       47
  MONTH TO DATE  235                       267    -32      333
  SINCE DEC 1   2413                      3004   -591     2879
  SINCE JUL 1   3620                      4504   -884     4661

 COOLING
  YESTERDAY        0                         0      0        0
  MONTH TO DATE    0                         0      0        0
  SINCE DEC 1      0                         0      0        0
  SINCE JAN 1      0                         0      0        0
..................................................................


WIND (MPH)
  HIGHEST WIND SPEED    15   HIGHEST WIND DIRECTION     S (190)
  HIGHEST GUST SPEED    18   HIGHEST GUST DIRECTION     S (190)
  AVERAGE WIND SPEED     9.4


SKY COVER
  POSSIBLE SUNSHINE  MM
  AVERAGE SKY COVER 0.8


WEATHER CONDITIONS
 THE FOLLOWING WEATHER WAS RECORDED YESTERDAY.
  FOG


RELATIVE HUMIDITY (PERCENT)
 HIGHEST    92           700 AM
 LOWEST     81          1200 AM
 AVERAGE    87

..........................................................


THE DUBUQUE IA CLIMATE NORMALS FOR TODAY
                         NORMAL    RECORD    YEAR
 MAXIMUM TEMPERATURE (F)   29        51      1882
 MINIMUM TEMPERATURE (F)   13       -26      1875


SUNRISE AND SUNSET
FEBRUARY  7 2016......SUNRISE   710 AM CST   SUNSET   524 PM CST
FEBRUARY  8 2016......SUNRISE   709 AM CST   SUNSET   525 PM CST


-  INDICATES NEGATIVE NUMBERS.
R  INDICATES RECORD WAS SET OR TIED.
MM INDICATES DATA IS MISSING.
T  INDICATES TRACE AMOUNT.




$$
