075
CDUS43 KDVN 240907
CLIDBQ


CLIMATE REPORT
NATIONAL WEATHER SERVICE QUAD CITIES IA IL
407 AM CDT MON APR 24 2017


...................................

...THE DUBUQUE IA CLIMATE SUMMARY FOR APRIL 23 2017...

CLIMATE NORMAL PERIOD 1981 TO 2010
CLIMATE RECORD PERIOD 1873 TO 2017


WEATHER ITEM   OBSERVED TIME   RECORD YEAR NORMAL DEPARTURE LAST
                VALUE   (LST)  VALUE       VALUE  FROM      YEAR
                                                  NORMAL
..................................................................
TEMPERATURE (F)
 YESTERDAY
  MAXIMUM         71    330 PM  85    1925  62      9       65
  MINIMUM         37    421 AM  22    1910  41     -4       41
  AVERAGE         54                        51      3       53

PRECIPITATION (IN)
  YESTERDAY        0.00          2.00 1950   0.12  -0.12     0.00
  MONTH TO DATE    3.76                      2.72   1.04     1.62
  SINCE MAR 1      5.89                      5.13   0.76     4.64
  SINCE JAN 1      9.70                      7.74   1.96     5.72

SNOWFALL (IN)
  YESTERDAY        0.0          MM      MM   0.0    0.0      0.0
  MONTH TO DATE    T                         1.8   -1.8      0.5
  SINCE MAR 1      4.5                       8.1   -3.6      3.3
  SINCE JUL 1     27.1                      41.7  -14.6     34.8
  SNOW DEPTH       0

DEGREE DAYS
 HEATING
  YESTERDAY       11                        14     -3       12
  MONTH TO DATE  305                       421   -116      416
  SINCE MAR 1   1194                      1339   -145     1161
  SINCE JUL 1   5675                      6732  -1057     5638

 COOLING
  YESTERDAY        0                         0      0        0
  MONTH TO DATE    5                         0      5        3
  SINCE MAR 1      5                         0      5        3
  SINCE JAN 1      5                         0      5        3
..................................................................


WIND (MPH)
  HIGHEST WIND SPEED    14   HIGHEST WIND DIRECTION    SW (230)
  HIGHEST GUST SPEED    20   HIGHEST GUST DIRECTION     W (250)
  AVERAGE WIND SPEED     5.9


SKY COVER
  POSSIBLE SUNSHINE  MM
  AVERAGE SKY COVER 0.0


WEATHER CONDITIONS
 THE FOLLOWING WEATHER WAS RECORDED YESTERDAY.
  NO SIGNIFICANT WEATHER WAS OBSERVED.


RELATIVE HUMIDITY (PERCENT)
 HIGHEST    71           700 AM
 LOWEST     23           300 PM
 AVERAGE    47

..........................................................


THE DUBUQUE IA CLIMATE NORMALS FOR TODAY
                         NORMAL    RECORD    YEAR
 MAXIMUM TEMPERATURE (F)   62        85      1939
 MINIMUM TEMPERATURE (F)   41        22      1956


SUNRISE AND SUNSET
APRIL 24 2017.........SUNRISE   607 AM CDT   SUNSET   755 PM CDT
APRIL 25 2017.........SUNRISE   606 AM CDT   SUNSET   756 PM CDT


-  INDICATES NEGATIVE NUMBERS.
R  INDICATES RECORD WAS SET OR TIED.
MM INDICATES DATA IS MISSING.
T  INDICATES TRACE AMOUNT.




$$
