000
CDUS43 KDVN 241019
CLIDBQ


CLIMATE REPORT
NATIONAL WEATHER SERVICE QUAD CITIES IA IL
418 AM CST FRI FEB 24 2017


...................................

...THE DUBUQUE IA CLIMATE SUMMARY FOR FEBRUARY 23 2017...

CLIMATE NORMAL PERIOD 1981 TO 2010
CLIMATE RECORD PERIOD 1873 TO 2017


WEATHER ITEM   OBSERVED TIME   RECORD YEAR NORMAL DEPARTURE LAST
                VALUE   (LST)  VALUE       VALUE  FROM      YEAR
                                                  NORMAL
..................................................................
TEMPERATURE (F)
 YESTERDAY
  MAXIMUM         48   1214 AM  60    1933  34     14       42
                                      1930
  MINIMUM         34   1159 PM -16    1889  19     15       27
  AVERAGE         41                        26     15       35

PRECIPITATION (IN)
  YESTERDAY        0.25          0.90 1977   0.06   0.19     0.00
  MONTH TO DATE    1.50                      1.14   0.36     0.55
  SINCE DEC 1      5.05                      4.15   0.90     5.20
  SINCE JAN 1      3.51                      2.31   1.20     1.01

SNOWFALL (IN)
  YESTERDAY        0.0          MM      MM   0.3   -0.3      0.0
  MONTH TO DATE    T                         7.7   -7.7      7.0
  SINCE DEC 1     21.2                      29.5   -8.3     19.1
  SINCE JUL 1     21.2                      32.3  -11.1     30.9
  SNOW DEPTH       0

DEGREE DAYS
 HEATING
  YESTERDAY       24                        39    -15       30
  MONTH TO DATE  709                       969   -260      926
  SINCE DEC 1   3334                      3706   -372     3104
  SINCE JUL 1   4326                      5206   -880     4311

 COOLING
  YESTERDAY        0                         0      0        0
  MONTH TO DATE    0                         0      0        0
  SINCE DEC 1      0                         0      0        0
  SINCE JAN 1      0                         0      0        0
..................................................................


WIND (MPH)
  HIGHEST WIND SPEED    28   HIGHEST WIND DIRECTION    NE (50)
  HIGHEST GUST SPEED    35   HIGHEST GUST DIRECTION    NE (40)
  AVERAGE WIND SPEED    14.9


SKY COVER
  POSSIBLE SUNSHINE  MM
  AVERAGE SKY COVER 0.7


WEATHER CONDITIONS
 THE FOLLOWING WEATHER WAS RECORDED YESTERDAY.
  THUNDERSTORM
  RAIN
  LIGHT RAIN
  FOG


RELATIVE HUMIDITY (PERCENT)
 HIGHEST   100          1100 PM
 LOWEST     70           100 PM
 AVERAGE    85

..........................................................


THE DUBUQUE IA CLIMATE NORMALS FOR TODAY
                         NORMAL    RECORD    YEAR
 MAXIMUM TEMPERATURE (F)   35        65      1930
 MINIMUM TEMPERATURE (F)   19       -16      1993


SUNRISE AND SUNSET
FEBRUARY 24 2017......SUNRISE   646 AM CST   SUNSET   547 PM CST
FEBRUARY 25 2017......SUNRISE   644 AM CST   SUNSET   548 PM CST


-  INDICATES NEGATIVE NUMBERS.
R  INDICATES RECORD WAS SET OR TIED.
MM INDICATES DATA IS MISSING.
T  INDICATES TRACE AMOUNT.




$$
