000
CDUS41 KLWX 250523
CLIDCA


CLIMATE REPORT
NATIONAL WEATHER SERVICE BALTIMORE MD/WASHINGTON DC
122 AM EDT SUN SEP 25 2016


...................................

...THE WASHINGTON NATIONAL DC CLIMATE SUMMARY FOR SEPTEMBER 24 2016...

CLIMATE NORMAL PERIOD 1981 TO 2010
CLIMATE RECORD PERIOD 1871 TO 2016


WEATHER ITEM   OBSERVED TIME   RECORD YEAR NORMAL DEPARTURE LAST
                VALUE   (LST)  VALUE       VALUE  FROM      YEAR
                                                  NORMAL
..................................................................
TEMPERATURE (F)
 YESTERDAY
  MAXIMUM         77   1005 AM  99    2010  76      1       79
  MINIMUM         65   1159 PM  39    1963  59      6       60
  AVERAGE         71                        68      3       70

PRECIPITATION (IN)
  YESTERDAY        0.00          1.98 1883   0.13  -0.13     0.00
  MONTH TO DATE    0.51                      2.94  -2.43     0.50
  SINCE SEP 1      0.51                      2.94  -2.43     0.50
  SINCE JAN 1     25.44                     29.34  -3.90    33.39

SNOWFALL (IN)
  YESTERDAY        0.0          MM      MM   0.0    0.0
  MONTH TO DATE    0.0                       0.0    0.0
  SINCE JUL 1      0.0                       0.0    0.0
  SNOW DEPTH       0

DEGREE DAYS
 HEATING
  YESTERDAY        0                         1     -1        0
  MONTH TO DATE    0                         9     -9        0
  SINCE SEP 1      0                         9     -9        0
  SINCE JUL 1      0                         9     -9        0

 COOLING
  YESTERDAY        6                         4      2        5
  MONTH TO DATE  321                       182    139      265
  SINCE SEP 1    321                       182    139      265
  SINCE JAN 1   1907                      1493    414     1939
..................................................................


WIND (MPH)
  HIGHEST WIND SPEED    18   HIGHEST WIND DIRECTION    NE (50)
  HIGHEST GUST SPEED    21   HIGHEST GUST DIRECTION    NE (50)
  AVERAGE WIND SPEED     8.4


SKY COVER
  POSSIBLE SUNSHINE  MM
  AVERAGE SKY COVER 0.5


WEATHER CONDITIONS
 THE FOLLOWING WEATHER WAS RECORDED YESTERDAY.
  HAZE


RELATIVE HUMIDITY (PERCENT)
 HIGHEST    90           200 AM
 LOWEST     68           300 PM
 AVERAGE    79

..........................................................


THE WASHINGTON NATIONAL DC CLIMATE NORMALS FOR TODAY
                         NORMAL    RECORD    YEAR
 MAXIMUM TEMPERATURE (F)   76        95      1930
 MINIMUM TEMPERATURE (F)   59        39      1963


SUNRISE AND SUNSET
SEPTEMBER 25 2016.....SUNRISE   659 AM EDT   SUNSET   700 PM EDT
SEPTEMBER 26 2016.....SUNRISE   700 AM EDT   SUNSET   658 PM EDT


-  INDICATES NEGATIVE NUMBERS.
R  INDICATES RECORD WAS SET OR TIED.
MM INDICATES DATA IS MISSING.
T  INDICATES TRACE AMOUNT.




$$
