000
CDUS41 KALY 280627
CLIDDH


CLIMATE REPORT
NATIONAL WEATHER SERVICE ALBANY NY
226 AM EDT WED JUN 28 2017


...................................

...THE BENNINGTON VT CLIMATE SUMMARY FOR JUNE 27 2017...

CLIMATE NORMAL PERIOD 1981 TO 2010
CLIMATE RECORD PERIOD 9999 TO 9999


WEATHER ITEM   OBSERVED TIME   NORMAL DEPARTURE LAST
                VALUE   (LST)  VALUE  FROM      YEAR
                                      NORMAL
......................................................
TEMPERATURE (F)
 YESTERDAY
  MAXIMUM         72    313 PM  78     -6       81
  MINIMUM         47   1117 PM  55     -8       59
  AVERAGE         60            67     -7       70

PRECIPITATION (IN)
  YESTERDAY        0.15          0.13   0.02      T
  MONTH TO DATE    5.69          3.77   1.92     1.49
  SINCE JUN 1      5.69          3.77   1.92     1.49
  SINCE JAN 1     21.93         18.84   3.09    14.54

DEGREE DAYS
 HEATING
  YESTERDAY        5             1      4        0
  MONTH TO DATE   89            93     -4       69
  SINCE JUN 1     89            93     -4       69
  SINCE JUL 1   6488          7232   -744     6105

 COOLING
  YESTERDAY        0             3     -3        5
  MONTH TO DATE   77            49     28       47
  SINCE JUN 1     77            49     28       47
  SINCE JAN 1     92            63     29       89
......................................................


WIND (MPH)
  HIGHEST WIND SPEED    17   HIGHEST WIND DIRECTION     W (260)
  HIGHEST GUST SPEED    23   HIGHEST GUST DIRECTION    SW (240)
  AVERAGE WIND SPEED     1.9


SKY COVER
  AVERAGE SKY COVER 0.5



RELATIVE HUMIDITY (PERCENT)
 HIGHEST    96           400 AM
 LOWEST     57           300 PM
 AVERAGE    77

..........................................................


THE BENNINGTON VT CLIMATE NORMALS FOR TODAY
                         NORMAL
 MAXIMUM TEMPERATURE (F)   78
 MINIMUM TEMPERATURE (F)   56


SUNRISE AND SUNSET
JUNE 28 2017..........SUNRISE   517 AM EDT   SUNSET   836 PM EDT
JUNE 29 2017..........SUNRISE   517 AM EDT   SUNSET   836 PM EDT


-  INDICATES NEGATIVE NUMBERS.
R  INDICATES RECORD WAS SET OR TIED.
MM INDICATES DATA IS MISSING.
T  INDICATES TRACE AMOUNT.




$$
