000
CDUS41 KALY 292100
CLIDDH


CLIMATE REPORT
NATIONAL WEATHER SERVICE ALBANY NY
458 PM EDT FRI JUL 29 2016


...................................

...THE BENNINGTON VT CLIMATE SUMMARY FOR JULY 29 2016...
VALID TODAY AS OF 0400 PM LOCAL TIME.

CLIMATE NORMAL PERIOD 1981 TO 2010
CLIMATE RECORD PERIOD 9999 TO 9999


WEATHER ITEM   OBSERVED TIME   NORMAL DEPARTURE LAST
                VALUE   (LST)  VALUE  FROM      YEAR
                                      NORMAL
......................................................
TEMPERATURE (F)
 TODAY
  MAXIMUM         86    327 PM  79      7       90
  MINIMUM         65    546 AM  57      8       60
  AVERAGE         76            68      8       75

PRECIPITATION (IN)
  TODAY            T             0.14  -0.14     0.00
  MONTH TO DATE    1.60          4.06  -2.46     1.92
  SINCE JUN 1      3.34          8.19  -4.85     4.87
  SINCE JAN 1     16.39         23.26  -6.87    12.43

DEGREE DAYS
 HEATING
  TODAY            0             1     -1        0
  MONTH TO DATE   10            29    -19       27
  SINCE JUN 1     79           126    -47      122
  SINCE JUL 1     10            29    -19       27

 COOLING
  TODAY           11             4      7       10
  MONTH TO DATE  162           115     47      122
  SINCE JUN 1    220           173     47      169
  SINCE JAN 1    262           187     75      233
......................................................


WIND (MPH)
  HIGHEST WIND SPEED    10   HIGHEST WIND DIRECTION     N (340)
  HIGHEST GUST SPEED    15   HIGHEST GUST DIRECTION     W (280)
  AVERAGE WIND SPEED     2.8


SKY COVER
  AVERAGE SKY COVER 0.7



RELATIVE HUMIDITY (PERCENT)
 HIGHEST    93
 LOWEST     51
 AVERAGE    72

..........................................................


THE BENNINGTON VT CLIMATE NORMALS FOR TOMORROW
                         NORMAL
 MAXIMUM TEMPERATURE (F)   79
 MINIMUM TEMPERATURE (F)   57


SUNRISE AND SUNSET
JULY 29 2016..........SUNRISE   542 AM EDT   SUNSET   817 PM EDT
JULY 30 2016..........SUNRISE   543 AM EDT   SUNSET   816 PM EDT


-  INDICATES NEGATIVE NUMBERS.
R  INDICATES RECORD WAS SET OR TIED.
MM INDICATES DATA IS MISSING.
T  INDICATES TRACE AMOUNT.




$$
