000
CDUS43 KILX 282157
CLIDEC


CLIMATE REPORT
NATIONAL WEATHER SERVICE LINCOLN IL
456 PM CDT WED JUN 28 2017


...................................

...THE DECATUR IL AIRPORT CLIMATE SUMMARY FOR JUNE 28 2017...
VALID TODAY AS OF 0400 PM LOCAL TIME.

CLIMATE NORMAL PERIOD 1981 TO 2010
CLIMATE RECORD PERIOD 9999 TO 9999


WEATHER ITEM   OBSERVED TIME   RECORD YEAR NORMAL DEPARTURE LAST
                VALUE   (LST)  VALUE       VALUE  FROM      YEAR
                                                  NORMAL
..................................................................
TEMPERATURE (F)
 TODAY
  MAXIMUM         84    259 PM  MM      MM  86     -2       82
  MINIMUM         59    339 AM  MM      MM  65     -6       56
  AVERAGE         72                        75     -3       69

PRECIPITATION (IN)
  TODAY            0.00         MM      MM   0.11  -0.11     0.00
  MONTH TO DATE    1.33                      4.15  -2.82     2.16
  SINCE JUN 1      1.33                      4.15  -2.82     2.16
  SINCE JAN 1     20.26                     18.60   1.66    13.02

DEGREE DAYS
 HEATING
  TODAY            0                         0      0        0
  MONTH TO DATE    4                        14    -10        0
  SINCE JUN 1      4                        14    -10        0
  SINCE JUL 1   4415                      5518  -1103     4485

 COOLING
  TODAY            7                        10     -3        4
  MONTH TO DATE  229                       208     21      320
  SINCE JUN 1    229                       208     21      320
  SINCE JAN 1    326                       295     31      410
..................................................................


WIND (MPH)
  HIGHEST WIND SPEED    26   HIGHEST WIND DIRECTION     S (190)
  HIGHEST GUST SPEED    33   HIGHEST GUST DIRECTION     S (190)
  AVERAGE WIND SPEED    13.7


SKY COVER
  POSSIBLE SUNSHINE  MM
  AVERAGE SKY COVER 0.0


WEATHER CONDITIONS
 THE FOLLOWING WEATHER WAS RECORDED TODAY.
  NO SIGNIFICANT WEATHER WAS OBSERVED.


RELATIVE HUMIDITY (PERCENT)
 HIGHEST    72           200 AM
 LOWEST     48           300 PM
 AVERAGE    60

..........................................................


THE DECATUR IL AIRPORT CLIMATE NORMALS FOR TOMORROW
                         NORMAL    RECORD    YEAR
 MAXIMUM TEMPERATURE (F)   86        MM        MM
 MINIMUM TEMPERATURE (F)   65        MM        MM


SUNRISE AND SUNSET
JUNE 28 2017..........SUNRISE   530 AM CDT   SUNSET   828 PM CDT
JUNE 29 2017..........SUNRISE   530 AM CDT   SUNSET   828 PM CDT


-  INDICATES NEGATIVE NUMBERS.
R  INDICATES RECORD WAS SET OR TIED.
MM INDICATES DATA IS MISSING.
T  INDICATES TRACE AMOUNT.




$$
