000
CDUS43 KILX 260634
CLIDEC


CLIMATE REPORT
NATIONAL WEATHER SERVICE LINCOLN IL
133 AM CDT SUN MAR 26 2017


...................................

...THE DECATUR IL AIRPORT CLIMATE SUMMARY FOR MARCH 25 2017...

CLIMATE NORMAL PERIOD 1981 TO 2010
CLIMATE RECORD PERIOD 9999 TO 9999


WEATHER ITEM   OBSERVED TIME   RECORD YEAR NORMAL DEPARTURE LAST
                VALUE   (LST)  VALUE       VALUE  FROM      YEAR
                                                  NORMAL
..................................................................
TEMPERATURE (F)
 YESTERDAY
  MAXIMUM         68    143 PM  MM      MM  55     13       48
  MINIMUM         57    825 PM  MM      MM  35     22       31
  AVERAGE         63                        45     18       40

PRECIPITATION (IN)
  YESTERDAY        0.02         MM      MM   0.09  -0.07     0.00
  MONTH TO DATE    1.24                      2.07  -0.83     1.90
  SINCE MAR 1      1.24                      2.07  -0.83     1.90
  SINCE JAN 1      3.34                      5.79  -2.45     3.09

DEGREE DAYS
 HEATING
  YESTERDAY        2                        20    -18       25
  MONTH TO DATE  573                       613    -40      415
  SINCE MAR 1    573                       613    -40      415
  SINCE JUL 1   3932                      4870   -938     3907

 COOLING
  YESTERDAY        0                         0      0        0
  MONTH TO DATE    0                         0      0        0
  SINCE MAR 1      0                         0      0        0
  SINCE JAN 1      0                         0      0        0
..................................................................


WIND (MPH)
  HIGHEST WIND SPEED    23   HIGHEST WIND DIRECTION     S (180)
  HIGHEST GUST SPEED    30   HIGHEST GUST DIRECTION    SE (150)
  AVERAGE WIND SPEED    12.9


SKY COVER
  POSSIBLE SUNSHINE  MM
  AVERAGE SKY COVER 0.7


WEATHER CONDITIONS
 THE FOLLOWING WEATHER WAS RECORDED YESTERDAY.
  LIGHT RAIN


RELATIVE HUMIDITY (PERCENT)
 HIGHEST    93           700 PM
 LOWEST     58          1100 AM
 AVERAGE    76

..........................................................


THE DECATUR IL AIRPORT CLIMATE NORMALS FOR TODAY
                         NORMAL    RECORD    YEAR
 MAXIMUM TEMPERATURE (F)   56        MM        MM
 MINIMUM TEMPERATURE (F)   35        MM        MM


SUNRISE AND SUNSET
MARCH 26 2017.........SUNRISE   649 AM CDT   SUNSET   714 PM CDT
MARCH 27 2017.........SUNRISE   647 AM CDT   SUNSET   715 PM CDT


-  INDICATES NEGATIVE NUMBERS.
R  INDICATES RECORD WAS SET OR TIED.
MM INDICATES DATA IS MISSING.
T  INDICATES TRACE AMOUNT.




$$
