000
CDUS43 KILX 020627
CLIDEC


CLIMATE REPORT
NATIONAL WEATHER SERVICE LINCOLN IL
127 AM CDT SUN AUG 2 2015


...................................

...THE DECATUR IL AIRPORT CLIMATE SUMMARY FOR AUGUST 1 2015...

CLIMATE NORMAL PERIOD 1981 TO 2010
CLIMATE RECORD PERIOD 9999 TO 9999


WEATHER ITEM   OBSERVED TIME   RECORD YEAR NORMAL DEPARTURE LAST
                VALUE   (LST)  VALUE       VALUE  FROM      YEAR
                                                  NORMAL
..................................................................
TEMPERATURE (F)
 YESTERDAY
  MAXIMUM         87    314 PM  MM      MM  86      1       82
  MINIMUM         64    523 AM  MM      MM  64      0       57
  AVERAGE         76                        75      1       70

PRECIPITATION (IN)
  YESTERDAY        0.00         MM      MM   0.09  -0.09     0.58
  MONTH TO DATE    0.00                      0.09  -0.09     0.58
  SINCE JUN 1      9.92                      8.30   1.62     9.92
  SINCE JAN 1     20.62                     22.75  -2.13    19.58

DEGREE DAYS
 HEATING
  YESTERDAY        0                         0      0        0
  MONTH TO DATE    0                         0      0        0
  SINCE JUN 1      8                        18    -10        3
  SINCE JUL 1      1                         1      0        2

 COOLING
  YESTERDAY       11                        10      1        5
  MONTH TO DATE   11                        10      1        5
  SINCE JUN 1    570                       572     -2      464
  SINCE JAN 1    714                       659     55      609
..................................................................


WIND (MPH)
  HIGHEST WIND SPEED    14   HIGHEST WIND DIRECTION    SW (210)
  HIGHEST GUST SPEED    18   HIGHEST GUST DIRECTION    SW (220)
  AVERAGE WIND SPEED     6.5


SKY COVER
  POSSIBLE SUNSHINE  MM
  AVERAGE SKY COVER 0.0


WEATHER CONDITIONS
 THE FOLLOWING WEATHER WAS RECORDED YESTERDAY.
  NO SIGNIFICANT WEATHER WAS OBSERVED.


RELATIVE HUMIDITY (PERCENT)
 HIGHEST    78          1100 PM
 LOWEST     31          1200 PM
 AVERAGE    55

..........................................................


THE DECATUR IL AIRPORT CLIMATE NORMALS FOR TODAY
                         NORMAL    RECORD    YEAR
 MAXIMUM TEMPERATURE (F)   85        MM        MM
 MINIMUM TEMPERATURE (F)   64        MM        MM


SUNRISE AND SUNSET
AUGUST  2 2015........SUNRISE   555 AM CDT   SUNSET   808 PM CDT
AUGUST  3 2015........SUNRISE   556 AM CDT   SUNSET   807 PM CDT


-  INDICATES NEGATIVE NUMBERS.
R  INDICATES RECORD WAS SET OR TIED.
MM INDICATES DATA IS MISSING.
T  INDICATES TRACE AMOUNT.




$$
