000
CDUS43 KILX 260640
CLIDEC


CLIMATE REPORT
NATIONAL WEATHER SERVICE LINCOLN IL
1239 AM CST WED NOV 26 2014


...................................

...THE DECATUR IL AIRPORT CLIMATE SUMMARY FOR NOVEMBER 25 2014...

CLIMATE NORMAL PERIOD 1981 TO 2010
CLIMATE RECORD PERIOD 9999 TO 9999


WEATHER ITEM   OBSERVED TIME   RECORD YEAR NORMAL DEPARTURE LAST
                VALUE   (LST)  VALUE       VALUE  FROM      YEAR
                                                  NORMAL
..................................................................
TEMPERATURE (F)
 YESTERDAY
  MAXIMUM         34    125 AM  MM      MM  47    -13       34
  MINIMUM         22   1112 PM  MM      MM  30     -8       24
  AVERAGE         28                        38    -10       29

PRECIPITATION (IN)
  YESTERDAY        0.00         MM      MM   0.12  -0.12     0.00
  MONTH TO DATE    1.86                      2.84  -0.98     1.07
  SINCE SEP 1     10.95                      9.01   1.94     5.65
  SINCE JAN 1     34.88                     35.32  -0.44    32.02

DEGREE DAYS
 HEATING
  YESTERDAY       37                        27     10       36
  MONTH TO DATE  706                       525    181      580
  SINCE SEP 1   1116                       937    179      959
  SINCE JUL 1   1118                       943    175      969

 COOLING
  YESTERDAY        0                         0      0        0
  MONTH TO DATE    0                         0      0        0
  SINCE SEP 1    107                       130    -23      207
  SINCE JAN 1   1011                      1048    -37     1079
..................................................................


WIND (MPH)
  HIGHEST WIND SPEED    18   HIGHEST WIND DIRECTION    NW (310)
  HIGHEST GUST SPEED    23   HIGHEST GUST DIRECTION     W (280)
  AVERAGE WIND SPEED     8.3


SKY COVER
  POSSIBLE SUNSHINE  MM
  AVERAGE SKY COVER 0.7


WEATHER CONDITIONS
 THE FOLLOWING WEATHER WAS RECORDED YESTERDAY.
  NO SIGNIFICANT WEATHER WAS OBSERVED.


RELATIVE HUMIDITY (PERCENT)
 HIGHEST    88           900 PM
 LOWEST     69           200 AM
 AVERAGE    79

..........................................................


THE DECATUR IL AIRPORT CLIMATE NORMALS FOR TODAY
                         NORMAL    RECORD    YEAR
 MAXIMUM TEMPERATURE (F)   46        MM        MM
 MINIMUM TEMPERATURE (F)   30        MM        MM


SUNRISE AND SUNSET
NOVEMBER 26 2014......SUNRISE   652 AM CST   SUNSET   433 PM CST
NOVEMBER 27 2014......SUNRISE   653 AM CST   SUNSET   432 PM CST


-  INDICATES NEGATIVE NUMBERS.
R  INDICATES RECORD WAS SET OR TIED.
MM INDICATES DATA IS MISSING.
T  INDICATES TRACE AMOUNT.




$$
