000
CDUS43 KILX 232147
CLIDEC


CLIMATE REPORT
NATIONAL WEATHER SERVICE LINCOLN IL
437 PM CDT MON OCT 23 2017


...................................

...THE DECATUR IL AIRPORT CLIMATE SUMMARY FOR OCTOBER 23 2017...
VALID TODAY AS OF 0400 PM LOCAL TIME.

CLIMATE NORMAL PERIOD 1981 TO 2010
CLIMATE RECORD PERIOD 9999 TO 9999


WEATHER ITEM   OBSERVED TIME   RECORD YEAR NORMAL DEPARTURE LAST
                VALUE   (LST)  VALUE       VALUE  FROM      YEAR
                                                  NORMAL
..................................................................
TEMPERATURE (F)
 TODAY
  MAXIMUM         54    259 PM  MM      MM  63     -9       76
  MINIMUM         51   1212 PM  MM      MM  41     10       48
  AVERAGE         53                        52      1       62

PRECIPITATION (IN)
  TODAY            0.49         MM      MM   0.12   0.37     0.00
  MONTH TO DATE    4.70                      2.36   2.34     2.30
  SINCE SEP 1      5.58                      5.25   0.33     4.80
  SINCE JAN 1     31.75                     31.56   0.19    27.72

DEGREE DAYS
 HEATING
  TODAY           12                        13     -1        3
  MONTH TO DATE   75                       230   -155      101
  SINCE SEP 1    117                       297   -180      107
  SINCE JUL 1    118                       303   -185      112

 COOLING
  TODAY            0                         0      0        0
  MONTH TO DATE   51                        14     37       50
  SINCE SEP 1    214                       125     89      279
  SINCE JAN 1   1120                      1043     77     1414
..................................................................


WIND (MPH)
  HIGHEST WIND SPEED    25   HIGHEST WIND DIRECTION    NW (330)
  HIGHEST GUST SPEED    34   HIGHEST GUST DIRECTION     N (340)
  AVERAGE WIND SPEED    13.8


SKY COVER
  POSSIBLE SUNSHINE  MM
  AVERAGE SKY COVER 0.9


WEATHER CONDITIONS
 THE FOLLOWING WEATHER WAS RECORDED TODAY.
  RAIN
  LIGHT RAIN
  FOG


RELATIVE HUMIDITY (PERCENT)
 HIGHEST   100          1200 AM
 LOWEST     77           300 PM
 AVERAGE    89

..........................................................


THE DECATUR IL AIRPORT CLIMATE NORMALS FOR TOMORROW
                         NORMAL    RECORD    YEAR
 MAXIMUM TEMPERATURE (F)   63        MM        MM
 MINIMUM TEMPERATURE (F)   41        MM        MM


SUNRISE AND SUNSET
OCTOBER 23 2017.......SUNRISE   714 AM CDT   SUNSET   604 PM CDT
OCTOBER 24 2017.......SUNRISE   716 AM CDT   SUNSET   603 PM CDT


-  INDICATES NEGATIVE NUMBERS.
R  INDICATES RECORD WAS SET OR TIED.
MM INDICATES DATA IS MISSING.
T  INDICATES TRACE AMOUNT.




$$
