000
CDUS43 KILX 310641
CLIDEC


CLIMATE REPORT
NATIONAL WEATHER SERVICE LINCOLN IL
140 AM CDT FRI OCT 31 2014


...................................

...THE DECATUR IL AIRPORT CLIMATE SUMMARY FOR OCTOBER 30 2014...

CLIMATE NORMAL PERIOD 1981 TO 2010
CLIMATE RECORD PERIOD 9999 TO 9999


WEATHER ITEM   OBSERVED TIME   RECORD YEAR NORMAL DEPARTURE LAST
                VALUE   (LST)  VALUE       VALUE  FROM      YEAR
                                                  NORMAL
..................................................................
TEMPERATURE (F)
 YESTERDAY
  MAXIMUM         54   1210 PM  MM      MM  60     -6       68
  MINIMUM         32    428 AM  MM      MM  40     -8       53
  AVERAGE         43                        50     -7       61

PRECIPITATION (IN)
  YESTERDAY        0.21         MM      MM   0.11   0.10     0.38
  MONTH TO DATE    5.17                      3.17   2.00     2.34
  SINCE SEP 1      9.09                      6.06   3.03     2.93
  SINCE JAN 1     33.02                     32.37   0.65    29.30

DEGREE DAYS
 HEATING
  YESTERDAY       22                        15      7        4
  MONTH TO DATE  298                       330    -32      328
  SINCE SEP 1    385                       397    -12      371
  SINCE JUL 1    387                       403    -16      381

 COOLING
  YESTERDAY        0                         0      0        0
  MONTH TO DATE   14                        14      0       40
  SINCE SEP 1    107                       125    -18      207
  SINCE JAN 1   1011                      1043    -32     1079
..................................................................


WIND (MPH)
  HIGHEST WIND SPEED    14   HIGHEST WIND DIRECTION     S (170)
  HIGHEST GUST SPEED    19   HIGHEST GUST DIRECTION    SW (220)
  AVERAGE WIND SPEED     4.1


SKY COVER
  POSSIBLE SUNSHINE  MM
  AVERAGE SKY COVER 0.5


WEATHER CONDITIONS
 THE FOLLOWING WEATHER WAS RECORDED YESTERDAY.
  LIGHT RAIN
  FOG


RELATIVE HUMIDITY (PERCENT)
 HIGHEST    96           700 AM
 LOWEST     54          1200 PM
 AVERAGE    75

..........................................................


THE DECATUR IL AIRPORT CLIMATE NORMALS FOR TODAY
                         NORMAL    RECORD    YEAR
 MAXIMUM TEMPERATURE (F)   60        MM        MM
 MINIMUM TEMPERATURE (F)   40        MM        MM


SUNRISE AND SUNSET
OCTOBER 31 2014.......SUNRISE   723 AM CDT   SUNSET   554 PM CDT
NOVEMBER  1 2014......SUNRISE   724 AM CDT   SUNSET   553 PM CDT


-  INDICATES NEGATIVE NUMBERS.
R  INDICATES RECORD WAS SET OR TIED.
MM INDICATES DATA IS MISSING.
T  INDICATES TRACE AMOUNT.




$$
