000
CDUS45 KBOU 231237
CLIDEN


CLIMATE REPORT
NATIONAL WEATHER SERVICE DENVER/BOULDER CO
637 AM MDT FRI JUN 23 2017


...................................

...THE DENVER CO CLIMATE SUMMARY FOR JUNE 23 2017...
VALID AS OF 0600 AM LOCAL TIME.

CLIMATE NORMAL PERIOD 1981 TO 2010
CLIMATE RECORD PERIOD 1872 TO 2017


WEATHER ITEM   OBSERVED TIME   RECORD YEAR NORMAL DEPARTURE LAST
                VALUE   (LST)  VALUE       VALUE  FROM      YEAR
                                                  NORMAL
..................................................................
TEMPERATURE (F)
 TODAY
  MAXIMUM         61    340 AM 104    2012  85    -24       92
  MINIMUM         53    459 AM  43    1964  55     -2       57
                                      1906
  AVERAGE         57                        70    -13       75

PRECIPITATION (IN)
  TODAY            0.04          1.64 2009   0.06  -0.02     0.02
  MONTH TO DATE    0.06                      1.56  -1.50     1.61
  SINCE JUN 1      0.06                      1.56  -1.50     1.61
  SINCE JAN 1      6.37                      7.09  -0.72     8.71

..................................................................


WIND (MPH)
  HIGHEST WIND SPEED    26   HIGHEST WIND DIRECTION    NE (50)
  HIGHEST GUST SPEED    33   HIGHEST GUST DIRECTION    NE (30)
  AVERAGE WIND SPEED    11.7




RELATIVE HUMIDITY (PERCENT)
 HIGHEST    80           100 AM
 LOWEST     78          1200 AM
 AVERAGE    79

..........................................................


THE DENVER CO CLIMATE NORMALS FOR TOMORROW
                         NORMAL    RECORD    YEAR
 MAXIMUM TEMPERATURE (F)   85       102      2012
 MINIMUM TEMPERATURE (F)   55        42      1906


SUNRISE AND SUNSET
JUNE 23 2017..........SUNRISE   531 AM MDT   SUNSET   831 PM MDT
JUNE 24 2017..........SUNRISE   531 AM MDT   SUNSET   831 PM MDT


-  INDICATES NEGATIVE NUMBERS.
R  INDICATES RECORD WAS SET OR TIED.
MM INDICATES DATA IS MISSING.
T  INDICATES TRACE AMOUNT.




$$
