000
CDUS45 KBOU 061229
CLIDEN


CLIMATE REPORT
NATIONAL WEATHER SERVICE DENVER/BOULDER CO
629 AM MDT FRI MAY 6 2016


...................................

...THE DENVER CO CLIMATE SUMMARY FOR MAY 6 2016...
VALID AS OF 0600 AM LOCAL TIME.

CLIMATE NORMAL PERIOD 1981 TO 2010
CLIMATE RECORD PERIOD 1872 TO 2016


WEATHER ITEM   OBSERVED TIME   RECORD YEAR NORMAL DEPARTURE LAST
                VALUE   (LST)  VALUE       VALUE  FROM      YEAR
                                                  NORMAL
..................................................................
TEMPERATURE (F)
 TODAY
  MAXIMUM         58    125 AM  86    1963  68    -10       65
                                      1875
  MINIMUM         50    206 AM  23    1917  39     11       47
  AVERAGE         54                        54      0       56

PRECIPITATION (IN)
  TODAY            0.00          3.27 1973   0.07  -0.07     0.20
  MONTH TO DATE    0.05                      0.42  -0.37     0.66
  SINCE MAR 1      3.79                      3.05   0.74     4.10
  SINCE JAN 1      4.77                      3.83   0.94     5.73

..................................................................


WIND (MPH)
  HIGHEST WIND SPEED    15   HIGHEST WIND DIRECTION     S (170)
  HIGHEST GUST SPEED    17   HIGHEST GUST DIRECTION     S (180)
  AVERAGE WIND SPEED    11.3




RELATIVE HUMIDITY (PERCENT)
 HIGHEST    63           200 AM
 LOWEST     47           100 AM
 AVERAGE    55

..........................................................


THE DENVER CO CLIMATE NORMALS FOR TOMORROW
                         NORMAL    RECORD    YEAR
 MAXIMUM TEMPERATURE (F)   68        87      1989
                                             1874
 MINIMUM TEMPERATURE (F)   40        23      1978


SUNRISE AND SUNSET
MAY  6 2016...........SUNRISE   552 AM MDT   SUNSET   759 PM MDT
MAY  7 2016...........SUNRISE   551 AM MDT   SUNSET   800 PM MDT


-  INDICATES NEGATIVE NUMBERS.
R  INDICATES RECORD WAS SET OR TIED.
MM INDICATES DATA IS MISSING.
T  INDICATES TRACE AMOUNT.




$$
