000
CDUS45 KBOU 022330
CLIDEN


CLIMATE REPORT
NATIONAL WEATHER SERVICE DENVER CO
429 PM MST MON MAR 2 2015


...................................

...THE DENVER CO CLIMATE SUMMARY FOR MARCH 2 2015...
VALID TODAY AS OF 0400 PM LOCAL TIME.

CLIMATE NORMAL PERIOD 1981 TO 2010
CLIMATE RECORD PERIOD 1872 TO 2015


WEATHER ITEM   OBSERVED TIME   RECORD YEAR NORMAL DEPARTURE LAST
                VALUE   (LST)  VALUE       VALUE  FROM      YEAR
                                                  NORMAL
..................................................................
TEMPERATURE (F)
 TODAY
  MAXIMUM         35    333 PM  74    2009  50    -15       23
  MINIMUM         12    255 AM  -7    1960  23    -11        4
  AVERAGE         24                        36    -12       14

PRECIPITATION (IN)
  TODAY            0.00          0.42 1964   0.01  -0.01     0.01
  MONTH TO DATE    0.00                      0.03  -0.03     0.04
  SINCE MAR 1      0.00                      0.03  -0.03     0.04
  SINCE JAN 1      1.63                      0.81   0.82     1.17

DEGREE DAYS
 HEATING
  TODAY           41                        29     12       51
  MONTH TO DATE   90                        58     32       98
  SINCE MAR 1     90                        58     32       98
  SINCE JUL 1   4203                      4497   -294     4617

 COOLING
  TODAY            0                         0      0        0
  MONTH TO DATE    0                         0      0        0
  SINCE MAR 1      0                         0      0        0
  SINCE JAN 1      0                         0      0        0
..................................................................


WIND (MPH)
  HIGHEST WIND SPEED    16   HIGHEST WIND DIRECTION    SE (120)
  HIGHEST GUST SPEED    18   HIGHEST GUST DIRECTION    SE (130)
  AVERAGE WIND SPEED     6.2


SKY COVER **
  POSSIBLE SUNSHINE  MM
  AVERAGE SKY COVER 0.6


WEATHER CONDITIONS
 THE FOLLOWING WEATHER WAS RECORDED TODAY.
  FOG
  HAZE


RELATIVE HUMIDITY (PERCENT)
 HIGHEST    92           100 AM
 LOWEST     61           300 PM
 AVERAGE    77

..........................................................


THE DENVER CO CLIMATE NORMALS FOR TOMORROW
                         NORMAL    RECORD    YEAR
 MAXIMUM TEMPERATURE (F)   51        76      1921
 MINIMUM TEMPERATURE (F)   23        -8      1960


SUNRISE AND SUNSET
MARCH  2 2015.........SUNRISE   630 AM MST   SUNSET   550 PM MST
MARCH  3 2015.........SUNRISE   629 AM MST   SUNSET   551 PM MST


-  INDICATES NEGATIVE NUMBERS.
R  INDICATES RECORD WAS SET OR TIED.
MM INDICATES DATA IS MISSING.
T  INDICATES TRACE AMOUNT.




$$
