000
CDUS45 KBOU 300759
CLIDEN


CLIMATE REPORT
NATIONAL WEATHER SERVICE DENVER CO
159 AM MDT SAT AUG 30 2014


...................................

...THE DENVER CO CLIMATE SUMMARY FOR AUGUST 29 2014...

CLIMATE NORMAL PERIOD 1981 TO 2010
CLIMATE RECORD PERIOD 1872 TO 2014


WEATHER ITEM   OBSERVED TIME   RECORD YEAR NORMAL DEPARTURE LAST
                VALUE   (LST)  VALUE       VALUE  FROM      YEAR
                                                  NORMAL
..................................................................
TEMPERATURE (F)
 YESTERDAY
  MAXIMUM         80   1242 PM  97    2012  85     -5       95
  MINIMUM         54    424 AM  44    1962  55     -1       65
  AVERAGE         67                        70     -3       80

PRECIPITATION (IN)
  YESTERDAY        T             0.50 1872   0.05  -0.05     0.00
  MONTH TO DATE    2.73                      1.62   1.11     2.78
  SINCE JUN 1      8.40                      5.76   2.64     5.51
  SINCE JAN 1     15.11                     11.29   3.82    10.75

SNOWFALL (IN)
  YESTERDAY        0.0
  MONTH TO DATE      0
  SINCE JUN 1        0
  SINCE JUL 1        0
  SNOW DEPTH       0


DEGREE DAYS
 HEATING
  YESTERDAY        0                         1     -1        0
  MONTH TO DATE    2                         3     -1        0
  SINCE JUN 1     37                        71    -34       29
  SINCE JUL 1      7                         9     -2        0

 COOLING
  YESTERDAY        2                         6     -4       15
  MONTH TO DATE  177                       234    -57      280
  SINCE JUN 1    587                       656    -69      796
  SINCE JAN 1    608                       678    -70      838
..................................................................


WIND (MPH)
  HIGHEST WIND SPEED    29   HIGHEST WIND DIRECTION     W (250)
  HIGHEST GUST SPEED    36   HIGHEST GUST DIRECTION     W (250)
  AVERAGE WIND SPEED    10.6


SKY COVER **
  POSSIBLE SUNSHINE  MM
  AVERAGE SKY COVER 0.5


WEATHER CONDITIONS
 THE FOLLOWING WEATHER WAS RECORDED YESTERDAY.
  THUNDERSTORM
  LIGHT RAIN


RELATIVE HUMIDITY (PERCENT)
 HIGHEST    77          1200 AM
 LOWEST     31          1000 AM
 AVERAGE    54

..........................................................


THE DENVER CO CLIMATE NORMALS FOR TODAY
                         NORMAL    RECORD    YEAR
 MAXIMUM TEMPERATURE (F)   85        98      1990
 MINIMUM TEMPERATURE (F)   55        42      1968


SUNRISE AND SUNSET
AUGUST 30 2014........SUNRISE   625 AM MDT   SUNSET   734 PM MDT
AUGUST 31 2014........SUNRISE   626 AM MDT   SUNSET   733 PM MDT


-  INDICATES NEGATIVE NUMBERS.
R  INDICATES RECORD WAS SET OR TIED.
MM INDICATES DATA IS MISSING.
T  INDICATES TRACE AMOUNT.

&&

** SUNSHINE DATA WILL NO LONGER BE AVAILABLE EFFECTIVE OCTOBER 1ST 2009.




$$
