000
CDUS45 KBOU 230747
CLIDEN


CLIMATE REPORT
NATIONAL WEATHER SERVICE DENVER/BOULDER CO
147 AM MDT THU MAR 23 2017


...................................

...THE DENVER CO CLIMATE SUMMARY FOR MARCH 22 2017...

CLIMATE NORMAL PERIOD 1981 TO 2010
CLIMATE RECORD PERIOD 1872 TO 2017


WEATHER ITEM   OBSERVED TIME   RECORD YEAR NORMAL DEPARTURE LAST
                VALUE   (LST)  VALUE       VALUE  FROM      YEAR
                                                  NORMAL
..................................................................
TEMPERATURE (F)
 YESTERDAY
  MAXIMUM         71    322 PM  79    2004  56     15       73
  MINIMUM         37    633 AM  -3    1952  28      9       39
  AVERAGE         54                        42     12       56

PRECIPITATION (IN)
  YESTERDAY        0.00          0.58 1936   0.04  -0.04      T
  MONTH TO DATE    0.02                      0.58  -0.56     0.29
  SINCE MAR 1      0.02                      0.58  -0.56     0.29
  SINCE JAN 1      0.79                      1.36  -0.57     1.27

SNOWFALL (IN)
  YESTERDAY        0.0
  MONTH TO DATE      T
  SINCE MAR 1        T
  SINCE JUL 1     19.3
  SNOW DEPTH       0


DEGREE DAYS
 HEATING
  YESTERDAY       11                        23    -12        9
  MONTH TO DATE  352                       566   -214      455
  SINCE MAR 1    352                       566   -214      455
  SINCE JUL 1   4154                      5005   -851     4443

 COOLING
  YESTERDAY        0                         0      0        0
  MONTH TO DATE    0                         0      0        0
  SINCE MAR 1      0                         0      0        0
  SINCE JAN 1      0                         0      0        0
..................................................................


WIND (MPH)
  HIGHEST WIND SPEED    21   HIGHEST WIND DIRECTION     S (170)
  HIGHEST GUST SPEED    25   HIGHEST GUST DIRECTION     S (170)
  AVERAGE WIND SPEED     9.7


SKY COVER **
  POSSIBLE SUNSHINE  MM
  AVERAGE SKY COVER 0.6


WEATHER CONDITIONS
 THE FOLLOWING WEATHER WAS RECORDED YESTERDAY.
  NO SIGNIFICANT WEATHER WAS OBSERVED.


RELATIVE HUMIDITY (PERCENT)
 HIGHEST    82           500 AM
 LOWEST     26           100 PM
 AVERAGE    54

..........................................................


THE DENVER CO CLIMATE NORMALS FOR TODAY
                         NORMAL    RECORD    YEAR
 MAXIMUM TEMPERATURE (F)   57        76      2012
                                             1967
 MINIMUM TEMPERATURE (F)   28         1      1898


SUNRISE AND SUNSET
MARCH 23 2017.........SUNRISE   656 AM MDT   SUNSET   714 PM MDT
MARCH 24 2017.........SUNRISE   655 AM MDT   SUNSET   715 PM MDT


-  INDICATES NEGATIVE NUMBERS.
R  INDICATES RECORD WAS SET OR TIED.
MM INDICATES DATA IS MISSING.
T  INDICATES TRACE AMOUNT.

&&

** SUNSHINE DATA WILL NO LONGER BE AVAILABLE EFFECTIVE OCTOBER 1ST 2009.




$$
