000
CDUS44 KSHV 042132
CLIDEQ


CLIMATE REPORT
NATIONAL WEATHER SERVICE SHREVEPORT, LA
431 PM CDT TUE AUG 4 2015


...................................

...THE DE QUEEN CLIMATE SUMMARY FOR AUGUST 4 2015...
VALID TODAY AS OF 0400 PM LOCAL TIME.

CLIMATE NORMAL PERIOD 1981 TO 2010
CLIMATE RECORD PERIOD 1902 TO 2015


WEATHER ITEM   OBSERVED TIME   RECORD YEAR NORMAL DEPARTURE LAST
                VALUE   (LST)  VALUE       VALUE  FROM      YEAR
                                                  NORMAL
..................................................................
TEMPERATURE (F)
 TODAY
  MAXIMUM         94    220 PM 111    2011  94      0       90
  MINIMUM         70    512 AM  56    1976  69      1       62
  AVERAGE         82                        82      0       76

PRECIPITATION (IN)
  TODAY            0.00          1.79 1996   0.07  -0.07     0.00
  MONTH TO DATE    0.00                      0.27  -0.27     0.03
  SINCE DEC 1     37.53                     34.05   3.48    26.78
  SINCE JAN 1     35.81                     29.69   6.12    24.85

DEGREE DAYS
 HEATING
  TODAY            0                         0      0        0
  MONTH TO DATE    0                         0      0        0
  SINCE JUN 1      0                         0      0        0
  SINCE JUL 1      0                         0      0        0

 COOLING
  TODAY           17                        16      1       11
  MONTH TO DATE   65                        64      1       41
  SINCE JUN 1   1042                       939    103      720
  SINCE JAN 1   1276                      1156    120      927
..................................................................


WIND (MPH)
  HIGHEST WIND SPEED     9   HIGHEST WIND DIRECTION     S (180)
  HIGHEST GUST SPEED    12   HIGHEST GUST DIRECTION     S (190)
  AVERAGE WIND SPEED     1.8


SKY COVER
  POSSIBLE SUNSHINE  MM
  AVERAGE SKY COVER 0.1


WEATHER CONDITIONS
 THE FOLLOWING WEATHER WAS RECORDED TODAY.
  FOG


RELATIVE HUMIDITY (PERCENT)
 HIGHEST    93          1200 AM
 LOWEST     49          1200 PM
 AVERAGE    71

..........................................................


THE DE QUEEN CLIMATE NORMALS FOR TOMORROW
                         NORMAL    RECORD    YEAR
 MAXIMUM TEMPERATURE (F)   94       109      1956
 MINIMUM TEMPERATURE (F)   69        54      1976


SUNRISE AND SUNSET
AUGUST  4 2015........SUNRISE   631 AM CDT   SUNSET   816 PM CDT
AUGUST  5 2015........SUNRISE   632 AM CDT   SUNSET   815 PM CDT


-  INDICATES NEGATIVE NUMBERS.
R  INDICATES RECORD WAS SET OR TIED.
MM INDICATES DATA IS MISSING.
T  INDICATES TRACE AMOUNT.




$$
