000
CDUS44 KSHV 280846
CLIDEQ


CLIMATE REPORT
NATIONAL WEATHER SERVICE SHREVEPORT, LA
245 AM CST SAT FEB 28 2015


...................................

...THE DE QUEEN CLIMATE SUMMARY FOR FEBRUARY 27 2015...

CLIMATE NORMAL PERIOD 1981 TO 2010
CLIMATE RECORD PERIOD 1902 TO 2015


WEATHER ITEM   OBSERVED TIME   RECORD YEAR NORMAL DEPARTURE LAST
                VALUE   (LST)  VALUE       VALUE  FROM      YEAR
                                                  NORMAL
..................................................................
TEMPERATURE (F)
 YESTERDAY
  MAXIMUM         32    217 PM  87    1986  62    -30       54
  MINIMUM         22    543 AM  15    2014  36    -14       15
  AVERAGE         27                        49    -22       35

PRECIPITATION (IN)
  YESTERDAY        T             2.45 1945   0.08  -0.08     0.00
  MONTH TO DATE    1.35                      3.58  -2.23     1.02
  SINCE DEC 1      8.15                     11.26  -3.11     3.87
  SINCE JAN 1      6.43                      6.90  -0.47     1.94

SNOWFALL (IN)
  YESTERDAY        T
  MONTH TO DATE    5.1
  SINCE DEC 1      5.1
  SINCE JUL 1      5.6
  SNOW DEPTH       0

DEGREE DAYS
 HEATING
  YESTERDAY       38                        16     22       30
  MONTH TO DATE  660                       539    121      604
  SINCE DEC 1   1996                      1949     47     2132
  SINCE JUL 1   2618                      2475    143     2745

 COOLING
  YESTERDAY        0                         0      0        0
  MONTH TO DATE    0                         0      0        0
  SINCE DEC 1      0                         1     -1        3
  SINCE JAN 1      0                         1     -1        0
..................................................................


WIND (MPH)
  HIGHEST WIND SPEED    15   HIGHEST WIND DIRECTION     E (90)
  HIGHEST GUST SPEED    22   HIGHEST GUST DIRECTION     E (100)
  AVERAGE WIND SPEED     7.4


SKY COVER
  POSSIBLE SUNSHINE  MM
  AVERAGE SKY COVER 0.5


WEATHER CONDITIONS
 THE FOLLOWING WEATHER WAS RECORDED YESTERDAY.
  LIGHT SNOW
  HAZE


RELATIVE HUMIDITY (PERCENT)
 HIGHEST    81           600 PM
 LOWEST     43          1200 PM
 AVERAGE    62

..........................................................


THE DE QUEEN CLIMATE NORMALS FOR TODAY
                         NORMAL    RECORD    YEAR
 MAXIMUM TEMPERATURE (F)   62        82      1940
 MINIMUM TEMPERATURE (F)   36        17      2002


SUNRISE AND SUNSET
FEBRUARY 28 2015......SUNRISE   648 AM CST   SUNSET   613 PM CST
MARCH  1 2015.........SUNRISE   647 AM CST   SUNSET   614 PM CST


-  INDICATES NEGATIVE NUMBERS.
R  INDICATES RECORD WAS SET OR TIED.
MM INDICATES DATA IS MISSING.
T  INDICATES TRACE AMOUNT.




$$
