366
CDUS44 KSHV 202238
CLIDEQ


CLIMATE REPORT
NATIONAL WEATHER SERVICE SHREVEPORT, LA
436 PM CST TUE FEB 20 2018


...................................

...THE DE QUEEN CLIMATE SUMMARY FOR FEBRUARY 20 2018...
VALID TODAY AS OF 0400 PM LOCAL TIME.

CLIMATE NORMAL PERIOD 1981 TO 2010
CLIMATE RECORD PERIOD 1902 TO 2018


WEATHER ITEM   OBSERVED TIME   RECORD YEAR NORMAL DEPARTURE LAST
                VALUE   (LST)  VALUE       VALUE  FROM      YEAR
                                                  NORMAL
..................................................................
TEMPERATURE (F)
 TODAY
  MAXIMUM         75    159 PM  84    1986  60     15       65
  MINIMUM         68    826 AM  18    1978  33     35       56
  AVERAGE         72                        46     26       61

PRECIPITATION (IN)
  TODAY            0.01          1.46 2002   0.11  -0.10     0.40
  MONTH TO DATE    1.50                      2.86  -1.36     0.84
  SINCE DEC 1      8.98                     10.54  -1.56     6.16
  SINCE JAN 1      3.73                      6.18  -2.45     3.45

SNOWFALL (IN)
  TODAY            0.0
  MONTH TO DATE    T
  SINCE DEC 1      0.1
  SINCE JUL 1      0.1
  SNOW DEPTH       0

DEGREE DAYS
 HEATING
  TODAY            0                        18    -18        4
  MONTH TO DATE  381                       418    -37      246
  SINCE DEC 1   1818                      1828    -10     1383
  SINCE JUL 1   2281                      2354    -73     1697

 COOLING
  TODAY            7                         0      7        0
  MONTH TO DATE    7                         0      7        4
  SINCE DEC 1      8                         1      7        9
  SINCE JAN 1      7                         1      6        7
..................................................................


WIND (MPH)
  HIGHEST WIND SPEED    20   HIGHEST WIND DIRECTION     S (200)
  HIGHEST GUST SPEED    26   HIGHEST GUST DIRECTION     S (200)
  AVERAGE WIND SPEED     9.1


SKY COVER
  POSSIBLE SUNSHINE  MM
  AVERAGE SKY COVER 0.9


WEATHER CONDITIONS
 THE FOLLOWING WEATHER WAS RECORDED TODAY.
  LIGHT RAIN
  FOG


RELATIVE HUMIDITY (PERCENT)
 HIGHEST    90           400 AM
 LOWEST     68           200 PM
 AVERAGE    79

..........................................................


THE DE QUEEN CLIMATE NORMALS FOR TOMORROW
                         NORMAL    RECORD    YEAR
 MAXIMUM TEMPERATURE (F)   60        87      1986
 MINIMUM TEMPERATURE (F)   34        18      1939


SUNRISE AND SUNSET
FEBRUARY 20 2018......SUNRISE   657 AM CST   SUNSET   606 PM CST
FEBRUARY 21 2018......SUNRISE   656 AM CST   SUNSET   607 PM CST


-  INDICATES NEGATIVE NUMBERS.
R  INDICATES RECORD WAS SET OR TIED.
MM INDICATES DATA IS MISSING.
T  INDICATES TRACE AMOUNT.




$$
