000
CDUS44 KSHV 290812
CLIDEQ


CLIMATE REPORT
NATIONAL WEATHER SERVICE SHREVEPORT, LA
300 AM CDT SUN MAY 29 2016


...................................

...THE DE QUEEN CLIMATE SUMMARY FOR MAY 28 2016...

CLIMATE NORMAL PERIOD 1981 TO 2010
CLIMATE RECORD PERIOD 1902 TO 2016


WEATHER ITEM   OBSERVED TIME   RECORD YEAR NORMAL DEPARTURE LAST
                VALUE   (LST)  VALUE       VALUE  FROM      YEAR
                                                  NORMAL
..................................................................
TEMPERATURE (F)
 YESTERDAY
  MAXIMUM         81    449 PM  94    1977  84     -3       80
  MINIMUM         61    429 AM  44    1961  62     -1       66
  AVERAGE         71                        73     -2       73

PRECIPITATION (IN)
  YESTERDAY        0.00          2.56 1998   0.15  -0.15     0.24
  MONTH TO DATE    1.32                      5.17  -3.85    12.03
  SINCE DEC 1     28.80                     25.10   3.70    29.97
  SINCE JAN 1     18.52                     20.74  -2.22    28.25

SNOWFALL (IN)
  YESTERDAY        0.0
  MONTH TO DATE    0.0
  SINCE MAR 1      0.0
  SINCE JUL 1      0.0
  SNOW DEPTH       0

DEGREE DAYS
 HEATING
  YESTERDAY        0                         0      0        0
  MONTH TO DATE   27                        21      6       10
  SINCE MAR 1    370                       551   -181      455
  SINCE JUL 1   2322                      3042   -720     3107

 COOLING
  YESTERDAY        6                         8     -2        8
  MONTH TO DATE  114                       145    -31      163
  SINCE MAR 1    164                       190    -26      211
  SINCE JAN 1    164                       192    -28      211
..................................................................


WIND (MPH)
  HIGHEST WIND SPEED     9   HIGHEST WIND DIRECTION     S (160)
  HIGHEST GUST SPEED    13   HIGHEST GUST DIRECTION    SE (130)
  AVERAGE WIND SPEED     2.6


SKY COVER
  POSSIBLE SUNSHINE  MM
  AVERAGE SKY COVER 0.5


WEATHER CONDITIONS
 THE FOLLOWING WEATHER WAS RECORDED YESTERDAY.
  FOG


RELATIVE HUMIDITY (PERCENT)
 HIGHEST   100          1200 AM
 LOWEST     67           300 PM
 AVERAGE    84

..........................................................


THE DE QUEEN CLIMATE NORMALS FOR TODAY
                         NORMAL    RECORD    YEAR
 MAXIMUM TEMPERATURE (F)   84        95      1977
 MINIMUM TEMPERATURE (F)   63        47      1992


SUNRISE AND SUNSET
MAY 29 2016...........SUNRISE   608 AM CDT   SUNSET   822 PM CDT
MAY 30 2016...........SUNRISE   608 AM CDT   SUNSET   823 PM CDT


-  INDICATES NEGATIVE NUMBERS.
R  INDICATES RECORD WAS SET OR TIED.
MM INDICATES DATA IS MISSING.
T  INDICATES TRACE AMOUNT.




$$
