000
CDUS44 KSHV 200747
CLIDEQ


CLIMATE REPORT
NATIONAL WEATHER SERVICE SHREVEPORT, LA
242 AM CDT WED SEP 20 2017


...................................

...THE DE QUEEN CLIMATE SUMMARY FOR SEPTEMBER 19 2017...

CLIMATE NORMAL PERIOD 1981 TO 2010
CLIMATE RECORD PERIOD 1902 TO 2017


WEATHER ITEM   OBSERVED TIME   RECORD YEAR NORMAL DEPARTURE LAST
                VALUE   (LST)  VALUE       VALUE  FROM      YEAR
                                                  NORMAL
..................................................................
TEMPERATURE (F)
 YESTERDAY
  MAXIMUM         90    334 PM 100    1956  85      5       92
  MINIMUM         63    609 AM  40    1981  60      3       68
  AVERAGE         77                        72      5       80

PRECIPITATION (IN)
  YESTERDAY        0.00          4.45 1958   0.11  -0.11     0.00
  MONTH TO DATE    0.01                      2.30  -2.29     2.26
  SINCE DEC 1     35.96                     38.25  -2.29    40.27
  SINCE JAN 1     33.25                     33.89  -0.64    29.99

SNOWFALL (IN)
  YESTERDAY        0.0
  MONTH TO DATE    0.0
  SINCE SEP 1      0.0
  SINCE JUL 1      0.0
  SNOW DEPTH       0

DEGREE DAYS
 HEATING
  YESTERDAY        0                         0      0        0
  MONTH TO DATE    0                         0      0        0
  SINCE SEP 1      0                         0      0        0
  SINCE JUL 1      0                         0      0        0

 COOLING
  YESTERDAY       12                         8      4       15
  MONTH TO DATE  150                       211    -61      250
  SINCE SEP 1    150                       211    -61      250
  SINCE JAN 1   1784                      1803    -19     1987
..................................................................


WIND (MPH)
  HIGHEST WIND SPEED    14   HIGHEST WIND DIRECTION     S (170)
  HIGHEST GUST SPEED    18   HIGHEST GUST DIRECTION     S (170)
  AVERAGE WIND SPEED     3.1


SKY COVER
  POSSIBLE SUNSHINE  MM
  AVERAGE SKY COVER 0.0


WEATHER CONDITIONS
 THE FOLLOWING WEATHER WAS RECORDED YESTERDAY.
  FOG
  FOG W/VISIBILITY <= 1/4 MILE


RELATIVE HUMIDITY (PERCENT)
 HIGHEST   100          1200 AM
 LOWEST    100          1200 AM
 AVERAGE   100

..........................................................


THE DE QUEEN CLIMATE NORMALS FOR TODAY
                         NORMAL    RECORD    YEAR
 MAXIMUM TEMPERATURE (F)   85       101      1954
 MINIMUM TEMPERATURE (F)   59        40      1981


SUNRISE AND SUNSET
SEPTEMBER 20 2017.....SUNRISE   704 AM CDT   SUNSET   717 PM CDT
SEPTEMBER 21 2017.....SUNRISE   705 AM CDT   SUNSET   715 PM CDT


-  INDICATES NEGATIVE NUMBERS.
R  INDICATES RECORD WAS SET OR TIED.
MM INDICATES DATA IS MISSING.
T  INDICATES TRACE AMOUNT.




$$
