000
CDUS44 KSHV 210848
CLIDEQ


CLIMATE REPORT
NATIONAL WEATHER SERVICE SHREVEPORT, LA
247 AM CST TUE NOV 21 2017


...................................

...THE DE QUEEN CLIMATE SUMMARY FOR NOVEMBER 20 2017...

CLIMATE NORMAL PERIOD 1981 TO 2010
CLIMATE RECORD PERIOD 1902 TO 2017


WEATHER ITEM   OBSERVED TIME   RECORD YEAR NORMAL DEPARTURE LAST
                VALUE   (LST)  VALUE       VALUE  FROM      YEAR
                                                  NORMAL
..................................................................
TEMPERATURE (F)
 YESTERDAY
  MAXIMUM         63    311 PM  80    2011  63      0       61
  MINIMUM         28    709 AM  19    1951  37     -9       27
  AVERAGE         46                        50     -4       44

PRECIPITATION (IN)
  YESTERDAY        0.00          1.95 1988   0.16  -0.16     0.00
  MONTH TO DATE    0.58                      3.43  -2.85     1.96
  SINCE DEC 1     38.23                     47.51  -9.28    43.03
  SINCE JAN 1     35.52                     43.15  -7.63    32.75

SNOWFALL (IN)
  YESTERDAY        0.0
  MONTH TO DATE    0.0
  SINCE SEP 1      0.0
  SINCE JUL 1      0.0
  SNOW DEPTH       0

DEGREE DAYS
 HEATING
  YESTERDAY       19                        15      4       21
  MONTH TO DATE  153                       221    -68      142
  SINCE SEP 1    324                       354    -30      170
  SINCE JUL 1    324                       354    -30      170

 COOLING
  YESTERDAY        0                         0      0        0
  MONTH TO DATE   45                         5     40       16
  SINCE SEP 1    454                       347    107      502
  SINCE JAN 1   2088                      1939    149     2239
..................................................................


WIND (MPH)
  HIGHEST WIND SPEED    15   HIGHEST WIND DIRECTION     S (180)
  HIGHEST GUST SPEED    19   HIGHEST GUST DIRECTION     S (200)
  AVERAGE WIND SPEED     3.3


SKY COVER
  POSSIBLE SUNSHINE  MM
  AVERAGE SKY COVER 0.0


WEATHER CONDITIONS
 THE FOLLOWING WEATHER WAS RECORDED YESTERDAY.
  FOG


RELATIVE HUMIDITY (PERCENT)
 HIGHEST   100          1200 AM
 LOWEST     30           300 PM
 AVERAGE    65

..........................................................


THE DE QUEEN CLIMATE NORMALS FOR TODAY
                         NORMAL    RECORD    YEAR
 MAXIMUM TEMPERATURE (F)   63        80      2007
 MINIMUM TEMPERATURE (F)   37        20      1952


SUNRISE AND SUNSET
NOVEMBER 21 2017......SUNRISE   656 AM CST   SUNSET   511 PM CST
NOVEMBER 22 2017......SUNRISE   657 AM CST   SUNSET   510 PM CST


-  INDICATES NEGATIVE NUMBERS.
R  INDICATES RECORD WAS SET OR TIED.
MM INDICATES DATA IS MISSING.
T  INDICATES TRACE AMOUNT.




$$
