228
CDUS44 KSHV 172251
CLIDEQ


CLIMATE REPORT
NATIONAL WEATHER SERVICE SHREVEPORT, LA
450 PM CST TUE JAN 17 2017


...................................

...THE DE QUEEN CLIMATE SUMMARY FOR JANUARY 17 2017...
VALID TODAY AS OF 0400 PM LOCAL TIME.

CLIMATE NORMAL PERIOD 1981 TO 2010
CLIMATE RECORD PERIOD 1902 TO 2017


WEATHER ITEM   OBSERVED TIME   RECORD YEAR NORMAL DEPARTURE LAST
                VALUE   (LST)  VALUE       VALUE  FROM      YEAR
                                                  NORMAL
..................................................................
TEMPERATURE (F)
 TODAY
  MAXIMUM         54    327 PM  78    1952  53      1       52
  MINIMUM         43    820 AM   6    1977  29     14       23
  AVERAGE         49                        41      8       38

PRECIPITATION (IN)
  TODAY            0.00          1.65 1994   0.11  -0.11     0.00
  MONTH TO DATE    1.40                      1.86  -0.46     0.67
  SINCE DEC 1      4.11                      6.22  -2.11    10.95
  SINCE JAN 1      1.40                      1.86  -0.46     0.67

SNOWFALL (IN)
  TODAY            0.0
  MONTH TO DATE    0.3
  SINCE DEC 1      0.3
  SINCE JUL 1      0.3
  SNOW DEPTH       0

DEGREE DAYS
 HEATING
  TODAY           16                        24     -8       27
  MONTH TO DATE  317                       402    -85      383
  SINCE DEC 1    908                      1085   -177      835
  SINCE JUL 1   1222                      1611   -389     1176

 COOLING
  TODAY            0                         0      0        0
  MONTH TO DATE    3                         0      3        0
  SINCE DEC 1      5                         0      5        3
  SINCE JAN 1      3                         0      3        0
..................................................................


WIND (MPH)
  HIGHEST WIND SPEED     9   HIGHEST WIND DIRECTION    NW (300)
  HIGHEST GUST SPEED    12   HIGHEST GUST DIRECTION     W (270)
  AVERAGE WIND SPEED     4.5


SKY COVER
  POSSIBLE SUNSHINE  MM
  AVERAGE SKY COVER 0.5


WEATHER CONDITIONS
 THE FOLLOWING WEATHER WAS RECORDED TODAY.
  NO SIGNIFICANT WEATHER WAS OBSERVED.


RELATIVE HUMIDITY (PERCENT)
 HIGHEST   100          1200 AM
 LOWEST     64           100 PM
 AVERAGE    82

..........................................................


THE DE QUEEN CLIMATE NORMALS FOR TOMORROW
                         NORMAL    RECORD    YEAR
 MAXIMUM TEMPERATURE (F)   53        74      1950
 MINIMUM TEMPERATURE (F)   29         7      1977


SUNRISE AND SUNSET
JANUARY 17 2017.......SUNRISE   722 AM CST   SUNSET   534 PM CST
JANUARY 18 2017.......SUNRISE   722 AM CST   SUNSET   535 PM CST


-  INDICATES NEGATIVE NUMBERS.
R  INDICATES RECORD WAS SET OR TIED.
MM INDICATES DATA IS MISSING.
T  INDICATES TRACE AMOUNT.




$$
