000
CDUS44 KSHV 060833
CLIDEQ


CLIMATE REPORT
NATIONAL WEATHER SERVICE SHREVEPORT, LA
257 AM CDT FRI MAY 6 2016


...................................

...THE DE QUEEN CLIMATE SUMMARY FOR MAY 5 2016...

CLIMATE NORMAL PERIOD 1981 TO 2010
CLIMATE RECORD PERIOD 1902 TO 2016


WEATHER ITEM   OBSERVED TIME   RECORD YEAR NORMAL DEPARTURE LAST
                VALUE   (LST)  VALUE       VALUE  FROM      YEAR
                                                  NORMAL
..................................................................
TEMPERATURE (F)
 YESTERDAY
  MAXIMUM         79    325 PM  92    1955  78      1       83
  MINIMUM         44    539 AM  37    2013  55    -11       59
  AVERAGE         62                        67     -5       71

PRECIPITATION (IN)
  YESTERDAY        0.00          2.70 1961   0.22  -0.22     0.00
  MONTH TO DATE    0.30                      1.15  -0.85     0.00
  SINCE DEC 1     27.78                     21.08   6.70    17.94
  SINCE JAN 1     17.50                     16.72   0.78    16.22

SNOWFALL (IN)
  YESTERDAY        0.0
  MONTH TO DATE    0.0
  SINCE MAR 1      0.0
  SINCE JUL 1      0.0
  SNOW DEPTH       0

DEGREE DAYS
 HEATING
  YESTERDAY        3                         2      1        0
  MONTH TO DATE   18                        10      8        2
  SINCE MAR 1    361                       540   -179      447
  SINCE JUL 1   2313                      3031   -718     3099

 COOLING
  YESTERDAY        0                         3     -3        6
  MONTH TO DATE    3                        15    -12       13
  SINCE MAR 1     53                        60     -7       61
  SINCE JAN 1     53                        62     -9       61
..................................................................


WIND (MPH)
  HIGHEST WIND SPEED    13   HIGHEST WIND DIRECTION     N (340)
  HIGHEST GUST SPEED    19   HIGHEST GUST DIRECTION    NW (310)
  AVERAGE WIND SPEED     2.1


SKY COVER
  POSSIBLE SUNSHINE  MM
  AVERAGE SKY COVER 0.0


WEATHER CONDITIONS
 THE FOLLOWING WEATHER WAS RECORDED YESTERDAY.
  FOG


RELATIVE HUMIDITY (PERCENT)
 HIGHEST   100           100 AM
 LOWEST     29           200 PM
 AVERAGE    65

..........................................................


THE DE QUEEN CLIMATE NORMALS FOR TODAY
                         NORMAL    RECORD    YEAR
 MAXIMUM TEMPERATURE (F)   79        89      1959
 MINIMUM TEMPERATURE (F)   56        39      2013


SUNRISE AND SUNSET
MAY  6 2016...........SUNRISE   623 AM CDT   SUNSET   806 PM CDT
MAY  7 2016...........SUNRISE   622 AM CDT   SUNSET   807 PM CDT


-  INDICATES NEGATIVE NUMBERS.
R  INDICATES RECORD WAS SET OR TIED.
MM INDICATES DATA IS MISSING.
T  INDICATES TRACE AMOUNT.




$$
