000
CDUS46 KOTX 280836
CLIDEW


CLIMATE REPORT
NATIONAL WEATHER SERVICE SPOKANE, WA
134 AM PDT FRI APR 28 2017


...................................

...THE DEER_PARK WA AIRPORT CLIMATE SUMMARY FOR APRIL 27 2017...

CLIMATE NORMAL PERIOD 1981 TO 2010
CLIMATE RECORD PERIOD 9999 TO 9999


WEATHER ITEM   OBSERVED TIME   RECORD YEAR NORMAL DEPARTURE LAST
                VALUE   (LST)  VALUE       VALUE  FROM      YEAR
                                                  NORMAL
..................................................................
TEMPERATURE (F)
 YESTERDAY
  MAXIMUM         49    206 PM  MM      MM  61    -12       65
  MINIMUM         35   1159 PM  MM      MM  33      2       34
  AVERAGE         42                        47     -5       50

PRECIPITATION (IN)
  YESTERDAY        0.12         MM      MM   0.04   0.08     0.04
  MONTH TO DATE    2.45                      1.46   0.99     0.61
  SINCE OCT 1     25.16                     15.60   9.56    18.80
  SINCE JAN 1     13.72                      7.78   5.94     9.81

DEGREE DAYS
 HEATING
  YESTERDAY       23                        18      5       15
  MONTH TO DATE  588                       553     35      366
  SINCE MAR 1   1416                      1395     21     1107
  SINCE JUL 1   6926                      6760    166     5730

 COOLING
  YESTERDAY        0                         0      0        0
  MONTH TO DATE    0                         0      0        0
  SINCE MAR 1      0                         0      0        0
  SINCE JAN 1      0                         0      0        0
..................................................................


WIND (MPH)
  HIGHEST WIND SPEED    15   HIGHEST WIND DIRECTION     W (250)
  HIGHEST GUST SPEED    21   HIGHEST GUST DIRECTION    SW (220)
  AVERAGE WIND SPEED     6.0


SKY COVER
  POSSIBLE SUNSHINE  MM
  AVERAGE SKY COVER 0.9


WEATHER CONDITIONS
 THE FOLLOWING WEATHER WAS RECORDED YESTERDAY.
  RAIN
  LIGHT RAIN
  FOG


RELATIVE HUMIDITY (PERCENT)
 HIGHEST    92           100 AM
 LOWEST     53          1100 AM
 AVERAGE    73

..........................................................


THE DEER_PARK WA AIRPORT CLIMATE NORMALS FOR TODAY
                         NORMAL    RECORD    YEAR
 MAXIMUM TEMPERATURE (F)   62        MM        MM
 MINIMUM TEMPERATURE (F)   33        MM        MM


SUNRISE AND SUNSET
APRIL 28 2017.........SUNRISE   536 AM PDT   SUNSET   759 PM PDT
APRIL 29 2017.........SUNRISE   534 AM PDT   SUNSET   800 PM PDT


-  INDICATES NEGATIVE NUMBERS.
R  INDICATES RECORD WAS SET OR TIED.
MM INDICATES DATA IS MISSING.
T  INDICATES TRACE AMOUNT.




$$
