000
CDUS46 KOTX 230828
CLIDEW


CLIMATE REPORT
NATIONAL WEATHER SERVICE SPOKANE, WA
127 AM PDT MON OCT 23 2017


...................................

...THE DEER_PARK WA AIRPORT CLIMATE SUMMARY FOR OCTOBER 22 2017...

CLIMATE NORMAL PERIOD 1981 TO 2010
CLIMATE RECORD PERIOD 9999 TO 9999


WEATHER ITEM   OBSERVED TIME   RECORD YEAR NORMAL DEPARTURE LAST
                VALUE   (LST)  VALUE       VALUE  FROM      YEAR
                                                  NORMAL
..................................................................
TEMPERATURE (F)
 YESTERDAY
  MAXIMUM         58    222 PM  MM      MM  54      4       54
  MINIMUM         35   1159 PM  MM      MM  29      6       41
  AVERAGE         47                        42      5       48

PRECIPITATION (IN)
  YESTERDAY        0.17         MM      MM   0.06   0.11     0.03
  MONTH TO DATE    2.23                      1.04   1.19     4.97
  SINCE OCT 1      2.23                      1.04   1.19     4.97
  SINCE JAN 1     20.13                     15.48   4.65    19.54

SNOWFALL (IN)
  YESTERDAY       MM

DEGREE DAYS
 HEATING
  YESTERDAY       18                        23     -5       17
  MONTH TO DATE  454                       426     28      403
  SINCE SEP 1    690                       701    -11      668
  SINCE JUL 1    727                       845   -118      788

 COOLING
  YESTERDAY        0                         0      0        0
  MONTH TO DATE    0                         0      0        0
  SINCE SEP 1     36                        12     24        0
  SINCE JAN 1    305                       187    118      212
..................................................................


WIND (MPH)
  HIGHEST WIND SPEED    30   HIGHEST WIND DIRECTION    SW (210)
  HIGHEST GUST SPEED    38   HIGHEST GUST DIRECTION    SW (210)
  AVERAGE WIND SPEED    15.1


SKY COVER
  POSSIBLE SUNSHINE  MM
  AVERAGE SKY COVER 0.4


WEATHER CONDITIONS
 THE FOLLOWING WEATHER WAS RECORDED YESTERDAY.
  RAIN
  LIGHT RAIN
  FOG


RELATIVE HUMIDITY (PERCENT)
 HIGHEST   100          1200 AM
 LOWEST     43           300 PM
 AVERAGE    72

..........................................................


THE DEER_PARK WA AIRPORT CLIMATE NORMALS FOR TODAY
                         NORMAL    RECORD    YEAR
 MAXIMUM TEMPERATURE (F)   54        MM        MM
 MINIMUM TEMPERATURE (F)   29        MM        MM


SUNRISE AND SUNSET
OCTOBER 23 2017.......SUNRISE   721 AM PDT   SUNSET   546 PM PDT
OCTOBER 24 2017.......SUNRISE   723 AM PDT   SUNSET   544 PM PDT


-  INDICATES NEGATIVE NUMBERS.
R  INDICATES RECORD WAS SET OR TIED.
MM INDICATES DATA IS MISSING.
T  INDICATES TRACE AMOUNT.




$$
