000
CDUS44 KFWD 290649
CLIDFW


CLIMATE REPORT
NATIONAL WEATHER SERVICE FORT WORTH TX
148 AM CDT THU JUN 29 2017


...................................

...THE DALLAS FORT WORTH CLIMATE SUMMARY FOR JUNE 28 2017...

CLIMATE NORMAL PERIOD 1981 TO 2010
CLIMATE RECORD PERIOD 1898 TO 2017


WEATHER ITEM   OBSERVED TIME   RECORD YEAR NORMAL DEPARTURE LAST
                VALUE   (LST)  VALUE       VALUE  FROM      YEAR
                                                  NORMAL
..................................................................
TEMPERATURE (F)
 YESTERDAY
  MAXIMUM         91    349 PM 112    1980  94     -3       98
  MINIMUM         73    542 AM  61    1958  74     -1       78
  AVERAGE         82                        84     -2       88

PRECIPITATION (IN)
  YESTERDAY        0.00          1.20 1984   0.10  -0.10     0.00
  MONTH TO DATE    8.44                      3.59   4.85     3.60
  SINCE JUN 1      8.44                      3.59   4.85     3.60
  SINCE JAN 1     20.30                     19.84   0.46    20.36

DEGREE DAYS
 HEATING
  YESTERDAY        0                         0      0        0
  MONTH TO DATE    0                         0      0        0
  SINCE JUN 1      0                         0      0        0
  SINCE JUL 1   1305                      2284   -979     1592

 COOLING
  YESTERDAY       17                        19     -2       23
  MONTH TO DATE  492                       454     38      533
  SINCE JUN 1    492                       454     38      533
  SINCE JAN 1   1174                       876    298      956
..................................................................


WIND (MPH)
  HIGHEST WIND SPEED    20   HIGHEST WIND DIRECTION     S (160)
  HIGHEST GUST SPEED    25   HIGHEST GUST DIRECTION    SE (140)
  AVERAGE WIND SPEED    10.5


SKY COVER
  POSSIBLE SUNSHINE  MM
  AVERAGE SKY COVER 0.3


WEATHER CONDITIONS
 THE FOLLOWING WEATHER WAS RECORDED YESTERDAY.
  NO SIGNIFICANT WEATHER WAS OBSERVED.


RELATIVE HUMIDITY (PERCENT)
 HIGHEST    93           400 AM
 LOWEST     50           600 PM
 AVERAGE    72

..........................................................


THE DALLAS FORT WORTH CLIMATE NORMALS FOR TODAY
                         NORMAL    RECORD    YEAR
 MAXIMUM TEMPERATURE (F)   94       108      1980
 MINIMUM TEMPERATURE (F)   74        62      1985


SUNRISE AND SUNSET
JUNE 29 2017..........SUNRISE   623 AM CDT   SUNSET   841 PM CDT
JUNE 30 2017..........SUNRISE   623 AM CDT   SUNSET   841 PM CDT


-  INDICATES NEGATIVE NUMBERS.
R  INDICATES RECORD WAS SET OR TIED.
MM INDICATES DATA IS MISSING.
T  INDICATES TRACE AMOUNT.




$$
