000
CDUS44 KFWD 100639
CLIDFW

CLIMATE REPORT
NATIONAL WEATHER SERVICE FORT WORTH TX
135 AM CDT THU JUL 10 2014


...................................

...THE DALLAS FORT WORTH CLIMATE SUMMARY FOR JULY 9 2014...

CLIMATE NORMAL PERIOD 1981 TO 2010
CLIMATE RECORD PERIOD 1898 TO 2014


WEATHER ITEM   OBSERVED TIME   RECORD YEAR NORMAL DEPARTURE LAST
                VALUE   (LST)  VALUE       VALUE  FROM      YEAR
                                                  NORMAL
..................................................................
TEMPERATURE (F)
 YESTERDAY
  MAXIMUM         97    509 PM 106    1980  95      2      100
  MINIMUM         76    600 AM  61    1905  75      1       77
  AVERAGE         87                        85      2       89

PRECIPITATION (IN)
  YESTERDAY        T             0.82 1907   0.09  -0.09     0.00
  MONTH TO DATE    T                         0.82  -0.82     0.00
  SINCE JUN 1      3.26                      4.61  -1.35     2.14
  SINCE JAN 1     10.59                     20.86 -10.27    15.30

DEGREE DAYS
 HEATING
  YESTERDAY        0                         0      0        0
  MONTH TO DATE    0                         0      0        0
  SINCE JUN 1      0                         0      0        0
  SINCE JUL 1      0                         0      0        0

 COOLING
  YESTERDAY       22                        20      2       24
  MONTH TO DATE  178                       175      3      164
  SINCE JUN 1    705                       666     39      702
  SINCE JAN 1   1181                      1088     93     1091
..................................................................


WIND (MPH)
  HIGHEST WIND SPEED    16   HIGHEST WIND DIRECTION     S (200)
  HIGHEST GUST SPEED    20   HIGHEST GUST DIRECTION     S (200)
  AVERAGE WIND SPEED     9.1


SKY COVER
  POSSIBLE SUNSHINE  MM
  AVERAGE SKY COVER 0.7


WEATHER CONDITIONS
 THE FOLLOWING WEATHER WAS RECORDED YESTERDAY.
  NO SIGNIFICANT WEATHER WAS OBSERVED.


RELATIVE HUMIDITY (PERCENT)
 HIGHEST    69           600 AM
 LOWEST     31           600 PM
 AVERAGE    50

..........................................................


THE DALLAS FORT WORTH CLIMATE NORMALS FOR TODAY
                         NORMAL    RECORD    YEAR
 MAXIMUM TEMPERATURE (F)   95       107      1917
 MINIMUM TEMPERATURE (F)   75        56      1905


SUNRISE AND SUNSET
JULY 10 2014..........SUNRISE   628 AM CDT   SUNSET   839 PM CDT
JULY 11 2014..........SUNRISE   628 AM CDT   SUNSET   839 PM CDT


-  INDICATES NEGATIVE NUMBERS.
R  INDICATES RECORD WAS SET OR TIED.
MM INDICATES DATA IS MISSING.
T  INDICATES TRACE AMOUNT.




$$
