000
CDUS44 KFWD 180639
CLIDFW

CLIMATE REPORT
NATIONAL WEATHER SERVICE FORT WORTH TX
140 AM CDT FRI AUG 18 2017

...................................

...THE DALLAS FORT WORTH CLIMATE SUMMARY FOR AUGUST 17 2017...

CLIMATE NORMAL PERIOD 1981 TO 2010
CLIMATE RECORD PERIOD 1898 TO 2017


WEATHER ITEM   OBSERVED TIME   RECORD YEAR NORMAL DEPARTURE LAST
                VALUE   (LST)  VALUE       VALUE  FROM      YEAR
                                                  NORMAL
..................................................................
TEMPERATURE (F)
 YESTERDAY
  MAXIMUM         93    236 PM 107    1951  97     -4       83
  MINIMUM         73    705 AM  63    1992  75     -2       74
  AVERAGE         83                        86     -3       79

PRECIPITATION (IN)
  YESTERDAY        0.17          3.48 1915   0.05   0.12     0.05
  MONTH TO DATE    3.38                      0.91   2.47     0.93
  SINCE JUN 1     15.94                      6.86   9.08     8.42
  SINCE JAN 1     27.80                     23.11   4.69    25.18

DEGREE DAYS
 HEATING
  YESTERDAY        0                         0      0        0
  MONTH TO DATE    0                         0      0        0
  SINCE JUN 1      0                         0      0        0
  SINCE JUL 1      0                         0      0        0

 COOLING
  YESTERDAY       18                        21     -3       14
  MONTH TO DATE  349                       357     -8      400
  SINCE JUN 1   1558                      1479     79     1675
  SINCE JAN 1   2240                      1901    339     2098
..................................................................


WIND (MPH)
  HIGHEST WIND SPEED    30   HIGHEST WIND DIRECTION    NE (30)
  HIGHEST GUST SPEED    38   HIGHEST GUST DIRECTION    NE (30)
  AVERAGE WIND SPEED     9.7


SKY COVER
  POSSIBLE SUNSHINE  MM
  AVERAGE SKY COVER 0.7


WEATHER CONDITIONS
 THE FOLLOWING WEATHER WAS RECORDED YESTERDAY.
  THUNDERSTORM
  RAIN
  LIGHT RAIN
  FOG


RELATIVE HUMIDITY (PERCENT)
 HIGHEST    94           800 AM
 LOWEST     57           500 PM
 AVERAGE    76

..........................................................


THE DALLAS FORT WORTH CLIMATE NORMALS FOR TODAY
                         NORMAL    RECORD    YEAR
 MAXIMUM TEMPERATURE (F)   96       112      1909
 MINIMUM TEMPERATURE (F)   75        65      1992


SUNRISE AND SUNSET
AUGUST 18 2017........SUNRISE   654 AM CDT   SUNSET   810 PM CDT
AUGUST 19 2017........SUNRISE   654 AM CDT   SUNSET   808 PM CDT


-  INDICATES NEGATIVE NUMBERS.
R  INDICATES RECORD WAS SET OR TIED.
MM INDICATES DATA IS MISSING.
T  INDICATES TRACE AMOUNT.

$$
