000
CDUS43 KDDC 300706
CLIDGC


CLIMATE REPORT
NATIONAL WEATHER SERVICE DODGE CITY KS
206 AM CDT TUE MAY 30 2017


...................................

...THE DODGE CITY KS CLIMATE SUMMARY FOR MAY 29 2017...

CLIMATE NORMAL PERIOD 1981 TO 2010
CLIMATE RECORD PERIOD 1875 TO 2017


WEATHER ITEM   OBSERVED TIME   RECORD YEAR NORMAL DEPARTURE LAST
                VALUE   (LST)  VALUE       VALUE  FROM      YEAR
                                                  NORMAL
..................................................................
TEMPERATURE (F)
 YESTERDAY
  MAXIMUM         81    356 PM 106    2011  81      0       81
  MINIMUM         50    508 AM  34    1947  56     -6       56
  AVERAGE         66                        68     -2       69

PRECIPITATION (IN)
  YESTERDAY        0.01          3.45 2001   0.11  -0.10      T
  MONTH TO DATE    4.58                      2.62   1.96     1.60
  SINCE MAR 1     14.82                      6.03   8.79     9.72
  SINCE JAN 1     17.39                      7.29  10.10    10.31

SNOWFALL (IN)
  YESTERDAY        0.0           T    2001   0.0    0.0      0.0
                                      1991
  MONTH TO DATE    0.0                       0.0    0.0      0.0
  SINCE MAR 1      2.5                       6.0   -3.5      0.4
  SINCE JUL 1      7.5                      21.1  -13.6     10.4
  SNOW DEPTH       0

DEGREE DAYS
 HEATING
  YESTERDAY        0                         2     -2        0
  MONTH TO DATE  142                       113     29      161
  SINCE MAR 1    936                      1105   -169      976
  SINCE JUL 1   4170                      4952   -782     4338

 COOLING
  YESTERDAY        1                         5     -4        4
  MONTH TO DATE   50                        79    -29       45
  SINCE MAR 1     91                        98     -7       54
  SINCE JAN 1     91                        98     -7       56
..................................................................


WIND (MPH)
  HIGHEST WIND SPEED    32   HIGHEST WIND DIRECTION     W (250)
  HIGHEST GUST SPEED    42   HIGHEST GUST DIRECTION     W (270)
  AVERAGE WIND SPEED     9.3


SKY COVER
  POSSIBLE SUNSHINE  MM
  AVERAGE SKY COVER 0.1


WEATHER CONDITIONS
 THE FOLLOWING WEATHER WAS RECORDED YESTERDAY.
  THUNDERSTORM
  LIGHT RAIN


RELATIVE HUMIDITY (PERCENT)
 HIGHEST    77           500 AM
 LOWEST     26           300 PM
 AVERAGE    52

..........................................................


THE DODGE CITY KS CLIMATE NORMALS FOR TODAY
                         NORMAL    RECORD    YEAR
 MAXIMUM TEMPERATURE (F)   81       101      1998
 MINIMUM TEMPERATURE (F)   56        41      1889


SUNRISE AND SUNSET
MAY 30 2017...........SUNRISE   620 AM CDT   SUNSET   855 PM CDT
MAY 31 2017...........SUNRISE   620 AM CDT   SUNSET   856 PM CDT


-  INDICATES NEGATIVE NUMBERS.
R  INDICATES RECORD WAS SET OR TIED.
MM INDICATES DATA IS MISSING.
T  INDICATES TRACE AMOUNT.




$$
