000
CDUS45 KCYS 312126
CLIDGW


CLIMATE REPORT
NATIONAL WEATHER SERVICE CHEYENNE WY
326 PM MDT MON AUG 31 2015


...................................

...THE DOUGLAS WY AIRPORT CLIMATE SUMMARY FOR AUGUST 31 2015...
VALID AS OF 0300 PM LOCAL TIME.

CLIMATE NORMAL PERIOD 1981 TO 2010
CLIMATE RECORD PERIOD 1998 TO 2015


WEATHER ITEM   OBSERVED TIME   RECORD YEAR NORMAL DEPARTURE LAST
                VALUE   (LST)  VALUE       VALUE  FROM      YEAR
                                                  NORMAL
..................................................................
TEMPERATURE (F)
 TODAY
  MAXIMUM         86    159 PM  98    2011  83      3       73
  MINIMUM         64    720 AM  34    2005  49     15       47
  AVERAGE         75                        66      9       60

PRECIPITATION (IN)
  TODAY            0.00          0.25 2014   0.05  -0.05     0.25
  MONTH TO DATE    0.51                      1.14  -0.63     1.70
  SINCE JAN 1     11.86                     10.05   1.81    10.68

DEGREE DAYS
 HEATING
  TODAY            0                         2     -2        5
  MONTH TO DATE   35                        27      8       23
  SINCE JUN 1     70                       151    -81      180
  SINCE JUL 1     48                        41      7       37

 COOLING
  TODAY           10                         3      7        0
  MONTH TO DATE  193                       176     17      139
  SINCE JUN 1    431                       452    -21      372
  SINCE JAN 1    432                       458    -26      377
..................................................................


WIND (MPH)
  HIGHEST WIND SPEED    23   HIGHEST WIND DIRECTION     W (260)
  HIGHEST GUST SPEED    31   HIGHEST GUST DIRECTION     W (260)
  AVERAGE WIND SPEED     8.6


SKY COVER
  AVERAGE SKY COVER 0.0


WEATHER CONDITIONS
 THE FOLLOWING WEATHER WAS RECORDED TODAY.
  NO SIGNIFICANT WEATHER WAS OBSERVED.


RELATIVE HUMIDITY (PERCENT)
 HIGHEST    45           600 AM
 LOWEST     21           200 PM
 AVERAGE    33

..........................................................


THE DOUGLAS WY AIRPORT CLIMATE NORMALS FOR TOMORROW
                         NORMAL    RECORD    YEAR
 MAXIMUM TEMPERATURE (F)   82        93      2012
                                             2007
                                             2004
 MINIMUM TEMPERATURE (F)   48        39      2006
                                             2005


SUNRISE AND SUNSET
AUGUST 31 2015........SUNRISE   625 AM MDT   SUNSET   738 PM MDT
SEPTEMBER  1 2015.....SUNRISE   626 AM MDT   SUNSET   736 PM MDT


-  INDICATES NEGATIVE NUMBERS.
R  INDICATES RECORD WAS SET OR TIED.
MM INDICATES DATA IS MISSING.
T  INDICATES TRACE AMOUNT.




$$
