000
CDUS45 KCYS 280736
CLIDGW


CLIMATE REPORT
NATIONAL WEATHER SERVICE CHEYENNE WY
136 AM MDT MON JUL 28 2014


...................................

...THE DOUGLAS WY AIRPORT CLIMATE SUMMARY FOR JULY 27 2014...

CLIMATE NORMAL PERIOD 1981 TO 2010
CLIMATE RECORD PERIOD 1998 TO 2014


WEATHER ITEM   OBSERVED TIME   RECORD YEAR NORMAL DEPARTURE LAST
                VALUE   (LST)  VALUE       VALUE  FROM      YEAR
                                                  NORMAL
..................................................................
TEMPERATURE (F)
 YESTERDAY
  MAXIMUM         86    339 PM  99    2012  89     -3       78
                                      2008
  MINIMUM         49    514 AM  48    2005  55     -6       55
  AVERAGE         68                        72     -4       67

PRECIPITATION (IN)
  YESTERDAY        0.00          0.04 2009   0.04  -0.04     0.01
  MONTH TO DATE    1.96                      1.22   0.74     0.23
  SINCE JAN 1      8.79                      8.77   0.02     5.42

DEGREE DAYS
 HEATING
  YESTERDAY        0                         0      0        0
  MONTH TO DATE   14                         9      5        0
  SINCE JUN 1    157                       119     38       56
  SINCE JUL 1     14                         9      5        0

 COOLING
  YESTERDAY        3                         8     -5        2
  MONTH TO DATE  192                       175     17      255
  SINCE JUN 1    219                       246    -27      361
  SINCE JAN 1    224                       252    -28      377
..................................................................


WIND (MPH)
  HIGHEST WIND SPEED    16   HIGHEST WIND DIRECTION     E (110)
  HIGHEST GUST SPEED    21   HIGHEST GUST DIRECTION    SE (120)
  AVERAGE WIND SPEED     6.9


SKY COVER
  AVERAGE SKY COVER 0.1


WEATHER CONDITIONS
 THE FOLLOWING WEATHER WAS RECORDED YESTERDAY.
  NO SIGNIFICANT WEATHER WAS OBSERVED.


RELATIVE HUMIDITY (PERCENT)
 HIGHEST    66           500 AM
 LOWEST     27           200 PM
 AVERAGE    47

..........................................................


THE DOUGLAS WY AIRPORT CLIMATE NORMALS FOR TODAY
                         NORMAL    RECORD    YEAR
 MAXIMUM TEMPERATURE (F)   89       104      2006
 MINIMUM TEMPERATURE (F)   55        50      2004
                                             2000


SUNRISE AND SUNSET
JULY 28 2014..........SUNRISE   549 AM MDT   SUNSET   826 PM MDT
JULY 29 2014..........SUNRISE   550 AM MDT   SUNSET   825 PM MDT


-  INDICATES NEGATIVE NUMBERS.
R  INDICATES RECORD WAS SET OR TIED.
MM INDICATES DATA IS MISSING.
T  INDICATES TRACE AMOUNT.




$$
