000
CDUS45 KCYS 280326
CLIDGW


CLIMATE REPORT
NATIONAL WEATHER SERVICE CHEYENNE WY
926 PM MDT MON JUL 27 2015


...................................

...THE DOUGLAS WY AIRPORT CLIMATE SUMMARY FOR JULY 27 2015...
VALID TODAY AS OF 0900 PM LOCAL TIME.

CLIMATE NORMAL PERIOD 1981 TO 2010
CLIMATE RECORD PERIOD 1998 TO 2015


WEATHER ITEM   OBSERVED TIME   RECORD YEAR NORMAL DEPARTURE LAST
                VALUE   (LST)  VALUE       VALUE  FROM      YEAR
                                                  NORMAL
..................................................................
TEMPERATURE (F)
 TODAY
  MAXIMUM         97    135 PM  99    2012  89      8       86
                                      2008
  MINIMUM         62    601 AM  48    2005  55      7       49
  AVERAGE         80                        72      8       68

PRECIPITATION (IN)
  TODAY            0.01          0.04 2009   0.04  -0.03     0.00
  MONTH TO DATE    0.90                      1.22  -0.32     1.96
  SINCE JAN 1     11.43                      8.77   2.66     8.79

DEGREE DAYS
 HEATING
  TODAY            0                         0      0        0
  MONTH TO DATE   11                         9      2       14
  SINCE JUN 1     33                       119    -86      157
  SINCE JUL 1     11                         9      2       14

 COOLING
  TODAY           15                         8      7        3
  MONTH TO DATE  148                       175    -27      192
  SINCE JUN 1    232                       246    -14      219
  SINCE JAN 1    233                       252    -19      224
..................................................................


WIND (MPH)
  HIGHEST WIND SPEED    33   HIGHEST WIND DIRECTION     W (270)
  HIGHEST GUST SPEED    47   HIGHEST GUST DIRECTION     W (260)
  AVERAGE WIND SPEED    13.9


SKY COVER
  AVERAGE SKY COVER 0.1


WEATHER CONDITIONS
 THE FOLLOWING WEATHER WAS RECORDED TODAY.
  THUNDERSTORM
  LIGHT RAIN


RELATIVE HUMIDITY (PERCENT)
 HIGHEST    78           600 AM
 LOWEST     15          1200 PM
 AVERAGE    47

..........................................................


THE DOUGLAS WY AIRPORT CLIMATE NORMALS FOR TOMORROW
                         NORMAL    RECORD    YEAR
 MAXIMUM TEMPERATURE (F)   89       104      2006
 MINIMUM TEMPERATURE (F)   55        50      2004
                                             2000


SUNRISE AND SUNSET
JULY 27 2015..........SUNRISE   548 AM MDT   SUNSET   828 PM MDT
JULY 28 2015..........SUNRISE   549 AM MDT   SUNSET   827 PM MDT


-  INDICATES NEGATIVE NUMBERS.
R  INDICATES RECORD WAS SET OR TIED.
MM INDICATES DATA IS MISSING.
T  INDICATES TRACE AMOUNT.




$$
