000
CDUS45 KCYS 030730
CLIDGW


CLIMATE REPORT
NATIONAL WEATHER SERVICE CHEYENNE WY
129 AM MDT WED JUN 3 2015


...................................

...THE DOUGLAS WY AIRPORT CLIMATE SUMMARY FOR JUNE 2 2015...

CLIMATE NORMAL PERIOD 1981 TO 2010
CLIMATE RECORD PERIOD 1998 TO 2015


WEATHER ITEM   OBSERVED TIME   RECORD YEAR NORMAL DEPARTURE LAST
                VALUE   (LST)  VALUE       VALUE  FROM      YEAR
                                                  NORMAL
..................................................................
TEMPERATURE (F)
 YESTERDAY
  MAXIMUM         80    501 PM  90    2006  74      6       73
                                      2002
  MINIMUM         52    513 AM  MM      MM  44      8       39
  AVERAGE         66                        59      7       56

PRECIPITATION (IN)
  YESTERDAY        0.17          0.60 2003   0.08   0.09     0.00
  MONTH TO DATE    0.23                      0.16   0.07     0.17
  SINCE JAN 1      8.23                      5.80   2.43     5.94

DEGREE DAYS
 HEATING
  YESTERDAY        0                         7     -7        9
  MONTH TO DATE    0                        14    -14       17
  SINCE JUN 1      0                        14    -14       17
  SINCE JUL 1   6823                      7345   -522     7490

 COOLING
  YESTERDAY        1                         1      0        0
  MONTH TO DATE    3                         2      1        0
  SINCE JUN 1      3                         2      1        0
  SINCE JAN 1      4                         8     -4        5
..................................................................


WIND (MPH)
  HIGHEST WIND SPEED    35   HIGHEST WIND DIRECTION     W (280)
  HIGHEST GUST SPEED    43   HIGHEST GUST DIRECTION     W (270)
  AVERAGE WIND SPEED     4.0


SKY COVER
  AVERAGE SKY COVER 0.0


WEATHER CONDITIONS
 THE FOLLOWING WEATHER WAS RECORDED YESTERDAY.
  THUNDERSTORM
  HEAVY RAIN
  RAIN
  LIGHT RAIN


RELATIVE HUMIDITY (PERCENT)
 HIGHEST    83           500 AM
 LOWEST     35          1200 PM
 AVERAGE    59

..........................................................


THE DOUGLAS WY AIRPORT CLIMATE NORMALS FOR TODAY
                         NORMAL    RECORD    YEAR
 MAXIMUM TEMPERATURE (F)   75        89      2000
 MINIMUM TEMPERATURE (F)   44        38      2011


SUNRISE AND SUNSET
JUNE  3 2015..........SUNRISE   525 AM MDT   SUNSET   835 PM MDT
JUNE  4 2015..........SUNRISE   525 AM MDT   SUNSET   835 PM MDT


-  INDICATES NEGATIVE NUMBERS.
R  INDICATES RECORD WAS SET OR TIED.
MM INDICATES DATA IS MISSING.
T  INDICATES TRACE AMOUNT.




$$
