000
CDUS45 KCYS 030753
CLIDGW


CLIMATE REPORT
NATIONAL WEATHER SERVICE CHEYENNE WY
153 AM MDT FRI JUL 3 2015


...................................

...THE DOUGLAS WY AIRPORT CLIMATE SUMMARY FOR JULY 2 2015...

CLIMATE NORMAL PERIOD 1981 TO 2010
CLIMATE RECORD PERIOD 1998 TO 2015


WEATHER ITEM   OBSERVED TIME   RECORD YEAR NORMAL DEPARTURE LAST
                VALUE   (LST)  VALUE       VALUE  FROM      YEAR
                                                  NORMAL
..................................................................
TEMPERATURE (F)
 YESTERDAY
  MAXIMUM         82    352 PM  97    2007  86     -4       82
                                      2005
  MINIMUM         60    529 AM  40    2014  52      8       40
  AVERAGE         71                        69      2       61

PRECIPITATION (IN)
  YESTERDAY        0.12          0.28 2008   0.05   0.07     0.00
  MONTH TO DATE    0.31                      0.11   0.20     0.00
  SINCE JAN 1     10.84                      7.66   3.18     6.83

DEGREE DAYS
 HEATING
  YESTERDAY        0                         1     -1        4
  MONTH TO DATE    0                         2     -2        9
  SINCE JUN 1     22                       112    -90      152
  SINCE JUL 1      0                         2     -2        9

 COOLING
  YESTERDAY        6                         5      1        0
  MONTH TO DATE   15                        10      5        0
  SINCE JUN 1     99                        81     18       27
  SINCE JAN 1    100                        87     13       32
..................................................................


WIND (MPH)
  HIGHEST WIND SPEED    18   HIGHEST WIND DIRECTION     E (70)
  HIGHEST GUST SPEED    23   HIGHEST GUST DIRECTION     E (70)
  AVERAGE WIND SPEED     7.2


SKY COVER
  AVERAGE SKY COVER 0.3


WEATHER CONDITIONS
 THE FOLLOWING WEATHER WAS RECORDED YESTERDAY.
  THUNDERSTORM
  HEAVY RAIN
  LIGHT RAIN
  FOG


RELATIVE HUMIDITY (PERCENT)
 HIGHEST    97           400 AM
 LOWEST     36          1200 PM
 AVERAGE    67

..........................................................


THE DOUGLAS WY AIRPORT CLIMATE NORMALS FOR TODAY
                         NORMAL    RECORD    YEAR
 MAXIMUM TEMPERATURE (F)   86       100      2012
 MINIMUM TEMPERATURE (F)   52        44      2004


SUNRISE AND SUNSET
JULY  3 2015..........SUNRISE   528 AM MDT   SUNSET   843 PM MDT
JULY  4 2015..........SUNRISE   529 AM MDT   SUNSET   843 PM MDT


-  INDICATES NEGATIVE NUMBERS.
R  INDICATES RECORD WAS SET OR TIED.
MM INDICATES DATA IS MISSING.
T  INDICATES TRACE AMOUNT.




$$
