000
CDUS45 KCYS 290336
CLIDGW


CLIMATE REPORT
NATIONAL WEATHER SERVICE CHEYENNE WY
936 PM MDT SUN AUG 28 2016


...................................

...THE DOUGLAS WY AIRPORT CLIMATE SUMMARY FOR AUGUST 28 2016...
VALID TODAY AS OF 0900 PM LOCAL TIME.

CLIMATE NORMAL PERIOD 1981 TO 2010
CLIMATE RECORD PERIOD 1998 TO 2016


WEATHER ITEM   OBSERVED TIME   RECORD YEAR NORMAL DEPARTURE LAST
                VALUE   (LST)  VALUE       VALUE  FROM      YEAR
                                                  NORMAL
..................................................................
TEMPERATURE (F)
 TODAY
  MAXIMUM         89    344 PM  98    2012  84      5       88
  MINIMUM         42    547 AM  34    2004  50     -8       58
  AVERAGE         66                        67     -1       73

PRECIPITATION (IN)
  TODAY            0.00          0.81   MM   0.04  -0.04     0.00
  MONTH TO DATE    0.85                      1.01  -0.16     0.51
  SINCE JAN 1      8.05                      9.92  -1.87    11.86

DEGREE DAYS
 HEATING
  TODAY            0                         2     -2        0
  MONTH TO DATE   45                        21     24       35
  SINCE JUN 1     45                       146   -101       70
  SINCE JUL 1     45                        36      9       48

 COOLING
  TODAY            1                         4     -3        8
  MONTH TO DATE  137                       166    -29      166
  SINCE JUN 1    171                       442   -271      404
  SINCE JAN 1    171                       448   -277      405
..................................................................


WIND (MPH)
  HIGHEST WIND SPEED    21   HIGHEST WIND DIRECTION     W (290)
  HIGHEST GUST SPEED    26   HIGHEST GUST DIRECTION     W (280)
  AVERAGE WIND SPEED     6.4


SKY COVER
  AVERAGE SKY COVER 0.0


WEATHER CONDITIONS
 THE FOLLOWING WEATHER WAS RECORDED TODAY.
  NO SIGNIFICANT WEATHER WAS OBSERVED.


RELATIVE HUMIDITY (PERCENT)
 HIGHEST    76           600 AM
 LOWEST      9           500 PM
 AVERAGE    43

..........................................................


THE DOUGLAS WY AIRPORT CLIMATE NORMALS FOR TOMORROW
                         NORMAL    RECORD    YEAR
 MAXIMUM TEMPERATURE (F)   84       100      2012
 MINIMUM TEMPERATURE (F)   49        43      2009
                                             2004


SUNRISE AND SUNSET
AUGUST 28 2016........SUNRISE   622 AM MDT   SUNSET   742 PM MDT
AUGUST 29 2016........SUNRISE   624 AM MDT   SUNSET   740 PM MDT


-  INDICATES NEGATIVE NUMBERS.
R  INDICATES RECORD WAS SET OR TIED.
MM INDICATES DATA IS MISSING.
T  INDICATES TRACE AMOUNT.




$$
