588
CDUS45 KCYS 252128
CLIDGW


CLIMATE REPORT
NATIONAL WEATHER SERVICE CHEYENNE WY
327 PM MDT SUN SEP 25 2016


...................................

...THE DOUGLAS WY AIRPORT CLIMATE SUMMARY FOR SEPTEMBER 25 2016...
VALID AS OF 0300 PM LOCAL TIME.

CLIMATE NORMAL PERIOD 1981 TO 2010
CLIMATE RECORD PERIOD 1998 TO 2016


WEATHER ITEM   OBSERVED TIME   RECORD YEAR NORMAL DEPARTURE LAST
                VALUE   (LST)  VALUE       VALUE  FROM      YEAR
                                                  NORMAL
..................................................................
TEMPERATURE (F)
 TODAY
  MAXIMUM         65    152 PM  93    2014  70     -5       88
  MINIMUM         44    637 AM  14    2000  37      7       48
  AVERAGE         55                        54      1       68

PRECIPITATION (IN)
  TODAY            0.00          0.18 2005   0.04  -0.04     0.00
  MONTH TO DATE    0.82                      1.03  -0.21     0.11
  SINCE JAN 1      9.02                     11.08  -2.06    11.97

DEGREE DAYS
 HEATING
  TODAY           10                        11     -1        0
  MONTH TO DATE  145                       165    -20       53
  SINCE SEP 1    145                       165    -20       53
  SINCE JUL 1    190                       206    -16      101

 COOLING
  TODAY            0                         0      0        3
  MONTH TO DATE   29                        27      2       65
  SINCE SEP 1     29                        27      2       65
  SINCE JAN 1    209                       485   -276      495
..................................................................


WIND (MPH)
  HIGHEST WIND SPEED    24   HIGHEST WIND DIRECTION     W (290)
  HIGHEST GUST SPEED    29   HIGHEST GUST DIRECTION     W (290)
  AVERAGE WIND SPEED    12.0


SKY COVER
  AVERAGE SKY COVER 0.7


WEATHER CONDITIONS
 THE FOLLOWING WEATHER WAS RECORDED TODAY.
  NO SIGNIFICANT WEATHER WAS OBSERVED.


RELATIVE HUMIDITY (PERCENT)
 HIGHEST    83           700 AM
 LOWEST     31           200 PM
 AVERAGE    57

..........................................................


THE DOUGLAS WY AIRPORT CLIMATE NORMALS FOR TOMORROW
                         NORMAL    RECORD    YEAR
 MAXIMUM TEMPERATURE (F)   70        93      2015
                                             2014
                                             2010
 MINIMUM TEMPERATURE (F)   37        24      2000


SUNRISE AND SUNSET
SEPTEMBER 25 2016.....SUNRISE   653 AM MDT   SUNSET   652 PM MDT
SEPTEMBER 26 2016.....SUNRISE   654 AM MDT   SUNSET   651 PM MDT


-  INDICATES NEGATIVE NUMBERS.
R  INDICATES RECORD WAS SET OR TIED.
MM INDICATES DATA IS MISSING.
T  INDICATES TRACE AMOUNT.




$$
