000
CDUS45 KCYS 250740
CLIDGW


CLIMATE REPORT
NATIONAL WEATHER SERVICE CHEYENNE WY
138 AM MDT FRI APR 25 2014


...................................

...THE DOUGLAS WY AIRPORT CLIMATE SUMMARY FOR APRIL 24 2014...

CLIMATE NORMAL PERIOD 1981 TO 2010
CLIMATE RECORD PERIOD 1998 TO 2014


WEATHER ITEM   OBSERVED TIME   RECORD YEAR NORMAL DEPARTURE LAST
                VALUE   (LST)  VALUE       VALUE  FROM      YEAR
                                                  NORMAL
..................................................................
TEMPERATURE (F)
 YESTERDAY
  MAXIMUM         64    327 PM  87    2012  60      4       49
  MINIMUM         25    527 AM  20    2013  32     -7       20
  AVERAGE         45                        46     -1       35

PRECIPITATION (IN)
  YESTERDAY        0.00          0.65 2003   0.06  -0.06     0.00
  MONTH TO DATE    0.73                      1.12  -0.39     1.85
  SINCE JAN 1      2.97                      2.76   0.21     2.82

DEGREE DAYS
 HEATING
  YESTERDAY       20                        19      1       30
  MONTH TO DATE  510                       531    -21      724
  SINCE MAR 1   1402                      1449    -47     1637
  SINCE JUL 1   6992                      6849    143     6668

 COOLING
  YESTERDAY        0                         0      0        0
  MONTH TO DATE    0                         0      0        0
  SINCE MAR 1      0                         0      0        0
  SINCE JAN 1      0                         0      0        0
..................................................................


WIND (MPH)
  HIGHEST WIND SPEED    30   HIGHEST WIND DIRECTION     W (270)
  HIGHEST GUST SPEED    39   HIGHEST GUST DIRECTION     W (270)
  AVERAGE WIND SPEED    14.4


SKY COVER
  AVERAGE SKY COVER 0.0


WEATHER CONDITIONS
 THE FOLLOWING WEATHER WAS RECORDED YESTERDAY.
  NO SIGNIFICANT WEATHER WAS OBSERVED.


RELATIVE HUMIDITY (PERCENT)
 HIGHEST    72           100 AM
 LOWEST     19          1200 PM
 AVERAGE    46

..........................................................


THE DOUGLAS WY AIRPORT CLIMATE NORMALS FOR TODAY
                         NORMAL    RECORD    YEAR
 MAXIMUM TEMPERATURE (F)   61        77      2012
 MINIMUM TEMPERATURE (F)   32        19      2002


SUNRISE AND SUNSET
APRIL 25 2014.........SUNRISE   604 AM MDT   SUNSET   755 PM MDT
APRIL 26 2014.........SUNRISE   603 AM MDT   SUNSET   756 PM MDT


-  INDICATES NEGATIVE NUMBERS.
R  INDICATES RECORD WAS SET OR TIED.
MM INDICATES DATA IS MISSING.
T  INDICATES TRACE AMOUNT.




$$
