000
CDUS44 KTAE 200635
CLIDHN


CLIMATE REPORT
NATIONAL WEATHER SERVICE TALLAHASSEE FL
231 AM EDT WED SEP 20 2017


...................................

...THE DOTHAN CLIMATE SUMMARY FOR SEPTEMBER 19 2017...

CLIMATE NORMAL PERIOD 1981 TO 2010
CLIMATE RECORD PERIOD 1965 TO 2017


WEATHER ITEM   OBSERVED TIME   NORMAL DEPARTURE LAST
                VALUE   (LST)  VALUE  FROM      YEAR
                                      NORMAL
......................................................
TEMPERATURE (F)
 YESTERDAY
  MAXIMUM         92    242 PM  87      5       92
  MINIMUM         70    637 AM  65      5       72
  AVERAGE         81            76      5       82

PRECIPITATION (IN)
  YESTERDAY        0.05          0.09  -0.04     0.01
  MONTH TO DATE    2.83          2.59   0.24     0.76
  SINCE SEP 1      2.83          2.59   0.24     0.76
  SINCE JAN 1     44.08         40.98   3.10    43.99

SNOWFALL (IN)
  YESTERDAY        0.0

DEGREE DAYS
 HEATING
  YESTERDAY        0             0      0        0
  MONTH TO DATE    4             0      4        0
  SINCE SEP 1      4             0      4        0
  SINCE JUL 1      4             0      4        0

 COOLING
  YESTERDAY       16            11      5       17
  MONTH TO DATE  204           247    -43      269
  SINCE SEP 1    204           247    -43      269
  SINCE JAN 1   2262          2127    135     2337
......................................................


WIND (MPH)
  HIGHEST WIND SPEED    22   HIGHEST WIND DIRECTION     N (350)
  HIGHEST GUST SPEED    27   HIGHEST GUST DIRECTION     N (340)
  AVERAGE WIND SPEED     4.6








-  INDICATES NEGATIVE NUMBERS.
R  INDICATES RECORD WAS SET OR TIED.
MM INDICATES DATA IS MISSING.
T  INDICATES TRACE AMOUNT.




$$
