000
CDUS44 KTAE 100643
CLIDHN


CLIMATE REPORT
NATIONAL WEATHER SERVICE TALLAHASSEE FL
239 AM EDT THU JUL 10 2014


...................................

...THE DOTHAN CLIMATE SUMMARY FOR JULY 9 2014...

CLIMATE NORMAL PERIOD 1981 TO 2010
CLIMATE RECORD PERIOD 1965 TO 2014


WEATHER ITEM   OBSERVED TIME   NORMAL DEPARTURE LAST
                VALUE   (LST)  VALUE  FROM      YEAR
                                      NORMAL
......................................................
TEMPERATURE (F)
 YESTERDAY
  MAXIMUM         96    255 PM  92      4       90
  MINIMUM         71   1152 PM  72     -1       71
  AVERAGE         84            82      2       81

PRECIPITATION (IN)
  YESTERDAY        T             0.20  -0.20     0.00
  MONTH TO DATE    T             1.88  -1.88     8.42
  SINCE JUN 1      2.48          7.48  -5.00    13.01
  SINCE JAN 1     32.55         29.84   2.71    40.31

SNOWFALL (IN)
  YESTERDAY        0.0

DEGREE DAYS
 COOLING
  YESTERDAY       19            17      2       16
  MONTH TO DATE  162           152     10      112
  SINCE JUN 1    636           596     40      572
  SINCE JAN 1   1021          1009     12      944
......................................................










-  INDICATES NEGATIVE NUMBERS.
R  INDICATES RECORD WAS SET OR TIED.
MM INDICATES DATA IS MISSING.
T  INDICATES TRACE AMOUNT.




$$
