000
CDUS44 KTAE 220642
CLIDHN


CLIMATE REPORT
NATIONAL WEATHER SERVICE TALLAHASSEE FL
241 AM EDT TUE JUL 22 2014


...................................

...THE DOTHAN CLIMATE SUMMARY FOR JULY 21 2014...

CLIMATE NORMAL PERIOD 1981 TO 2010
CLIMATE RECORD PERIOD 1965 TO 2014


WEATHER ITEM   OBSERVED TIME   NORMAL DEPARTURE LAST
                VALUE   (LST)  VALUE  FROM      YEAR
                                      NORMAL
......................................................
TEMPERATURE (F)
 YESTERDAY
  MAXIMUM         81    233 PM  92    -11       88
  MINIMUM         73   1159 PM  72      1       73
  AVERAGE         77            82     -5       81

PRECIPITATION (IN)
  YESTERDAY        0.03          0.17  -0.14     0.57
  MONTH TO DATE    1.97          4.03  -2.06    13.98
  SINCE JUN 1      4.45          9.63  -5.18    18.57
  SINCE JAN 1     34.52         31.99   2.53    45.87

SNOWFALL (IN)
  YESTERDAY        0.0

DEGREE DAYS
 COOLING
  YESTERDAY       12            17     -5       16
  MONTH TO DATE  344           356    -12      292
  SINCE JUN 1    818           800     18      752
  SINCE JAN 1   1203          1213    -10     1124
......................................................










-  INDICATES NEGATIVE NUMBERS.
R  INDICATES RECORD WAS SET OR TIED.
MM INDICATES DATA IS MISSING.
T  INDICATES TRACE AMOUNT.




$$
