000
CDUS44 KTAE 010652
CLIDHN


CLIMATE REPORT
NATIONAL WEATHER SERVICE TALLAHASSEE FL
152 AM EST SUN MAR 1 2015


...................................

...THE DOTHAN CLIMATE SUMMARY FOR FEBRUARY 28 2015...

CLIMATE NORMAL PERIOD 1981 TO 2010
CLIMATE RECORD PERIOD 1965 TO 2015


WEATHER ITEM   OBSERVED TIME   NORMAL DEPARTURE LAST
                VALUE   (LST)  VALUE  FROM      YEAR
                                      NORMAL
......................................................
TEMPERATURE (F)
 YESTERDAY
  MAXIMUM         52    157 PM  68    -16       61
  MINIMUM         39    534 AM  44     -5       29
  AVERAGE         46            56    -10       45

PRECIPITATION (IN)
  YESTERDAY        0.02          0.16  -0.14     0.00
  MONTH TO DATE    3.72          4.77  -1.05     4.80
  SINCE DEC 1     12.11         13.79  -1.68    16.37
  SINCE JAN 1      6.67          9.40  -2.73     7.73

SNOWFALL (IN)
  YESTERDAY        0.0

DEGREE DAYS
 HEATING
  YESTERDAY       19            10      9       20
  MONTH TO DATE  450           344    106      328
  SINCE DEC 1   1266          1282    -16     1365
  SINCE JUL 1   1687          1559    128     1665
......................................................


WIND (MPH)
  HIGHEST WIND SPEED    17   HIGHEST WIND DIRECTION     E (90)
  HIGHEST GUST SPEED    23   HIGHEST GUST DIRECTION    NE (60)
  AVERAGE WIND SPEED    10.7








-  INDICATES NEGATIVE NUMBERS.
R  INDICATES RECORD WAS SET OR TIED.
MM INDICATES DATA IS MISSING.
T  INDICATES TRACE AMOUNT.




$$
