000
CDUS44 KAMA 282128
CLIDHT


CLIMATE REPORT
NATIONAL WEATHER SERVICE AMARILLO TX
427 PM CDT THU JUL 28 2016


...................................

...THE DALHART CLIMATE SUMMARY FOR JULY 28 2016...
VALID TODAY AS OF 0427 PM LOCAL TIME.

CLIMATE NORMAL PERIOD 1981 TO 2010
CLIMATE RECORD PERIOD 1948 TO 2016


WEATHER ITEM   OBSERVED TIME   RECORD YEAR NORMAL DEPARTURE LAST
                VALUE   (LST)  VALUE       VALUE  FROM      YEAR
                                                  NORMAL
..................................................................
TEMPERATURE (F)
 TODAY
  MAXIMUM         99    322 PM 103    1995  91      8       94
  MINIMUM         62    611 AM  49    2005  62      0       65
  AVERAGE         81                        77      4       80

PRECIPITATION (IN)
  TODAY            0.00          1.45 1962   0.10  -0.10     0.15
  MONTH TO DATE    1.49                      2.49  -1.00     2.73
  SINCE JUN 1      3.50                      4.79  -1.29     3.58
  SINCE JAN 1     10.72                     10.20   0.52    10.29

SNOWFALL (IN)
  TODAY            0.0           0.0    MM   0.0    0.0      0.0
  MONTH TO DATE    0.0                       0.0    0.0      0.0
  SINCE JUN 1      0.0                       0.0    0.0      0.0
  SINCE JUL 1      0.0                       0.0    0.0      0.0
  SNOW DEPTH       0

DEGREE DAYS
 HEATING
  TODAY            0                         0      0        0
  MONTH TO DATE    0                         0      0        0
  SINCE JUN 1      0                        12    -12        0
  SINCE JUL 1      0                         0      0        0

 COOLING
  TODAY           16                        12      4       15
  MONTH TO DATE  486                       332    154      432
  SINCE JUN 1    836                       572    264      765
  SINCE JAN 1    882                       644    238      787
..................................................................


WIND (MPH)
  RESULTANT WIND SPEED   2   RESULTANT WIND DIRECTION   S (170)
  HIGHEST WIND SPEED    18   HIGHEST WIND DIRECTION     S (200)
  HIGHEST GUST SPEED    22   HIGHEST GUST DIRECTION    SW (210)
  AVERAGE WIND SPEED     9.1


SKY COVER
  AVERAGE SKY COVER 0.0


WEATHER CONDITIONS
 THE FOLLOWING WEATHER WAS RECORDED TODAY.
  NO SIGNIFICANT WEATHER WAS OBSERVED.


RELATIVE HUMIDITY (PERCENT)
 HIGHEST    78           700 AM
 LOWEST     18           300 PM
 AVERAGE    48

..........................................................


THE DALHART CLIMATE NORMALS FOR TOMORROW
                         NORMAL    RECORD    YEAR
 MAXIMUM TEMPERATURE (F)   91       102      2012
 MINIMUM TEMPERATURE (F)   62        51      2005


SUNRISE AND SUNSET
JULY 28 2016..........SUNRISE   655 AM CDT   SUNSET   858 PM CDT
JULY 29 2016..........SUNRISE   656 AM CDT   SUNSET   857 PM CDT


-  INDICATES NEGATIVE NUMBERS.
R  INDICATES RECORD WAS SET OR TIED.
MM INDICATES DATA IS MISSING.
T  INDICATES TRACE AMOUNT.




$$
