000
CDUS44 KAMA 210729
CLIDHT


CLIMATE REPORT
NATIONAL WEATHER SERVICE AMARILLO TX
128 AM CST SUN JAN 21 2018


...................................

...THE DALHART CLIMATE SUMMARY FOR JANUARY 20 2018...

CLIMATE NORMAL PERIOD 1981 TO 2010
CLIMATE RECORD PERIOD 1948 TO 2018


WEATHER ITEM   OBSERVED TIME   RECORD YEAR NORMAL DEPARTURE LAST
                VALUE   (LST)  VALUE       VALUE  FROM      YEAR
                                                  NORMAL
..................................................................
TEMPERATURE (F)
 YESTERDAY
  MAXIMUM         74    337 PM  78    1986  50     24       58
  MINIMUM         30    831 AM  -6    1960  19     11       28
  AVERAGE         52                        35     17       43

PRECIPITATION (IN)
  YESTERDAY        0.00          0.66 2007   0.02  -0.02      T
  MONTH TO DATE    T                         0.30  -0.30     0.90
  SINCE DEC 1      T                         0.84  -0.84     1.10
  SINCE JAN 1      T                         0.30  -0.30     0.90

SNOWFALL (IN)
  YESTERDAY        0.0           8.0  2007   0.1   -0.1      0.0
  MONTH TO DATE    0.0                       2.5   -2.5      0.0
  SINCE DEC 1      T                         6.8   -6.8      1.3
  SINCE JUL 1      2.3                       8.7   -6.4      1.3
  SNOW DEPTH       0

DEGREE DAYS
 HEATING
  YESTERDAY       13                        30    -17       22
  MONTH TO DATE  608                       611     -3      555
  SINCE DEC 1   1467                      1559    -92     1447
  SINCE JUL 1   2142                      2554   -412     2023

 COOLING
  YESTERDAY        0                         0      0        0
  MONTH TO DATE    0                         0      0        0
  SINCE DEC 1      0                         0      0        0
  SINCE JAN 1      0                         0      0        0
..................................................................


WIND (MPH)
  RESULTANT WIND SPEED  10   RESULTANT WIND DIRECTION  SW (240)
  HIGHEST WIND SPEED    25   HIGHEST WIND DIRECTION    SW (220)
  HIGHEST GUST SPEED    33   HIGHEST GUST DIRECTION    SW (210)
  AVERAGE WIND SPEED    12.1


SKY COVER
  AVERAGE SKY COVER 0.0


WEATHER CONDITIONS
 THE FOLLOWING WEATHER WAS RECORDED YESTERDAY.
  NO SIGNIFICANT WEATHER WAS OBSERVED.


RELATIVE HUMIDITY (PERCENT)
 HIGHEST    52           900 AM
 LOWEST     11           300 PM
 AVERAGE    32

..........................................................


THE DALHART CLIMATE NORMALS FOR TODAY
                         NORMAL    RECORD    YEAR
 MAXIMUM TEMPERATURE (F)   51        80      1950
 MINIMUM TEMPERATURE (F)   20        -4      1984


SUNRISE AND SUNSET
JANUARY 21 2018.......SUNRISE   758 AM CST   SUNSET   606 PM CST
JANUARY 22 2018.......SUNRISE   757 AM CST   SUNSET   607 PM CST


-  INDICATES NEGATIVE NUMBERS.
R  INDICATES RECORD WAS SET OR TIED.
MM INDICATES DATA IS MISSING.
T  INDICATES TRACE AMOUNT.




$$
