000
CDUS44 KAMA 192128
CLIDHT


CLIMATE REPORT
NATIONAL WEATHER SERVICE AMARILLO TX
426 PM CDT TUE SEP 19 2017


...................................

...THE DALHART CLIMATE SUMMARY FOR SEPTEMBER 19 2017...
VALID TODAY AS OF 0400 PM LOCAL TIME.

CLIMATE NORMAL PERIOD 1981 TO 2010
CLIMATE RECORD PERIOD 1948 TO 2017


WEATHER ITEM   OBSERVED TIME   RECORD YEAR NORMAL DEPARTURE LAST
                VALUE   (LST)  VALUE       VALUE  FROM      YEAR
                                                  NORMAL
..................................................................
TEMPERATURE (F)
 TODAY
  MAXIMUM         94    250 PM  97    1983  81     13       94
  MINIMUM         51    628 AM  37    2003  51      0       51
  AVERAGE         73                        66      7       73

PRECIPITATION (IN)
  TODAY            0.00          2.90 1985   0.05  -0.05     0.00
  MONTH TO DATE    0.23                      1.09  -0.86     3.25
  SINCE SEP 1      0.23                      1.09  -0.86     3.25
  SINCE JAN 1     17.47                     14.44   3.03    17.44

SNOWFALL (IN)
  TODAY            0.0           0.0    MM   0.0    0.0      0.0
  MONTH TO DATE    0.0                       0.0    0.0      0.0
  SINCE SEP 1      0.0                       0.0    0.0      0.0
  SINCE JUL 1      0.0                       0.0    0.0      0.0
  SNOW DEPTH       0

DEGREE DAYS
 HEATING
  TODAY            0                         2     -2        0
  MONTH TO DATE    0                        19    -19        1
  SINCE SEP 1      0                        19    -19        1
  SINCE JUL 1      0                        22    -22        1

 COOLING
  TODAY            8                         3      5        8
  MONTH TO DATE  126                       107     19      176
  SINCE SEP 1    126                       107     19      176
  SINCE JAN 1   1274                      1103    171     1451
..................................................................


WIND (MPH)
  RESULTANT WIND SPEED  14   RESULTANT WIND DIRECTION   S (200)
  HIGHEST WIND SPEED    35   HIGHEST WIND DIRECTION    SW (240)
  HIGHEST GUST SPEED    43   HIGHEST GUST DIRECTION    SW (230)
  AVERAGE WIND SPEED    14.8


SKY COVER
  AVERAGE SKY COVER 0.0


WEATHER CONDITIONS
 THE FOLLOWING WEATHER WAS RECORDED TODAY.
  FOG


RELATIVE HUMIDITY (PERCENT)
 HIGHEST    93           600 AM
 LOWEST      8           200 PM
 AVERAGE    51

..........................................................


THE DALHART CLIMATE NORMALS FOR TOMORROW
                         NORMAL    RECORD    YEAR
 MAXIMUM TEMPERATURE (F)   80        97      1956
 MINIMUM TEMPERATURE (F)   51        38      1971


SUNRISE AND SUNSET
SEPTEMBER 19 2017.....SUNRISE   736 AM CDT   SUNSET   751 PM CDT
SEPTEMBER 20 2017.....SUNRISE   737 AM CDT   SUNSET   750 PM CDT


-  INDICATES NEGATIVE NUMBERS.
R  INDICATES RECORD WAS SET OR TIED.
MM INDICATES DATA IS MISSING.
T  INDICATES TRACE AMOUNT.




$$
