000
CDUS44 KAMA 061411
CLIDHT


CLIMATE REPORT
NATIONAL WEATHER SERVICE AMARILLO TX
910 AM CDT FRI MAY 6 2016


...................................

...THE DALHART CLIMATE SUMMARY FOR MAY 6 2016...
VALID AS OF 0900 AM LOCAL TIME.

CLIMATE NORMAL PERIOD 1981 TO 2010
CLIMATE RECORD PERIOD 1948 TO 2016


WEATHER ITEM   OBSERVED TIME   RECORD YEAR NORMAL DEPARTURE LAST
                VALUE   (LST)  VALUE       VALUE  FROM      YEAR
                                                  NORMAL
..................................................................
TEMPERATURE (F)
 TODAY
  MINIMUM         42    615 AM  32    1953  45     -3       49

PRECIPITATION (IN)
  TODAY            0.00          1.90 1969   0.06  -0.06     0.00
  MONTH TO DATE    0.16                      0.34  -0.18     0.31
  SINCE MAR 1      4.50                      2.59   1.91     1.69
  SINCE JAN 1      4.75                      3.51   1.24     5.00

SNOWFALL (IN)
  TODAY            0.0           1.0  1949   0.0    0.0      0.0
  MONTH TO DATE    0.0                       0.1   -0.1      0.0
  SINCE MAR 1      0.0                       5.5   -5.5      0.8
  SINCE JUL 1      2.5                      19.0  -16.5     34.1
  SNOW DEPTH       0

..................................................................


WIND (MPH)
  RESULTANT WIND SPEED   9   RESULTANT WIND DIRECTION   S (180)
  HIGHEST WIND SPEED    14   HIGHEST WIND DIRECTION     S (160)
  HIGHEST GUST SPEED    17   HIGHEST GUST DIRECTION     S (160)
  AVERAGE WIND SPEED     9.5


SKY COVER
  AVERAGE SKY COVER 0.0


WEATHER CONDITIONS
 THE FOLLOWING WEATHER WAS RECORDED TODAY.
  NO SIGNIFICANT WEATHER WAS OBSERVED.


RELATIVE HUMIDITY (PERCENT)
 HIGHEST    83           400 AM
 LOWEST     55          1200 AM
 AVERAGE    69

..........................................................


THE DALHART CLIMATE NORMALS FOR TOMORROW
                         NORMAL    RECORD    YEAR
 MAXIMUM TEMPERATURE (F)   76        93      2011
                                             1962
 MINIMUM TEMPERATURE (F)   45        34      1975


SUNRISE AND SUNSET
MAY  6 2016...........SUNRISE   652 AM CDT   SUNSET   842 PM CDT
MAY  7 2016...........SUNRISE   651 AM CDT   SUNSET   843 PM CDT


-  INDICATES NEGATIVE NUMBERS.
R  INDICATES RECORD WAS SET OR TIED.
MM INDICATES DATA IS MISSING.
T  INDICATES TRACE AMOUNT.




$$
