000
CDUS44 KAMA 252248
CLIDHT


CLIMATE REPORT
NATIONAL WEATHER SERVICE AMARILLO TX
448 PM CST THU DEC 25 2014


...................................

...THE DALHART CLIMATE SUMMARY FOR DECEMBER 25 2014...
VALID TODAY AS OF 0400 PM LOCAL TIME.

CLIMATE NORMAL PERIOD 1981 TO 2010
CLIMATE RECORD PERIOD 1894 TO 2014


WEATHER ITEM   OBSERVED TIME   RECORD YEAR NORMAL DEPARTURE LAST
                VALUE   (LST)  VALUE       VALUE  FROM      YEAR
                                                  NORMAL
..................................................................
TEMPERATURE (F)
 TODAY
  MAXIMUM         57    424 PM  77    1979  48      9       45
  MINIMUM         30    804 AM  -1    2002  19     11       24
  AVERAGE         44                        34     10       35

PRECIPITATION (IN)
  TODAY            0.00          0.05 2007   0.02  -0.02     0.00
  MONTH TO DATE    0.17                      0.44  -0.27     0.21
  SINCE DEC 1      0.17                      0.44  -0.27     0.21
  SINCE JAN 1     11.52                     17.49  -5.97     7.84

SNOWFALL (IN)
  TODAY            0.0           1.0  2012   0.1   -0.1      0.0
  MONTH TO DATE    T                         3.4   -3.4      6.5
  SINCE DEC 1      T                         3.4   -3.4      6.5
  SINCE JUL 1      1.5                       5.3   -3.8      9.5
  SNOW DEPTH       0

DEGREE DAYS
 HEATING
  TODAY           21                        31    -10       30
  MONTH TO DATE  608                       757   -149      809
  SINCE DEC 1    608                       757   -149      809
  SINCE JUL 1   1461                      1752   -291     1755

 COOLING
  TODAY            0                         0      0        0
  MONTH TO DATE    0                         0      0        0
  SINCE DEC 1      0                         0      0        0
  SINCE JAN 1   1411                      1138    273     1576
..................................................................


WIND (MPH)
  RESULTANT WIND SPEED  15   RESULTANT WIND DIRECTION  SW (220)
  HIGHEST WIND SPEED    32   HIGHEST WIND DIRECTION    SW (210)
  HIGHEST GUST SPEED    40   HIGHEST GUST DIRECTION    SW (210)
  AVERAGE WIND SPEED    15.6


SKY COVER
  AVERAGE SKY COVER 0.0


WEATHER CONDITIONS
 THE FOLLOWING WEATHER WAS RECORDED TODAY.
  NO SIGNIFICANT WEATHER WAS OBSERVED.


RELATIVE HUMIDITY (PERCENT)
 HIGHEST    63           100 AM
 LOWEST     18           200 PM
 AVERAGE    41

..........................................................


THE DALHART CLIMATE NORMALS FOR TOMORROW
                         NORMAL    RECORD    YEAR
 MAXIMUM TEMPERATURE (F)   48        74      2005
 MINIMUM TEMPERATURE (F)   19         0      2002


SUNRISE AND SUNSET
DECEMBER 25 2014......SUNRISE   759 AM CST   SUNSET   542 PM CST
DECEMBER 26 2014......SUNRISE   759 AM CST   SUNSET   543 PM CST


-  INDICATES NEGATIVE NUMBERS.
R  INDICATES RECORD WAS SET OR TIED.
MM INDICATES DATA IS MISSING.
T  INDICATES TRACE AMOUNT.




$$
