000
CDUS44 KAMA 271508
CLIDHT


CLIMATE REPORT
NATIONAL WEATHER SERVICE AMARILLO TX
938 AM CDT TUE SEP 27 2016


...................................

...THE DALHART CLIMATE SUMMARY FOR SEPTEMBER 27 2016...
VALID AS OF 0900 AM LOCAL TIME.

CLIMATE NORMAL PERIOD 1981 TO 2010
CLIMATE RECORD PERIOD 1948 TO 2016


WEATHER ITEM   OBSERVED TIME   RECORD YEAR NORMAL DEPARTURE LAST
                VALUE   (LST)  VALUE       VALUE  FROM      YEAR
                                                  NORMAL
..................................................................
TEMPERATURE (F)
 TODAY
  MINIMUM         44    123 AM  39    2000  48     -4       54

PRECIPITATION (IN)
  TODAY            0.00          1.18 1976   0.05  -0.05     0.00
  MONTH TO DATE    3.42                      1.51   1.91     1.06
  SINCE SEP 1      3.42                      1.51   1.91     1.06
  SINCE JAN 1     17.61                     14.86   2.75    14.49

SNOWFALL (IN)
  TODAY            0.0           0.0    MM   0.0    0.0      0.0
  MONTH TO DATE    0.0                       0.0    0.0      0.0
  SINCE SEP 1      0.0                       0.0    0.0      0.0
  SINCE JUL 1      0.0                       0.0    0.0      0.0
  SNOW DEPTH       0

..................................................................


WIND (MPH)
  RESULTANT WIND SPEED   7   RESULTANT WIND DIRECTION   W (260)
  HIGHEST WIND SPEED    12   HIGHEST WIND DIRECTION     W (270)
  HIGHEST GUST SPEED    14   HIGHEST GUST DIRECTION    SW (240)
  AVERAGE WIND SPEED     7.5


SKY COVER
  AVERAGE SKY COVER 0.0


WEATHER CONDITIONS
 THE FOLLOWING WEATHER WAS RECORDED TODAY.
  HAZE


RELATIVE HUMIDITY (PERCENT)
 HIGHEST    71           100 AM
 LOWEST     66          1200 AM
 AVERAGE    69

..........................................................


THE DALHART CLIMATE NORMALS FOR TOMORROW
                         NORMAL    RECORD    YEAR
 MAXIMUM TEMPERATURE (F)   77        94      1994
 MINIMUM TEMPERATURE (F)   47        35      1984


SUNRISE AND SUNSET
SEPTEMBER 27 2016.....SUNRISE   742 AM CDT   SUNSET   739 PM CDT
SEPTEMBER 28 2016.....SUNRISE   743 AM CDT   SUNSET   737 PM CDT


-  INDICATES NEGATIVE NUMBERS.
R  INDICATES RECORD WAS SET OR TIED.
MM INDICATES DATA IS MISSING.
T  INDICATES TRACE AMOUNT.




$$
