000
CDUS43 KBIS 030737
CLIDIK


CLIMATE REPORT
NATIONAL WEATHER SERVICE BISMARCK ND
237 AM CDT WED JUN 3 2015


...................................

...THE DICKINSON ND CLIMATE SUMMARY FOR JUNE 2 2015...

CLIMATE NORMAL PERIOD 1981 TO 2010
CLIMATE RECORD PERIOD 1893 TO 2015


WEATHER ITEM   OBSERVED TIME   RECORD YEAR NORMAL DEPARTURE LAST
                VALUE   (LST)  VALUE       VALUE  FROM      YEAR
                                                  NORMAL
..................................................................
TEMPERATURE (F)
 YESTERDAY
  MAXIMUM         78   1258 PM  90    1986  71      7       63
                                      1900
  MINIMUM         55   1159 PM  28    1919  46      9       45
  AVERAGE         67                        58      9       54

PRECIPITATION (IN)
  YESTERDAY        0.12          1.35 1904   0.09   0.03     0.00
  MONTH TO DATE    0.15                      0.19  -0.04      T
  SINCE JUN 1      0.15                      0.19  -0.04      T
  SINCE JAN 1      3.58                      5.30  -1.72     8.04

DEGREE DAYS
 HEATING
  YESTERDAY        0                         7     -7       11
  MONTH TO DATE    0                        15    -15       14
  SINCE JUN 1      0                        15    -15       14
  SINCE JUL 1   8021                      8455   -434     9014

 COOLING
  YESTERDAY        2                         1      1        0
  MONTH TO DATE    4                         2      2        0
  SINCE JUN 1      4                         2      2        0
  SINCE JAN 1      4                        12     -8       30
..................................................................


WIND (MPH)
  HIGHEST WIND SPEED    25   HIGHEST WIND DIRECTION     W (290)
  HIGHEST GUST SPEED    32   HIGHEST GUST DIRECTION     W (280)
  AVERAGE WIND SPEED    12.9


SKY COVER
  POSSIBLE SUNSHINE  MM
  AVERAGE SKY COVER 0.6


WEATHER CONDITIONS
 THE FOLLOWING WEATHER WAS RECORDED YESTERDAY.
  THUNDERSTORM
  RAIN
  LIGHT RAIN
  FOG


RELATIVE HUMIDITY (PERCENT)
 HIGHEST    93           300 AM
 LOWEST     53           300 PM
 AVERAGE    73

..........................................................


THE DICKINSON ND CLIMATE NORMALS FOR TODAY
                         NORMAL    RECORD    YEAR
 MAXIMUM TEMPERATURE (F)   71        96      1968
 MINIMUM TEMPERATURE (F)   46        32      1998
                                             1910


SUNRISE AND SUNSET
JUNE  3 2015..........SUNRISE   500 AM MDT   SUNSET   839 PM MDT
JUNE  4 2015..........SUNRISE   459 AM MDT   SUNSET   840 PM MDT


-  INDICATES NEGATIVE NUMBERS.
R  INDICATES RECORD WAS SET OR TIED.
MM INDICATES DATA IS MISSING.
T  INDICATES TRACE AMOUNT.




$$
