396
CDUS43 KBIS 220802
CLIDIK


CLIMATE REPORT
NATIONAL WEATHER SERVICE BISMARCK ND
302 AM CDT TUE AUG 22 2017


...................................

...THE DICKINSON ND CLIMATE SUMMARY FOR AUGUST 21 2017...

CLIMATE NORMAL PERIOD 1981 TO 2010
CLIMATE RECORD PERIOD 1893 TO 2017


WEATHER ITEM   OBSERVED TIME   RECORD YEAR NORMAL DEPARTURE LAST
                VALUE   (LST)  VALUE       VALUE  FROM      YEAR
                                                  NORMAL
..................................................................
TEMPERATURE (F)
 YESTERDAY
  MAXIMUM         76    222 PM 100    1947  83     -7       85
  MINIMUM         47   1130 PM  35    1945  53     -6       46
  AVERAGE         62                        68     -6       66

PRECIPITATION (IN)
  YESTERDAY        0.00          1.80 1998   0.05  -0.05     0.00
  MONTH TO DATE    1.96                      1.04   0.92     0.61
  SINCE JUN 1      4.71                      6.68  -1.97     7.17
  SINCE JAN 1      7.07                     11.79  -4.72    11.59

DEGREE DAYS
 HEATING
  YESTERDAY        3                         2      1        0
  MONTH TO DATE   46                        25     21       27
  SINCE JUN 1    138                       196    -58      103
  SINCE JUL 1     46                        59    -13       44

 COOLING
  YESTERDAY        0                         4     -4        1
  MONTH TO DATE   30                       118    -88       71
  SINCE JUN 1    395                       337     58      262
  SINCE JAN 1    405                       347     58      265
..................................................................


WIND (MPH)
  HIGHEST WIND SPEED    24   HIGHEST WIND DIRECTION    NW (330)
  HIGHEST GUST SPEED    31   HIGHEST GUST DIRECTION     N (340)
  AVERAGE WIND SPEED    11.4


SKY COVER
  POSSIBLE SUNSHINE  MM
  AVERAGE SKY COVER 0.1


WEATHER CONDITIONS
 THE FOLLOWING WEATHER WAS RECORDED YESTERDAY.
  NO SIGNIFICANT WEATHER WAS OBSERVED.


RELATIVE HUMIDITY (PERCENT)
 HIGHEST    93           500 AM
 LOWEST     27           500 PM
 AVERAGE    60

..........................................................


THE DICKINSON ND CLIMATE NORMALS FOR TODAY
                         NORMAL    RECORD    YEAR
 MAXIMUM TEMPERATURE (F)   82       105      1960
 MINIMUM TEMPERATURE (F)   53        27      1908


SUNRISE AND SUNSET
AUGUST 22 2017........SUNRISE   558 AM MDT   SUNSET   749 PM MDT
AUGUST 23 2017........SUNRISE   600 AM MDT   SUNSET   747 PM MDT


-  INDICATES NEGATIVE NUMBERS.
R  INDICATES RECORD WAS SET OR TIED.
MM INDICATES DATA IS MISSING.
T  INDICATES TRACE AMOUNT.




$$
