000
CDUS43 KBIS 290728
CLIDIK


CLIMATE REPORT
NATIONAL WEATHER SERVICE BISMARCK ND
227 AM CDT SUN MAY 29 2016


...................................

...THE DICKINSON ND CLIMATE SUMMARY FOR MAY 28 2016...

CLIMATE NORMAL PERIOD 1981 TO 2010
CLIMATE RECORD PERIOD 1893 TO 2016


WEATHER ITEM   OBSERVED TIME   RECORD YEAR NORMAL DEPARTURE LAST
                VALUE   (LST)  VALUE       VALUE  FROM      YEAR
                                                  NORMAL
..................................................................
TEMPERATURE (F)
 YESTERDAY
  MAXIMUM         72   1135 AM 101    1934  70      2       76
  MINIMUM         42    328 AM  18    1947  44     -2       47
  AVERAGE         57                        57      0       62

PRECIPITATION (IN)
  YESTERDAY        0.07          1.22 1956   0.08  -0.01      T
  MONTH TO DATE    0.25                      2.06  -1.81     1.66
  SINCE MAR 1      2.88                      4.22  -1.34     3.16
  SINCE JAN 1      3.30                      4.85  -1.55     3.43

DEGREE DAYS
 HEATING
  YESTERDAY        8                         9     -1        3
  MONTH TO DATE  347                       354     -7      392
  SINCE MAR 1   1893                      2122   -229     1859
  SINCE JUL 1   7302                      8416  -1114     7974

 COOLING
  YESTERDAY        0                         0      0        0
  MONTH TO DATE    3                         0      3        0
  SINCE MAR 1      3                         1      2        0
  SINCE JAN 1      3                         1      2        0
..................................................................


WIND (MPH)
  HIGHEST WIND SPEED    21   HIGHEST WIND DIRECTION     W (260)
  HIGHEST GUST SPEED    25   HIGHEST GUST DIRECTION     W (260)
  AVERAGE WIND SPEED     4.7


SKY COVER
  POSSIBLE SUNSHINE  MM
  AVERAGE SKY COVER 0.4


WEATHER CONDITIONS
 THE FOLLOWING WEATHER WAS RECORDED YESTERDAY.
  THUNDERSTORM
  RAIN
  LIGHT RAIN
  FOG
  FOG W/VISIBILITY <= 1/4 MILE


RELATIVE HUMIDITY (PERCENT)
 HIGHEST   100           400 AM
 LOWEST     40          1100 AM
 AVERAGE    70

..........................................................


THE DICKINSON ND CLIMATE NORMALS FOR TODAY
                         NORMAL    RECORD    YEAR
 MAXIMUM TEMPERATURE (F)   70       102      1934
 MINIMUM TEMPERATURE (F)   44        17      1947


SUNRISE AND SUNSET
MAY 29 2016...........SUNRISE   502 AM MDT   SUNSET   835 PM MDT
MAY 30 2016...........SUNRISE   502 AM MDT   SUNSET   836 PM MDT


-  INDICATES NEGATIVE NUMBERS.
R  INDICATES RECORD WAS SET OR TIED.
MM INDICATES DATA IS MISSING.
T  INDICATES TRACE AMOUNT.




$$
