000
CDUS43 KBIS 240751
CLIDIK


CLIMATE REPORT
NATIONAL WEATHER SERVICE BISMARCK ND
150 AM CST SAT FEB 24 2018


...................................

...THE DICKINSON ND CLIMATE SUMMARY FOR FEBRUARY 23 2018...

CLIMATE NORMAL PERIOD 1981 TO 2010
CLIMATE RECORD PERIOD 1893 TO 2018


WEATHER ITEM   OBSERVED TIME   RECORD YEAR NORMAL DEPARTURE LAST
                VALUE   (LST)  VALUE       VALUE  FROM      YEAR
                                                  NORMAL
..................................................................
TEMPERATURE (F)
 YESTERDAY
  MAXIMUM         18    338 PM  65    1958  33    -15       29
  MINIMUM         -8    611 AM -28    1910  12    -20       10
  AVERAGE          5                        22    -17       20

PRECIPITATION (IN)
  YESTERDAY        0.00          0.17 1949   0.01  -0.01      T
  MONTH TO DATE    0.13                      0.25  -0.12     0.23
  SINCE DEC 1      0.29                      0.79  -0.50     0.46
  SINCE JAN 1      0.16                      0.55  -0.39     0.30

DEGREE DAYS
 HEATING
  YESTERDAY       60                        43     17       45
  MONTH TO DATE 1396                      1039    357      958
  SINCE DEC 1   4349                      4009    340     4230
  SINCE JUL 1   6302                      6086    216     5897

 COOLING
  YESTERDAY        0                         0      0        0
  MONTH TO DATE    0                         0      0        0
  SINCE DEC 1      0                         0      0        0
  SINCE JAN 1      0                         0      0        0
..................................................................


WIND (MPH)
  HIGHEST WIND SPEED    16   HIGHEST WIND DIRECTION    NW (300)
  HIGHEST GUST SPEED    19   HIGHEST GUST DIRECTION     S (200)
  AVERAGE WIND SPEED    10.0


SKY COVER
  POSSIBLE SUNSHINE  MM
  AVERAGE SKY COVER 0.0


WEATHER CONDITIONS
 THE FOLLOWING WEATHER WAS RECORDED YESTERDAY.
  NO SIGNIFICANT WEATHER WAS OBSERVED.


RELATIVE HUMIDITY (PERCENT)
 HIGHEST    86           100 AM
 LOWEST     54           400 PM
 AVERAGE    70

..........................................................


THE DICKINSON ND CLIMATE NORMALS FOR TODAY
                         NORMAL    RECORD    YEAR
 MAXIMUM TEMPERATURE (F)   33        62      1995
 MINIMUM TEMPERATURE (F)   12       -26      1993
                                             1922


SUNRISE AND SUNSET
FEBRUARY 24 2018......SUNRISE   640 AM MST   SUNSET   530 PM MST
FEBRUARY 25 2018......SUNRISE   638 AM MST   SUNSET   531 PM MST


-  INDICATES NEGATIVE NUMBERS.
R  INDICATES RECORD WAS SET OR TIED.
MM INDICATES DATA IS MISSING.
T  INDICATES TRACE AMOUNT.




$$
