000
CDUS43 KBIS 240023
CLIDIK


CLIMATE REPORT
NATIONAL WEATHER SERVICE BISMARCK ND
722 PM CDT TUE SEP 23 2014


...................................

...THE DICKINSON ND CLIMATE SUMMARY FOR SEPTEMBER 23 2014...
VALID TODAY AS OF 0700 PM LOCAL TIME.

CLIMATE NORMAL PERIOD 1981 TO 2010
CLIMATE RECORD PERIOD 1903 TO 2014


WEATHER ITEM   OBSERVED TIME   RECORD YEAR NORMAL DEPARTURE LAST
                VALUE   (LST)  VALUE       VALUE  FROM      YEAR
                                                  NORMAL
..................................................................
TEMPERATURE (F)
 TODAY
  MAXIMUM         81    300 PM  97    1917  68     13       65
  MINIMUM         48        MM  25    1943  40      8       47
  AVERAGE         65                        54     11       56

PRECIPITATION (IN)
  TODAY            0.00          1.15 1977   0.05  -0.05     0.42
  MONTH TO DATE    0.77                      1.13  -0.36     3.18
  SINCE SEP 1      0.77                      1.13  -0.36     3.18
  SINCE JAN 1     20.54                     13.42   7.12    18.19

DEGREE DAYS
 HEATING
  TODAY            0                        12    -12        9
  MONTH TO DATE  218                       174     44       67
  SINCE SEP 1    218                       174     44       67
  SINCE JUL 1    319                       260     59      107

 COOLING
  TODAY            0                         0      0        0
  MONTH TO DATE    1                        30    -29       74
  SINCE SEP 1      1                        30    -29       74
  SINCE JAN 1    233                       416   -183      386
..................................................................


WIND (MPH)
  RESULTANT WIND SPEED   8   RESULTANT WIND DIRECTION   S (160)
  HIGHEST WIND SPEED    12   HIGHEST WIND DIRECTION     S (180)
  HIGHEST GUST SPEED    MM   HIGHEST GUST DIRECTION    MM
  AVERAGE WIND SPEED     8.9


SKY COVER
  POSSIBLE SUNSHINE   0 PERCENT
  AVERAGE SKY COVER 0.0


WEATHER CONDITIONS
 THE FOLLOWING WEATHER WAS RECORDED TODAY.
  NO SIGNIFICANT WEATHER WAS OBSERVED.


RELATIVE HUMIDITY (PERCENT)
 HIGHEST     0          1200 AM
 LOWEST      0          1200 AM
 AVERAGE     0

..........................................................


THE DICKINSON ND CLIMATE NORMALS FOR TOMORROW
                         NORMAL    RECORD    YEAR
 MAXIMUM TEMPERATURE (F)   67        91      1992
 MINIMUM TEMPERATURE (F)   39        20      1926


SUNRISE AND SUNSET
SEPTEMBER 23 2014.....SUNRISE   639 AM MDT   SUNSET   647 PM MDT
SEPTEMBER 24 2014.....SUNRISE   641 AM MDT   SUNSET   645 PM MDT


-  INDICATES NEGATIVE NUMBERS.
R  INDICATES RECORD WAS SET OR TIED.
MM INDICATES DATA IS MISSING.
T  INDICATES TRACE AMOUNT.




$$
