757
CDUS43 KBIS 280724
CLIDIK


CLIMATE REPORT
NATIONAL WEATHER SERVICE BISMARCK ND
124 AM CST TUE FEB 28 2017


...................................

...THE DICKINSON ND CLIMATE SUMMARY FOR FEBRUARY 27 2017...

CLIMATE NORMAL PERIOD 1981 TO 2010
CLIMATE RECORD PERIOD 1893 TO 2017


WEATHER ITEM   OBSERVED TIME   RECORD YEAR NORMAL DEPARTURE LAST
                VALUE   (LST)  VALUE       VALUE  FROM      YEAR
                                                  NORMAL
..................................................................
TEMPERATURE (F)
 YESTERDAY
  MAXIMUM         20    856 AM  66    2016  34    -14       66
                                      1992
                                      1932
  MINIMUM         13   1046 PM -29    1962  13      0       33
  AVERAGE         17                        24     -7       50

PRECIPITATION (IN)
  YESTERDAY        T             0.51 1951   0.01  -0.01      T
  MONTH TO DATE    0.24                      0.31  -0.07     0.26
  SINCE DEC 1      0.44                      0.85  -0.41     0.68
  SINCE JAN 1      0.28                      0.61  -0.33     0.42

DEGREE DAYS
 HEATING
  YESTERDAY       48                        41      7       15
  MONTH TO DATE 1144                      1206    -62      947
  SINCE DEC 1   4416                      4176    240     3669
  SINCE JUL 1   6083                      6253   -170     5343

 COOLING
  YESTERDAY        0                         0      0        0
  MONTH TO DATE    0                         0      0        0
  SINCE DEC 1      0                         0      0        0
  SINCE JAN 1      0                         0      0        0
..................................................................


WIND (MPH)
  HIGHEST WIND SPEED    17   HIGHEST WIND DIRECTION     E (70)
  HIGHEST GUST SPEED    21   HIGHEST GUST DIRECTION    NE (50)
  AVERAGE WIND SPEED    10.2


SKY COVER
  POSSIBLE SUNSHINE  MM
  AVERAGE SKY COVER 1.0


WEATHER CONDITIONS
 THE FOLLOWING WEATHER WAS RECORDED YESTERDAY.
  LIGHT SNOW
  FOG
  HAZE


RELATIVE HUMIDITY (PERCENT)
 HIGHEST    92           500 AM
 LOWEST     77          1200 PM
 AVERAGE    85

..........................................................


THE DICKINSON ND CLIMATE NORMALS FOR TODAY
                         NORMAL    RECORD    YEAR
 MAXIMUM TEMPERATURE (F)   35        63      1905
 MINIMUM TEMPERATURE (F)   14       -37      1919


SUNRISE AND SUNSET
FEBRUARY 28 2017......SUNRISE   632 AM MST   SUNSET   536 PM MST
MARCH  1 2017.........SUNRISE   630 AM MST   SUNSET   537 PM MST


-  INDICATES NEGATIVE NUMBERS.
R  INDICATES RECORD WAS SET OR TIED.
MM INDICATES DATA IS MISSING.
T  INDICATES TRACE AMOUNT.




$$
