810
CDUS43 KBIS 060751
CLIDIK


CLIMATE REPORT
NATIONAL WEATHER SERVICE BISMARCK ND
150 AM CST TUE DEC 6 2016


...................................

...THE DICKINSON ND CLIMATE SUMMARY FOR DECEMBER 5 2016...

CLIMATE NORMAL PERIOD 1981 TO 2010
CLIMATE RECORD PERIOD 1893 TO 2016


WEATHER ITEM   OBSERVED TIME   RECORD YEAR NORMAL DEPARTURE LAST
                VALUE   (LST)  VALUE       VALUE  FROM      YEAR
                                                  NORMAL
..................................................................
TEMPERATURE (F)
 YESTERDAY
  MAXIMUM         32    411 AM  68    1939  31      1       49
  MINIMUM          5   1159 PM -22    1972  10     -5       25
  AVERAGE         19                        20     -1       37

PRECIPITATION (IN)
  YESTERDAY        0.02          0.15 1917   0.01   0.01     0.00
  MONTH TO DATE    0.02                      0.04  -0.02     0.01
  SINCE DEC 1      0.02                      0.04  -0.02     0.01
  SINCE JAN 1     16.39                     15.57   0.82    11.19

DEGREE DAYS
 HEATING
  YESTERDAY       46                        45      1       28
  MONTH TO DATE  212                       219     -7      155
  SINCE DEC 1    212                       219     -7      155
  SINCE JUL 1   1879                      2296   -417     1829

 COOLING
  YESTERDAY        0                         0      0        0
  MONTH TO DATE    0                         0      0        0
  SINCE DEC 1      0                         0      0        0
  SINCE JAN 1    315                       419   -104      467
..................................................................


WIND (MPH)
  HIGHEST WIND SPEED    38   HIGHEST WIND DIRECTION    NW (300)
  HIGHEST GUST SPEED    50   HIGHEST GUST DIRECTION    NW (300)
  AVERAGE WIND SPEED    27.0


SKY COVER
  POSSIBLE SUNSHINE  MM
  AVERAGE SKY COVER 1.0


WEATHER CONDITIONS
 THE FOLLOWING WEATHER WAS RECORDED YESTERDAY.
  HEAVY SNOW
  SNOW
  LIGHT SNOW
  FOG
  FOG W/VISIBILITY <= 1/4 MILE
  HAZE


RELATIVE HUMIDITY (PERCENT)
 HIGHEST    87          1000 PM
 LOWEST     75           200 AM
 AVERAGE    81

..........................................................


THE DICKINSON ND CLIMATE NORMALS FOR TODAY
                         NORMAL    RECORD    YEAR
 MAXIMUM TEMPERATURE (F)   30        65      1939
 MINIMUM TEMPERATURE (F)   10       -28      1972


SUNRISE AND SUNSET
DECEMBER  6 2016......SUNRISE   722 AM MST   SUNSET   403 PM MST
DECEMBER  7 2016......SUNRISE   723 AM MST   SUNSET   403 PM MST


-  INDICATES NEGATIVE NUMBERS.
R  INDICATES RECORD WAS SET OR TIED.
MM INDICATES DATA IS MISSING.
T  INDICATES TRACE AMOUNT.




$$
