000
CDUS43 KBIS 230737
CLIDIK


CLIMATE REPORT
NATIONAL WEATHER SERVICE BISMARCK ND
237 AM CDT SAT JUL 23 2016


...................................

...THE DICKINSON ND CLIMATE SUMMARY FOR JULY 22 2016...

CLIMATE NORMAL PERIOD 1981 TO 2010
CLIMATE RECORD PERIOD 1893 TO 2016


WEATHER ITEM   OBSERVED TIME   RECORD YEAR NORMAL DEPARTURE LAST
                VALUE   (LST)  VALUE       VALUE  FROM      YEAR
                                                  NORMAL
..................................................................
TEMPERATURE (F)
 YESTERDAY
  MAXIMUM         89    357 PM 107    1901  85      4       91
  MINIMUM         59    454 AM  39    1926  56      3       59
  AVERAGE         74                        70      4       75

PRECIPITATION (IN)
  YESTERDAY        0.50          1.41 2011   0.07   0.43     0.00
  MONTH TO DATE    3.00                      1.88   1.12     0.97
  SINCE JUN 1      5.66                      5.08   0.58     3.90
  SINCE JAN 1     10.08                     10.19  -0.11     7.33

DEGREE DAYS
 HEATING
  YESTERDAY        0                         1     -1        0
  MONTH TO DATE   13                        28    -15        8
  SINCE JUN 1     72                       165    -93       76
  SINCE JUL 1     13                        28    -15        8

 COOLING
  YESTERDAY        9                         6      3       10
  MONTH TO DATE   99                       108     -9      107
  SINCE JUN 1    156                       162     -6      165
  SINCE JAN 1    159                       172    -13      165
..................................................................


WIND (MPH)
  HIGHEST WIND SPEED    35   HIGHEST WIND DIRECTION    SE (120)
  HIGHEST GUST SPEED    45   HIGHEST GUST DIRECTION    SE (120)
  AVERAGE WIND SPEED    15.0


SKY COVER
  POSSIBLE SUNSHINE  MM
  AVERAGE SKY COVER 0.2


WEATHER CONDITIONS
 THE FOLLOWING WEATHER WAS RECORDED YESTERDAY.
  THUNDERSTORM
  HEAVY RAIN
  LIGHT RAIN
  FOG


RELATIVE HUMIDITY (PERCENT)
 HIGHEST    90           400 AM
 LOWEST     52           400 PM
 AVERAGE    71

..........................................................


THE DICKINSON ND CLIMATE NORMALS FOR TODAY
                         NORMAL    RECORD    YEAR
 MAXIMUM TEMPERATURE (F)   85       108      1936
                                             1901
 MINIMUM TEMPERATURE (F)   56        42      1933


SUNRISE AND SUNSET
JULY 23 2016..........SUNRISE   521 AM MDT   SUNSET   833 PM MDT
JULY 24 2016..........SUNRISE   522 AM MDT   SUNSET   832 PM MDT


-  INDICATES NEGATIVE NUMBERS.
R  INDICATES RECORD WAS SET OR TIED.
MM INDICATES DATA IS MISSING.
T  INDICATES TRACE AMOUNT.




$$
