408
CDUS43 KBIS 270745
CLIDIK


CLIMATE REPORT
NATIONAL WEATHER SERVICE BISMARCK ND
242 AM CDT TUE SEP 27 2016


...................................

...THE DICKINSON ND CLIMATE SUMMARY FOR SEPTEMBER 26 2016...

CLIMATE NORMAL PERIOD 1981 TO 2010
CLIMATE RECORD PERIOD 1893 TO 2016


WEATHER ITEM   OBSERVED TIME   RECORD YEAR NORMAL DEPARTURE LAST
                VALUE   (LST)  VALUE       VALUE  FROM      YEAR
                                                  NORMAL
..................................................................
TEMPERATURE (F)
 YESTERDAY
  MAXIMUM         66    213 PM  92    1963  66      0       90
  MINIMUM         34    424 AM  18    1942  39     -5       55
                                      1928
  AVERAGE         50                        52     -2       73

PRECIPITATION (IN)
  YESTERDAY        0.00          0.29 1908   0.05  -0.05     0.00
  MONTH TO DATE    3.42                      1.28   2.14     0.30
  SINCE SEP 1      3.42                      1.28   2.14     0.30
  SINCE JAN 1     15.05                     13.57   1.48     9.79

DEGREE DAYS
 HEATING
  YESTERDAY       15                        13      2        0
  MONTH TO DATE  204                       212     -8       98
  SINCE SEP 1    204                       212     -8       98
  SINCE JUL 1    264                       298    -34      156

 COOLING
  YESTERDAY        0                         0      0        8
  MONTH TO DATE   21                        30     -9       71
  SINCE SEP 1     21                        30     -9       71
  SINCE JAN 1    315                       416   -101      462
..................................................................


WIND (MPH)
  HIGHEST WIND SPEED    21   HIGHEST WIND DIRECTION    NW (320)
  HIGHEST GUST SPEED    27   HIGHEST GUST DIRECTION    NW (320)
  AVERAGE WIND SPEED     8.9


SKY COVER
  POSSIBLE SUNSHINE  MM
  AVERAGE SKY COVER 0.0


WEATHER CONDITIONS
 THE FOLLOWING WEATHER WAS RECORDED YESTERDAY.
  NO SIGNIFICANT WEATHER WAS OBSERVED.


RELATIVE HUMIDITY (PERCENT)
 HIGHEST    92           500 AM
 LOWEST     30          1200 PM
 AVERAGE    61

..........................................................


THE DICKINSON ND CLIMATE NORMALS FOR TODAY
                         NORMAL    RECORD    YEAR
 MAXIMUM TEMPERATURE (F)   66        96      1898
 MINIMUM TEMPERATURE (F)   38        14      1928


SUNRISE AND SUNSET
SEPTEMBER 27 2016.....SUNRISE   645 AM MDT   SUNSET   638 PM MDT
SEPTEMBER 28 2016.....SUNRISE   647 AM MDT   SUNSET   636 PM MDT


-  INDICATES NEGATIVE NUMBERS.
R  INDICATES RECORD WAS SET OR TIED.
MM INDICATES DATA IS MISSING.
T  INDICATES TRACE AMOUNT.




$$
