000
CDUS43 KBIS 020731
CLIDIK


CLIMATE REPORT
NATIONAL WEATHER SERVICE BISMARCK ND
223 AM CDT SUN AUG 2 2015


...................................

...THE DICKINSON ND CLIMATE SUMMARY FOR AUGUST 1 2015...

CLIMATE NORMAL PERIOD 1981 TO 2010
CLIMATE RECORD PERIOD 1893 TO 2015


WEATHER ITEM   OBSERVED TIME   RECORD YEAR NORMAL DEPARTURE LAST
                VALUE   (LST)  VALUE       VALUE  FROM      YEAR
                                                  NORMAL
..................................................................
TEMPERATURE (F)
 YESTERDAY
  MAXIMUM         94    439 PM 110    1900  86      8       86
  MINIMUM         51    529 AM  38    1948  56     -5       56
                                      1896
  AVERAGE         73                        71      2       71

PRECIPITATION (IN)
  YESTERDAY        0.00          1.20 1903   0.06  -0.06     0.00
  MONTH TO DATE    0.00                      0.06  -0.06     0.00
  SINCE JUN 1      5.30                      5.70  -0.40     4.94
  SINCE JAN 1      8.73                     10.81  -2.08    12.98

DEGREE DAYS
 HEATING
  YESTERDAY        0                         1     -1        0
  MONTH TO DATE    0                         1     -1        0
  SINCE JUN 1     82                       172    -90      214
  SINCE JUL 1     14                        35    -21       49

 COOLING
  YESTERDAY        8                         6      2        6
  MONTH TO DATE    8                         6      2        6
  SINCE JUN 1    238                       225     13      113
  SINCE JAN 1    238                       235      3      143
..................................................................


WIND (MPH)
  HIGHEST WIND SPEED    21   HIGHEST WIND DIRECTION     W (290)
  HIGHEST GUST SPEED    27   HIGHEST GUST DIRECTION     W (280)
  AVERAGE WIND SPEED     8.1


SKY COVER
  POSSIBLE SUNSHINE  MM
  AVERAGE SKY COVER 0.0


WEATHER CONDITIONS
 THE FOLLOWING WEATHER WAS RECORDED YESTERDAY.
  NO SIGNIFICANT WEATHER WAS OBSERVED.


RELATIVE HUMIDITY (PERCENT)
 HIGHEST    89           400 AM
 LOWEST     14           300 PM
 AVERAGE    52

..........................................................


THE DICKINSON ND CLIMATE NORMALS FOR TODAY
                         NORMAL    RECORD    YEAR
 MAXIMUM TEMPERATURE (F)   86       102      1904
                                             1900
 MINIMUM TEMPERATURE (F)   56        37      1907


SUNRISE AND SUNSET
AUGUST  2 2015........SUNRISE   532 AM MDT   SUNSET   822 PM MDT
AUGUST  3 2015........SUNRISE   533 AM MDT   SUNSET   821 PM MDT


-  INDICATES NEGATIVE NUMBERS.
R  INDICATES RECORD WAS SET OR TIED.
MM INDICATES DATA IS MISSING.
T  INDICATES TRACE AMOUNT.




$$
