258
CDUS43 KDLH 160635
CLIDLH


CLIMATE REPORT
NATIONAL WEATHER SERVICE DULUTH MN
1229 AM CST MON JAN 16 2017


...................................

...THE DULUTH MN CLIMATE SUMMARY FOR JANUARY 15 2017...

CLIMATE NORMAL PERIOD 1981 TO 2010
CLIMATE RECORD PERIOD 1870 TO 2017


WEATHER ITEM   OBSERVED TIME   RECORD YEAR NORMAL DEPARTURE LAST
                VALUE   (LST)  VALUE       VALUE  FROM      YEAR
                                                  NORMAL
..................................................................
TEMPERATURE (F)
 YESTERDAY
  MAXIMUM         28    338 PM  42    1933  19      9       23
  MINIMUM          2   1212 AM -39    1972   1      1        1
  AVERAGE         15                        10      5       12

PRECIPITATION (IN)
  YESTERDAY        0.00          0.73 1969   0.03  -0.03     0.04
  MONTH TO DATE    0.60                      0.52   0.08     0.49
  SINCE DEC 1      2.67                      1.73   0.94     4.19
  SINCE JAN 1      0.60                      0.52   0.08     0.49

SNOWFALL (IN)
  YESTERDAY        0.0           5.2  1953   0.7   -0.7      0.5
  MONTH TO DATE   10.1                      10.1    0.0      7.3
  SINCE DEC 1     31.4                      27.8    3.6     31.9
  SINCE JUL 1     39.5                      43.9   -4.4     36.3
  SNOW DEPTH      12

DEGREE DAYS
 HEATING
  YESTERDAY       50                        55     -5       53
  MONTH TO DATE  910                       822     88      780
  SINCE DEC 1   2422                      2378     44     1967
  SINCE JUL 1   3904                      4591   -687     3630

 COOLING
  YESTERDAY        0                         0      0        0
  MONTH TO DATE    0                         0      0        0
  SINCE DEC 1      0                         0      0        0
  SINCE JAN 1      0                         0      0        0
..................................................................


WIND (MPH)
  HIGHEST WIND SPEED    20   HIGHEST WIND DIRECTION    SW (230)
  HIGHEST GUST SPEED    25   HIGHEST GUST DIRECTION    SW (230)
  AVERAGE WIND SPEED    11.5


SKY COVER
  AVERAGE SKY COVER 0.0


WEATHER CONDITIONS
 THE FOLLOWING WEATHER WAS RECORDED YESTERDAY.
  NO SIGNIFICANT WEATHER WAS OBSERVED.


RELATIVE HUMIDITY (PERCENT)
 HIGHEST    86           100 AM
 LOWEST     46           300 PM
 AVERAGE    66

..........................................................


THE DULUTH MN CLIMATE NORMALS FOR TODAY
                         NORMAL    RECORD    YEAR
 MAXIMUM TEMPERATURE (F)   19        42      1942
 MINIMUM TEMPERATURE (F)    1       -31      1982


SUNRISE AND SUNSET
JANUARY 16 2017.......SUNRISE   748 AM CST   SUNSET   449 PM CST
JANUARY 17 2017.......SUNRISE   747 AM CST   SUNSET   450 PM CST


-  INDICATES NEGATIVE NUMBERS.
R  INDICATES RECORD WAS SET OR TIED.
MM INDICATES DATA IS MISSING.
T  INDICATES TRACE AMOUNT.




$$
