000
CDUS45 KTFX 050336
CLIDLN


CLIMATE REPORT
NATIONAL WEATHER SERVICE GREAT FALLS MT
933 PM MDT TUE AUG 4 2015


...................................

...THE DILLON AIRPORT MT CLIMATE SUMMARY FOR AUGUST 4 2015...
VALID TODAY AS OF 0500 PM LOCAL TIME.

CLIMATE NORMAL PERIOD 1981 TO 2010
CLIMATE RECORD PERIOD 1929 TO 2015


WEATHER ITEM   OBSERVED TIME   RECORD YEAR NORMAL DEPARTURE LAST
                VALUE   (LST)  VALUE       VALUE  FROM      YEAR
                                                  NORMAL
..................................................................
TEMPERATURE (F)
 TODAY
  MAXIMUM         83    345 PM  98    1961  83      0       70
  MINIMUM         57    549 AM  38    1980  49      8       54
  AVERAGE         70                        66      4       62

PRECIPITATION (IN)
  TODAY            0.01          0.36 2002   0.04  -0.03     0.02
  MONTH TO DATE    0.01                      0.13  -0.12     0.02
  SINCE OCT 1      7.58                      8.78  -1.20     6.60
  SINCE JAN 1      6.42                      7.38  -0.96     6.11

SNOWFALL (IN)
  TODAY           MM
  SNOW DEPTH       0

DEGREE DAYS
 HEATING
  TODAY            0                         1     -1        3
  MONTH TO DATE    0                         4     -4        3
  SINCE JUN 1    125                       282   -157      269
  SINCE JUL 1     49                        59    -10       19

 COOLING
  TODAY            5                         2      3        0
  MONTH TO DATE   19                        11      8       13
  SINCE JUN 1    162                       104     58      125
  SINCE JAN 1    162                       105     57      125
..................................................................


WIND (MPH)
  HIGHEST WIND SPEED    17   HIGHEST WIND DIRECTION     W (290)
  HIGHEST GUST SPEED    24   HIGHEST GUST DIRECTION    SW (240)
  AVERAGE WIND SPEED     8.1


SKY COVER
  AVERAGE SKY COVER 0.3


WEATHER CONDITIONS
 THE FOLLOWING WEATHER WAS RECORDED TODAY.
  LIGHT RAIN


RELATIVE HUMIDITY (PERCENT)
 HIGHEST    80
 LOWEST     23
 AVERAGE    52

..........................................................


THE DILLON AIRPORT MT CLIMATE NORMALS FOR TOMORROW
                         NORMAL    RECORD    YEAR
 MAXIMUM TEMPERATURE (F)   83       101      1961
 MINIMUM TEMPERATURE (F)   49        39      1945


SUNRISE AND SUNSET
AUGUST  4 2015........SUNRISE   618 AM MDT   SUNSET   854 PM MDT
AUGUST  5 2015........SUNRISE   619 AM MDT   SUNSET   852 PM MDT


-  INDICATES NEGATIVE NUMBERS.
R  INDICATES RECORD WAS SET OR TIED.
MM INDICATES DATA IS MISSING.
T  INDICATES TRACE AMOUNT.




$$
