000
CDUS45 KTFX 241046
CLIDLN


CLIMATE REPORT
NATIONAL WEATHER SERVICE GREAT FALLS MT
446 AM MDT THU JUL 24 2014


...................................

...THE DILLON AIRPORT MT CLIMATE SUMMARY FOR JULY 23 2014...

CLIMATE NORMAL PERIOD 1981 TO 2010
CLIMATE RECORD PERIOD 1929 TO 2014


WEATHER ITEM   OBSERVED TIME   RECORD YEAR NORMAL DEPARTURE LAST
                VALUE   (LST)  VALUE       VALUE  FROM      YEAR
                                                  NORMAL
..................................................................
TEMPERATURE (F)
 YESTERDAY
  MAXIMUM         89    552 PM  99    2003  84      5       89
  MINIMUM         53    510 AM  39    2011  50      3       50
  AVERAGE         71                        67      4       70

PRECIPITATION (IN)
  YESTERDAY        0.00          0.28 2002   0.04  -0.04     0.00
  MONTH TO DATE    0.63                      0.91  -0.28     0.83
  SINCE OCT 1      6.58                      8.35  -1.77     6.43
  SINCE JAN 1      6.09                      6.95  -0.86     5.41

SNOWFALL (IN)
  YESTERDAY       MM
  SNOW DEPTH       0

DEGREE DAYS
 HEATING
  YESTERDAY        0                               -1        0
  MONTH TO DATE    7                              -39        0
  SINCE JUN 1    257                              -12      188
  SINCE JUL 1      7                              -39        0

 COOLING
  YESTERDAY        6                                3        5
  MONTH TO DATE   96                               39      107
  SINCE JUN 1     96                               23      129
  SINCE JAN 1     96                               22      132
..................................................................


WIND (MPH)
  HIGHEST WIND SPEED    23   HIGHEST WIND DIRECTION     W (260)
  HIGHEST GUST SPEED    34   HIGHEST GUST DIRECTION     W (250)
  AVERAGE WIND SPEED     6.6



WEATHER CONDITIONS
 THE FOLLOWING WEATHER WAS RECORDED YESTERDAY.
  NO SIGNIFICANT WEATHER WAS OBSERVED.


RELATIVE HUMIDITY (PERCENT)
 HIGHEST    77
 LOWEST     20
 AVERAGE    49

..........................................................


THE DILLON AIRPORT MT CLIMATE NORMALS FOR TODAY
                         NORMAL    RECORD    YEAR
 MAXIMUM TEMPERATURE (F)   84        95      1978
 MINIMUM TEMPERATURE (F)   50        41      1950


SUNRISE AND SUNSET
JULY 24 2014..........SUNRISE   606 AM MDT   SUNSET   907 PM MDT
JULY 25 2014..........SUNRISE   607 AM MDT   SUNSET   906 PM MDT


-  INDICATES NEGATIVE NUMBERS.
R  INDICATES RECORD WAS SET OR TIED.
MM INDICATES DATA IS MISSING.
T  INDICATES TRACE AMOUNT.




$$
