000
CDUS45 KTFX 300759
CLIDLN


CLIMATE REPORT
NATIONAL WEATHER SERVICE GREAT FALLS MT
159 AM MDT SAT APR 30 2016


...................................

...THE DILLON AIRPORT MT CLIMATE SUMMARY FOR APRIL 29 2016...

CLIMATE NORMAL PERIOD 1981 TO 2010
CLIMATE RECORD PERIOD 1929 TO 2016


WEATHER ITEM   OBSERVED TIME   RECORD YEAR NORMAL DEPARTURE LAST
                VALUE   (LST)  VALUE       VALUE  FROM      YEAR
                                                  NORMAL
..................................................................
TEMPERATURE (F)
 YESTERDAY
  MAXIMUM         52    316 PM  80    1992  59     -7       75
  MINIMUM         33    550 AM  14    2011  32      1       43
  AVERAGE         43                        46     -3       59

PRECIPITATION (IN)
  YESTERDAY        0.04          0.37 2003   0.04   0.00      T
  MONTH TO DATE    1.13                      1.00   0.13     1.17
  SINCE OCT 1      3.80                      3.48   0.32     2.67
  SINCE JAN 1      1.72                      2.08  -0.36     1.51

SNOWFALL (IN)
  YESTERDAY       MM
  SNOW DEPTH       0

DEGREE DAYS
 HEATING
  YESTERDAY       22                                3        6
  MONTH TO DATE  530                             -153      656
  SINCE MAR 1   1384                             -249     1377
  SINCE JUL 1   6884                             -666     6489

 COOLING
  YESTERDAY        0                                0        0
  MONTH TO DATE    0                                0        0
  SINCE MAR 1      0                                0        0
  SINCE JAN 1      0                                0        0
..................................................................


WIND (MPH)
  HIGHEST WIND SPEED    22   HIGHEST WIND DIRECTION    SE (130)
  HIGHEST GUST SPEED    25   HIGHEST GUST DIRECTION    SE (140)
  AVERAGE WIND SPEED     7.3


SKY COVER
  AVERAGE SKY COVER 0.9


WEATHER CONDITIONS
 THE FOLLOWING WEATHER WAS RECORDED YESTERDAY.
  RAIN
  LIGHT RAIN
  FOG


RELATIVE HUMIDITY (PERCENT)
 HIGHEST    76
 LOWEST     44
 AVERAGE    60

..........................................................


THE DILLON AIRPORT MT CLIMATE NORMALS FOR TODAY
                         NORMAL    RECORD    YEAR
 MAXIMUM TEMPERATURE (F)   60        78      1981
 MINIMUM TEMPERATURE (F)   32        16      1950


SUNRISE AND SUNSET
APRIL 30 2016.........SUNRISE   620 AM MDT   SUNSET   836 PM MDT
MAY  1 2016...........SUNRISE   618 AM MDT   SUNSET   837 PM MDT


-  INDICATES NEGATIVE NUMBERS.
R  INDICATES RECORD WAS SET OR TIED.
MM INDICATES DATA IS MISSING.
T  INDICATES TRACE AMOUNT.




$$
