012
CDUS45 KTFX 271003
CLIDLN


CLIMATE REPORT
NATIONAL WEATHER SERVICE GREAT FALLS MT
402 AM MDT MON MAR 27 2017


...................................

...THE DILLON AIRPORT MT CLIMATE SUMMARY FOR MARCH 26 2017...

CLIMATE NORMAL PERIOD 1981 TO 2010
CLIMATE RECORD PERIOD 1929 TO 2017


WEATHER ITEM   OBSERVED TIME   RECORD YEAR NORMAL DEPARTURE LAST
                VALUE   (LST)  VALUE       VALUE  FROM      YEAR
                                                  NORMAL
..................................................................
TEMPERATURE (F)
 YESTERDAY
  MAXIMUM         52    400 PM  67    1966  49      3       49
  MINIMUM         27    703 AM  -8    1955  25      2       19
  AVERAGE         40                        37      3       34

PRECIPITATION (IN)
  YESTERDAY        0.00          0.26 1989   0.02  -0.02     0.00
  MONTH TO DATE    0.20                      0.43  -0.23     0.38
  SINCE OCT 1      2.95                      2.35   0.60     2.54
  SINCE JAN 1      0.41                      0.95  -0.54     0.46

SNOWFALL (IN)
  YESTERDAY       MM
  SNOW DEPTH       0

DEGREE DAYS
 HEATING
  YESTERDAY       25                               -3       31
  MONTH TO DATE  624                             -188      716
  SINCE MAR 1    624                             -188      716
  SINCE JUL 1   6579                             -150     6216

 COOLING
  YESTERDAY        0                                0        0
  MONTH TO DATE    0                                0        0
  SINCE MAR 1      0                                0        0
  SINCE JAN 1      0                                0        0
..................................................................


WIND (MPH)
  HIGHEST WIND SPEED    28   HIGHEST WIND DIRECTION    SW (210)
  HIGHEST GUST SPEED    37   HIGHEST GUST DIRECTION    SW (210)
  AVERAGE WIND SPEED     9.3


SKY COVER
  AVERAGE SKY COVER 0.5


WEATHER CONDITIONS
 THE FOLLOWING WEATHER WAS RECORDED YESTERDAY.
  NO SIGNIFICANT WEATHER WAS OBSERVED.


RELATIVE HUMIDITY (PERCENT)
 HIGHEST    82
 LOWEST     26
 AVERAGE    54

..........................................................


THE DILLON AIRPORT MT CLIMATE NORMALS FOR TODAY
                         NORMAL    RECORD    YEAR
 MAXIMUM TEMPERATURE (F)   49        74      2015
 MINIMUM TEMPERATURE (F)   25         0      1944


SUNRISE AND SUNSET
MARCH 27 2017.........SUNRISE   719 AM MDT   SUNSET   752 PM MDT
MARCH 28 2017.........SUNRISE   718 AM MDT   SUNSET   753 PM MDT


-  INDICATES NEGATIVE NUMBERS.
R  INDICATES RECORD WAS SET OR TIED.
MM INDICATES DATA IS MISSING.
T  INDICATES TRACE AMOUNT.




$$
