000
CDUS41 KLWX 252132
CLIDMH


CLIMATE REPORT
NATIONAL WEATHER SERVICE BALTIMORE MD/WASHINGTON DC
532 PM EDT THU MAY 25 2017


...................................

...THE BALTIMORE INNER HARBOR MD CLIMATE SUMMARY FOR MAY 25 2017...
VALID TODAY AS OF 0500 PM LOCAL TIME.

CLIMATE NORMAL PERIOD 1981 TO 2010
CLIMATE RECORD PERIOD 9999 TO 9999


WEATHER ITEM   OBSERVED TIME   RECORD YEAR NORMAL DEPARTURE LAST
                VALUE   (LST)  VALUE       VALUE  FROM      YEAR
                                                  NORMAL
..................................................................
TEMPERATURE (F)
 TODAY
  MAXIMUM         74    356 PM  MM      MM  78     -4       87
  MINIMUM         57    534 AM  MM      MM  60     -3       66
  AVERAGE         66                        69     -3       77

PRECIPITATION (IN)
  TODAY            0.57         MM      MM   0.13   0.44     0.00
  MONTH TO DATE    3.84                      2.74   1.10     3.66
  SINCE MAR 1     10.60                      9.82   0.78     7.43
  SINCE JAN 1     14.49                     15.34  -0.85    16.03

DEGREE DAYS
 HEATING
  TODAY            0                         1     -1        0
  MONTH TO DATE   72                        75     -3      133
  SINCE MAR 1    788                       932   -144      805
  SINCE JUL 1   3242                      4020   -778     3421

 COOLING
  TODAY            1                         5     -4       12
  MONTH TO DATE   71                        78     -7       24
  SINCE MAR 1    153                       103     50       59
  SINCE JAN 1    153                       103     50       59
..................................................................


WIND (MPH)
  HIGHEST WIND SPEED    MM   HIGHEST WIND DIRECTION    MM
  HIGHEST GUST SPEED    MM   HIGHEST GUST DIRECTION    MM
  AVERAGE WIND SPEED    MM


SKY COVER
  POSSIBLE SUNSHINE  MM



RELATIVE HUMIDITY (PERCENT)
 HIGHEST   100           200 AM
 LOWEST     64           300 PM
 AVERAGE    82

..........................................................


THE BALTIMORE INNER HARBOR MD CLIMATE NORMALS FOR TOMORROW
                         NORMAL    RECORD    YEAR
 MAXIMUM TEMPERATURE (F)   78        MM        MM
 MINIMUM TEMPERATURE (F)   60        MM        MM


SUNRISE AND SUNSET
MAY 25 2017...........SUNRISE   545 AM EDT   SUNSET   822 PM EDT
MAY 26 2017...........SUNRISE   545 AM EDT   SUNSET   823 PM EDT


-  INDICATES NEGATIVE NUMBERS.
R  INDICATES RECORD WAS SET OR TIED.
MM INDICATES DATA IS MISSING.
T  INDICATES TRACE AMOUNT.




$$
