000
CDUS41 KLWX 230526
CLIDMH


CLIMATE REPORT
NATIONAL WEATHER SERVICE BALTIMORE MD/WASHINGTON DC
1225 AM EST THU FEB 23 2017


...................................

...THE BALTIMORE INNER HARBOR MD CLIMATE SUMMARY FOR FEBRUARY 22 2017...

CLIMATE NORMAL PERIOD 1981 TO 2010
CLIMATE RECORD PERIOD 9999 TO 9999


WEATHER ITEM   OBSERVED TIME   RECORD YEAR NORMAL DEPARTURE LAST
                VALUE   (LST)  VALUE       VALUE  FROM      YEAR
                                                  NORMAL
..................................................................
TEMPERATURE (F)
 YESTERDAY
  MAXIMUM         58    448 PM  MM      MM  47     11       51
  MINIMUM         45    645 AM  MM      MM  33     12       41
  AVERAGE         52                        40     12       46

PRECIPITATION (IN)
  YESTERDAY        0.00         MM      MM   0.08  -0.08     0.00
  MONTH TO DATE    0.51                      2.08  -1.57     2.26
  SINCE DEC 1      5.44                      8.41  -2.97    11.78
  SINCE JAN 1      3.10                      5.00  -1.90     5.54

DEGREE DAYS
 HEATING
  YESTERDAY       13                        25    -12       19
  MONTH TO DATE  434                       595   -161      606
  SINCE DEC 1   1882                      2292   -410     1957
  SINCE JUL 1   2391                      2943   -552     2485

 COOLING
  YESTERDAY        0                         0      0        0
  MONTH TO DATE    0                         0      0        0
  SINCE DEC 1      0                         0      0        3
  SINCE JAN 1      0                         0      0        0
..................................................................


WIND (MPH)
  HIGHEST WIND SPEED    MM   HIGHEST WIND DIRECTION    MM
  HIGHEST GUST SPEED    MM   HIGHEST GUST DIRECTION    MM
  AVERAGE WIND SPEED    MM


SKY COVER
  POSSIBLE SUNSHINE  MM



RELATIVE HUMIDITY (PERCENT)
 HIGHEST    77           900 PM
 LOWEST     55          1200 PM
 AVERAGE    66

..........................................................


THE BALTIMORE INNER HARBOR MD CLIMATE NORMALS FOR TODAY
                         NORMAL
 MAXIMUM TEMPERATURE (F)   47
 MINIMUM TEMPERATURE (F)   33


SUNRISE AND SUNSET
FEBRUARY 23 2017......SUNRISE   647 AM EST   SUNSET   553 PM EST
FEBRUARY 24 2017......SUNRISE   646 AM EST   SUNSET   554 PM EST


-  INDICATES NEGATIVE NUMBERS.
R  INDICATES RECORD WAS SET OR TIED.
MM INDICATES DATA IS MISSING.
T  INDICATES TRACE AMOUNT.




$$
