000
CDUS41 KLWX 240528
CLIDMH


CLIMATE REPORT
NATIONAL WEATHER SERVICE BALTIMORE MD/WASHINGTON DC
127 AM EDT WED AUG 24 2016


...................................

...THE BALTIMORE INNER HARBOR MD CLIMATE SUMMARY FOR AUGUST 23 2016...

CLIMATE NORMAL PERIOD 1981 TO 2010
CLIMATE RECORD PERIOD 9999 TO 9999


WEATHER ITEM   OBSERVED TIME   RECORD YEAR NORMAL DEPARTURE LAST
                VALUE   (LST)  VALUE       VALUE  FROM      YEAR
                                                  NORMAL
..................................................................
TEMPERATURE (F)
 YESTERDAY
  MAXIMUM         82    342 PM  MM      MM  87     -5       84
  MINIMUM         68    543 AM  MM      MM  70     -2       66
  AVERAGE         75                        78     -3       75

PRECIPITATION (IN)
  YESTERDAY        0.00         MM      MM   0.12  -0.12     0.00
  MONTH TO DATE    3.77                      2.50   1.27     1.04
  SINCE JUN 1     13.35                     10.39   2.96    11.12
  SINCE JAN 1     29.53                     26.48   3.05    27.46

DEGREE DAYS
 HEATING
  YESTERDAY        0                         0      0        0
  MONTH TO DATE    0                         0      0        0
  SINCE JUN 1      0                         5     -5       10
  SINCE JUL 1      0                         0      0        0

 COOLING
  YESTERDAY       10                        13     -3       10
  MONTH TO DATE  396                       331     65      328
  SINCE JUN 1   1279                      1156    123     1144
  SINCE JAN 1   1416                      1295    121     1390
..................................................................


WIND (MPH)
  HIGHEST WIND SPEED    MM   HIGHEST WIND DIRECTION    MM
  HIGHEST GUST SPEED    MM   HIGHEST GUST DIRECTION    MM
  AVERAGE WIND SPEED    MM


SKY COVER
  POSSIBLE SUNSHINE  MM



RELATIVE HUMIDITY (PERCENT)
 HIGHEST    61           300 AM
 LOWEST     42           200 PM
 AVERAGE    52

..........................................................


THE BALTIMORE INNER HARBOR MD CLIMATE NORMALS FOR TODAY
                         NORMAL
 MAXIMUM TEMPERATURE (F)   87
 MINIMUM TEMPERATURE (F)   70


SUNRISE AND SUNSET
AUGUST 24 2016........SUNRISE   628 AM EDT   SUNSET   748 PM EDT
AUGUST 25 2016........SUNRISE   629 AM EDT   SUNSET   747 PM EDT


-  INDICATES NEGATIVE NUMBERS.
R  INDICATES RECORD WAS SET OR TIED.
MM INDICATES DATA IS MISSING.
T  INDICATES TRACE AMOUNT.




$$
