000
CDUS41 KLWX 030531
CLIDMH


CLIMATE REPORT
NATIONAL WEATHER SERVICE BALTIMORE MD/WASHINGTON DC
129 AM EDT WED JUN 3 2015


...................................

...THE BALTIMORE INNER HARBOR MD CLIMATE SUMMARY FOR JUNE 2 2015...

CLIMATE NORMAL PERIOD 1981 TO 2010
CLIMATE RECORD PERIOD 9999 TO 9999


WEATHER ITEM   OBSERVED TIME   RECORD YEAR NORMAL DEPARTURE LAST
                VALUE   (LST)  VALUE       VALUE  FROM      YEAR
                                                  NORMAL
..................................................................
TEMPERATURE (F)
 YESTERDAY
  MAXIMUM         67   1200 AM  MM      MM  81    -14       82
  MINIMUM         58   1159 PM  MM      MM  63     -5       59
  AVERAGE         63                        72     -9       71

PRECIPITATION (IN)
  YESTERDAY        0.30         MM      MM   0.12   0.18     0.00
  MONTH TO DATE    0.78                      0.23   0.55     0.00
  SINCE JUN 1      0.78                      0.23   0.55     0.00
  SINCE JAN 1     17.12                     16.32   0.80    23.05

DEGREE DAYS
 HEATING
  YESTERDAY        2                         1      1        0
  MONTH TO DATE    2                         2      0        0
  SINCE JUN 1      2                         2      0        0
  SINCE JUL 1   4379                      4028    351     4126

 COOLING
  YESTERDAY        0                         7     -7        6
  MONTH TO DATE   11                        14     -3        8
  SINCE JUN 1     11                        14     -3        8
  SINCE JAN 1    257                       153    104      138
..................................................................


WIND (MPH)
  HIGHEST WIND SPEED    MM   HIGHEST WIND DIRECTION    MM
  HIGHEST GUST SPEED    MM   HIGHEST GUST DIRECTION    MM
  AVERAGE WIND SPEED    MM


SKY COVER
  POSSIBLE SUNSHINE  MM



RELATIVE HUMIDITY (PERCENT)
 HIGHEST    93          1200 AM
 LOWEST     78           400 PM
 AVERAGE    86

..........................................................


THE BALTIMORE INNER HARBOR MD CLIMATE NORMALS FOR TODAY
                         NORMAL
 MAXIMUM TEMPERATURE (F)   81
 MINIMUM TEMPERATURE (F)   63


SUNRISE AND SUNSET
JUNE  3 2015..........SUNRISE   541 AM EDT   SUNSET   828 PM EDT
JUNE  4 2015..........SUNRISE   541 AM EDT   SUNSET   829 PM EDT


-  INDICATES NEGATIVE NUMBERS.
R  INDICATES RECORD WAS SET OR TIED.
MM INDICATES DATA IS MISSING.
T  INDICATES TRACE AMOUNT.




$$
