000
CDUS41 KLWX 232127
CLIDMH


CLIMATE REPORT
NATIONAL WEATHER SERVICE BALTIMORE MD/WASHINGTON DC
426 PM EST FRI FEB 23 2018


...................................

...THE BALTIMORE INNER HARBOR MD CLIMATE SUMMARY FOR FEBRUARY 23 2018...
VALID TODAY AS OF 0400 PM LOCAL TIME.

CLIMATE NORMAL PERIOD 1981 TO 2010
CLIMATE RECORD PERIOD 1999 TO 2018


WEATHER ITEM   OBSERVED TIME   RECORD YEAR NORMAL DEPARTURE LAST
                VALUE   (LST)  VALUE       VALUE  FROM      YEAR
                                                  NORMAL
..................................................................
TEMPERATURE (F)
 TODAY
  MAXIMUM         45    359 PM  MM      MM  47     -2       72
  MINIMUM         41    859 AM  MM      MM  33      8       50
  AVERAGE         43                        40      3       61

PRECIPITATION (IN)
  TODAY            0.16         MM      MM   0.09   0.07     0.00
  MONTH TO DATE    4.38                      2.17   2.21     0.51
  SINCE DEC 1      6.10                      8.50  -2.40     5.44
  SINCE JAN 1      5.32                      5.09   0.23     3.10

DEGREE DAYS
 HEATING
  TODAY           22                        25     -3        4
  MONTH TO DATE  495                       620   -125      438
  SINCE DEC 1   2196                      2317   -121     1886
  SINCE JUL 1   2724                      2968   -244     2395

 COOLING
  TODAY            0                         0      0        0
  MONTH TO DATE    2                         0      2        0
  SINCE DEC 1      2                         0      2        0
  SINCE JAN 1      2                         0      2        0
..................................................................


WIND (MPH)
  HIGHEST WIND SPEED    MM   HIGHEST WIND DIRECTION    MM
  HIGHEST GUST SPEED    MM   HIGHEST GUST DIRECTION    MM
  AVERAGE WIND SPEED    MM


SKY COVER
  POSSIBLE SUNSHINE  MM



RELATIVE HUMIDITY (PERCENT)
 HIGHEST    93           600 AM
 LOWEST     82           400 AM
 AVERAGE    88

..........................................................


THE BALTIMORE INNER HARBOR MD CLIMATE NORMALS FOR TOMORROW
                         NORMAL    RECORD    YEAR
 MAXIMUM TEMPERATURE (F)   48        MM        MM
 MINIMUM TEMPERATURE (F)   33        MM        MM


SUNRISE AND SUNSET
FEBRUARY 23 2018......SUNRISE   648 AM EST   SUNSET   552 PM EST
FEBRUARY 24 2018......SUNRISE   646 AM EST   SUNSET   553 PM EST


-  INDICATES NEGATIVE NUMBERS.
R  INDICATES RECORD WAS SET OR TIED.
MM INDICATES DATA IS MISSING.
T  INDICATES TRACE AMOUNT.




$$
