000
CDUS45 KEPZ 190931
CLIDMN


CLIMATE REPORT
NATIONAL WEATHER SERVICE EL PASO, TX
329 AM MDT SAT APR 19 2014


...................................

...THE DEMING CLIMATE SUMMARY FOR APRIL 18 2014...

CLIMATE NORMAL PERIOD 1981 TO 2010
CLIMATE RECORD PERIOD 2000 TO 2014


WEATHER ITEM   OBSERVED TIME   NORMAL DEPARTURE LAST
                VALUE   (LST)  VALUE  FROM      YEAR
                                      NORMAL
......................................................
TEMPERATURE (F)
 YESTERDAY
  MAXIMUM         80    257 PM  79              66
  MINIMUM         53    554 AM  42              35
  AVERAGE         67            61      6       51

PRECIPITATION (IN)
  YESTERDAY        0.00          0.01  -0.01     0.00
  MONTH TO DATE    0.00          0.23  -0.23      T
  SINCE MAR 1      0.37          0.65  -0.28     0.19
  SINCE JAN 1      0.37          1.85  -1.48     0.48

......................................................


WIND (MPH)
  HIGHEST WIND SPEED    25   HIGHEST WIND DIRECTION     W (280)
  HIGHEST GUST SPEED    33   HIGHEST GUST DIRECTION     W (290)
  AVERAGE WIND SPEED    11.7


SKY COVER
  AVERAGE SKY COVER 0.1


WEATHER CONDITIONS
 THE FOLLOWING WEATHER WAS RECORDED YESTERDAY.
  NO SIGNIFICANT WEATHER WAS OBSERVED.


RELATIVE HUMIDITY (PERCENT)
 HIGHEST    40           900 PM
 LOWEST     12           300 PM
 AVERAGE    26

..........................................................


THE DEMING CLIMATE NORMALS FOR TODAY
                         NORMAL
 MAXIMUM TEMPERATURE (F)   79
 MINIMUM TEMPERATURE (F)   43


SUNRISE AND SUNSET
APRIL 19 2014.........SUNRISE   637 AM MDT   SUNSET   743 PM MDT
APRIL 20 2014.........SUNRISE   636 AM MDT   SUNSET   744 PM MDT


-  INDICATES NEGATIVE NUMBERS.
R  INDICATES RECORD WAS SET OR TIED.
MM INDICATES DATA IS MISSING.
T  INDICATES TRACE AMOUNT.




$$
