000
CDUS45 KEPZ 170937
CLIDMN


CLIMATE REPORT
NATIONAL WEATHER SERVICE EL PASO, TX
233 AM MST WED JAN 17 2018


...................................

...THE DEMING CLIMATE SUMMARY FOR JANUARY 16 2018...

CLIMATE NORMAL PERIOD 1981 TO 2010
CLIMATE RECORD PERIOD 2000 TO 2018


WEATHER ITEM   OBSERVED TIME   NORMAL DEPARTURE LAST
                VALUE   (LST)  VALUE  FROM      YEAR
                                      NORMAL
......................................................
TEMPERATURE (F)
 YESTERDAY
  MAXIMUM         41    325 PM  57              53
  MINIMUM         23   1159 PM  27              34
  AVERAGE         32            42    -10       44

PRECIPITATION (IN)
  YESTERDAY        0.00          0.02  -0.02     0.00
  MONTH TO DATE    0.04          0.29  -0.25     1.99
  SINCE DEC 1      0.30          1.18  -0.88     3.78
  SINCE JAN 1      0.04          0.29  -0.25     1.99

......................................................


WIND (MPH)
  HIGHEST WIND SPEED    21   HIGHEST WIND DIRECTION     E (90)
  HIGHEST GUST SPEED    26   HIGHEST GUST DIRECTION     E (80)
  AVERAGE WIND SPEED    11.6


SKY COVER
  AVERAGE SKY COVER 0.0


WEATHER CONDITIONS
 THE FOLLOWING WEATHER WAS RECORDED YESTERDAY.
  NO SIGNIFICANT WEATHER WAS OBSERVED.


RELATIVE HUMIDITY (PERCENT)
 HIGHEST    63           200 AM
 LOWEST     25           200 PM
 AVERAGE    44

..........................................................


THE DEMING CLIMATE NORMALS FOR TODAY
                         NORMAL
 MAXIMUM TEMPERATURE (F)   57
 MINIMUM TEMPERATURE (F)   27


SUNRISE AND SUNSET
JANUARY 17 2018.......SUNRISE   712 AM MST   SUNSET   531 PM MST
JANUARY 18 2018.......SUNRISE   711 AM MST   SUNSET   531 PM MST


-  INDICATES NEGATIVE NUMBERS.
R  INDICATES RECORD WAS SET OR TIED.
MM INDICATES DATA IS MISSING.
T  INDICATES TRACE AMOUNT.




$$
