000
CDUS43 KEAX 230632
CLIDMO


CLIMATE REPORT
NATIONAL WEATHER SERVICE KANSAS CITY/PLEASANT HILL MO
131 AM CDT SUN APR 23 2017


...................................

...THE SEDALIA MO CLIMATE SUMMARY FOR APRIL 22 2017...

CLIMATE NORMAL PERIOD 1981 TO 2010
CLIMATE RECORD PERIOD 9999 TO 9999


WEATHER ITEM   OBSERVED TIME   NORMAL DEPARTURE LAST
                VALUE   (LST)  VALUE  FROM      YEAR
                                      NORMAL
......................................................
TEMPERATURE (F)
 YESTERDAY
  MAXIMUM         MM        MM  69     MM       70
  MINIMUM         MM        MM  48     MM       52
  AVERAGE         MM            59     MM       61

PRECIPITATION (IN)
  YESTERDAY       MM             0.15  MM        0.00
  MONTH TO DATE    2.23          2.77  -0.54     1.19
  SINCE MAR 1      5.53          5.38   0.15     2.88
  SINCE JAN 1      6.95          8.98  -2.03     4.03

DEGREE DAYS
 HEATING
  YESTERDAY       MM             7     MM        4
  MONTH TO DATE  122           230   -108      178
  SINCE MAR 1    576           815   -239      565
  SINCE JUL 1   3459          4432   -973     3553

 COOLING
  YESTERDAY       MM             1     MM        0
  MONTH TO DATE   38            21     17        7
  SINCE MAR 1     46            24     22       11
  SINCE JAN 1     46            24     22       11
......................................................


WIND (MPH)
  HIGHEST WIND SPEED    12   HIGHEST WIND DIRECTION    NE (50)
  HIGHEST GUST SPEED    MM   HIGHEST GUST DIRECTION    MM
  AVERAGE WIND SPEED    11.5


SKY COVER
  AVERAGE SKY COVER 0.0


WEATHER CONDITIONS
 THE FOLLOWING WEATHER WAS RECORDED YESTERDAY.
  NO SIGNIFICANT WEATHER WAS OBSERVED.


RELATIVE HUMIDITY (PERCENT)
 HIGHEST     0          1200 AM
 LOWEST      0          1200 AM
 AVERAGE     0

..........................................................


THE SEDALIA MO CLIMATE NORMALS FOR TODAY
                         NORMAL
 MAXIMUM TEMPERATURE (F)   70
 MINIMUM TEMPERATURE (F)   49


SUNRISE AND SUNSET
APRIL 23 2017.........SUNRISE   625 AM CDT   SUNSET   757 PM CDT
APRIL 24 2017.........SUNRISE   623 AM CDT   SUNSET   758 PM CDT


-  INDICATES NEGATIVE NUMBERS.
R  INDICATES RECORD WAS SET OR TIED.
MM INDICATES DATA IS MISSING.
T  INDICATES TRACE AMOUNT.




$$
