000
CDUS43 KEAX 240631
CLIDMO


CLIMATE REPORT
NATIONAL WEATHER SERVICE KANSAS CITY/PLEASANT HILL MO
131 AM CDT TUE MAY 24 2016


...................................

...THE SEDALIA MO CLIMATE SUMMARY FOR MAY 23 2016...

CLIMATE NORMAL PERIOD 1981 TO 2010
CLIMATE RECORD PERIOD 9999 TO 9999


WEATHER ITEM   OBSERVED TIME   NORMAL DEPARTURE LAST
                VALUE   (LST)  VALUE  FROM      YEAR
                                      NORMAL
......................................................
TEMPERATURE (F)
 YESTERDAY
  MAXIMUM         81    237 PM  78      3       71
  MINIMUM         59    425 AM  58      1       60
  AVERAGE         70            68      2       66

PRECIPITATION (IN)
  YESTERDAY        0.00          0.14  -0.14     0.27
  MONTH TO DATE    2.16          3.55  -1.39     5.28
  SINCE MAR 1      5.76         10.41  -4.65    10.23
  SINCE JAN 1      6.91         14.01  -7.10    12.31

DEGREE DAYS
 HEATING
  YESTERDAY        0             2     -2        0
  MONTH TO DATE  110            75     35       61
  SINCE MAR 1    692           940   -248      788
  SINCE JUL 1   3680          4557   -877     4636

 COOLING
  YESTERDAY        5             4      1        1
  MONTH TO DATE   32            61    -29       70
  SINCE MAR 1     56            95    -39       87
  SINCE JAN 1     56            95    -39       87
......................................................


WIND (MPH)
  HIGHEST WIND SPEED    23   HIGHEST WIND DIRECTION    SE (150)
  HIGHEST GUST SPEED    28   HIGHEST GUST DIRECTION    SE (150)
  AVERAGE WIND SPEED    10.9


SKY COVER
  AVERAGE SKY COVER 0.1


WEATHER CONDITIONS
 THE FOLLOWING WEATHER WAS RECORDED YESTERDAY.
  NO SIGNIFICANT WEATHER WAS OBSERVED.


RELATIVE HUMIDITY (PERCENT)
 HIGHEST    81          1100 PM
 LOWEST     46           900 AM
 AVERAGE    64

..........................................................


THE SEDALIA MO CLIMATE NORMALS FOR TODAY
                         NORMAL
 MAXIMUM TEMPERATURE (F)   78
 MINIMUM TEMPERATURE (F)   58


SUNRISE AND SUNSET
MAY 24 2016...........SUNRISE   553 AM CDT   SUNSET   826 PM CDT
MAY 25 2016...........SUNRISE   553 AM CDT   SUNSET   827 PM CDT


-  INDICATES NEGATIVE NUMBERS.
R  INDICATES RECORD WAS SET OR TIED.
MM INDICATES DATA IS MISSING.
T  INDICATES TRACE AMOUNT.




$$
