248
CDUS43 KEAX 190633
CLIDMO


CLIMATE REPORT
NATIONAL WEATHER SERVICE KANSAS CITY/PLEASANT HILL MO
1233 AM CST SUN NOV 19 2017


...................................

...THE SEDALIA MO CLIMATE SUMMARY FOR NOVEMBER 18 2017...

CLIMATE NORMAL PERIOD 1981 TO 2010
CLIMATE RECORD PERIOD 9999 TO 9999


WEATHER ITEM   OBSERVED TIME   NORMAL DEPARTURE LAST
                VALUE   (LST)  VALUE  FROM      YEAR
                                      NORMAL
......................................................
TEMPERATURE (F)
 YESTERDAY
  MAXIMUM         67    249 AM  54     13       70
  MINIMUM         37   1159 PM  37      0       36
  AVERAGE         52            46      6       53

PRECIPITATION (IN)
  YESTERDAY        0.28          0.08   0.20      T
  MONTH TO DATE    0.59          1.94  -1.35     0.39
  SINCE SEP 1      6.00          9.69  -3.69     6.79
  SINCE JAN 1     35.20         37.63  -2.43    31.15

DEGREE DAYS
 HEATING
  YESTERDAY       13            19     -6       12
  MONTH TO DATE  323           283     40      155
  SINCE SEP 1    560           573    -13      270
  SINCE JUL 1    565           574     -9      270

 COOLING
  YESTERDAY        0             0      0        0
  MONTH TO DATE    0             0      0       23
  SINCE SEP 1    317           202    115      362
  SINCE JAN 1   1491          1487      4     1775
......................................................


WIND (MPH)
  HIGHEST WIND SPEED    33   HIGHEST WIND DIRECTION     N (340)
  HIGHEST GUST SPEED    42   HIGHEST GUST DIRECTION    NW (330)
  AVERAGE WIND SPEED    15.7


SKY COVER
  AVERAGE SKY COVER 0.4


WEATHER CONDITIONS
 THE FOLLOWING WEATHER WAS RECORDED YESTERDAY.
  RAIN
  LIGHT RAIN
  FOG


RELATIVE HUMIDITY (PERCENT)
 HIGHEST   100           500 AM
 LOWEST     59          1100 PM
 AVERAGE    80

..........................................................


THE SEDALIA MO CLIMATE NORMALS FOR TODAY
                         NORMAL
 MAXIMUM TEMPERATURE (F)   54
 MINIMUM TEMPERATURE (F)   36


SUNRISE AND SUNSET
NOVEMBER 19 2017......SUNRISE   659 AM CST   SUNSET   456 PM CST
NOVEMBER 20 2017......SUNRISE   700 AM CST   SUNSET   456 PM CST


-  INDICATES NEGATIVE NUMBERS.
R  INDICATES RECORD WAS SET OR TIED.
MM INDICATES DATA IS MISSING.
T  INDICATES TRACE AMOUNT.




$$
