166
CDUS43 KEAX 060634
CLIDMO


CLIMATE REPORT
NATIONAL WEATHER SERVICE KANSAS CITY/PLEASANT HILL MO
133 AM CDT FRI MAY 6 2016


...................................

...THE SEDALIA MO CLIMATE SUMMARY FOR MAY 5 2016...

CLIMATE NORMAL PERIOD 1981 TO 2010
CLIMATE RECORD PERIOD 9999 TO 9999


WEATHER ITEM   OBSERVED TIME   NORMAL DEPARTURE LAST
                VALUE   (LST)  VALUE  FROM      YEAR
                                      NORMAL
......................................................
TEMPERATURE (F)
 YESTERDAY
  MAXIMUM         73    408 PM  73      0       83
  MINIMUM         47    533 AM  52     -5       61
  AVERAGE         60            62     -2       72

PRECIPITATION (IN)
  YESTERDAY        0.00          0.17  -0.17      T
  MONTH TO DATE    T             0.84  -0.84     0.09
  SINCE MAR 1      3.60          7.70  -4.10     5.04
  SINCE JAN 1      4.75         11.30  -6.55     7.12

DEGREE DAYS
 HEATING
  YESTERDAY        5             4      1        0
  MONTH TO DATE   38            23     15        9
  SINCE MAR 1    620           888   -268      736
  SINCE JUL 1   3608          4505   -897     4584

 COOLING
  YESTERDAY        0             2     -2        7
  MONTH TO DATE    0             7     -7       21
  SINCE MAR 1     24            41    -17       38
  SINCE JAN 1     24            41    -17       38
......................................................


WIND (MPH)
  HIGHEST WIND SPEED    17   HIGHEST WIND DIRECTION     N (360)
  HIGHEST GUST SPEED    22   HIGHEST GUST DIRECTION     N (20)
  AVERAGE WIND SPEED     6.6


SKY COVER
  AVERAGE SKY COVER 0.0


WEATHER CONDITIONS
 THE FOLLOWING WEATHER WAS RECORDED YESTERDAY.
  NO SIGNIFICANT WEATHER WAS OBSERVED.


RELATIVE HUMIDITY (PERCENT)
 HIGHEST    71           500 AM
 LOWEST     22           300 PM
 AVERAGE    47

..........................................................


THE SEDALIA MO CLIMATE NORMALS FOR TODAY
                         NORMAL
 MAXIMUM TEMPERATURE (F)   73
 MINIMUM TEMPERATURE (F)   53


SUNRISE AND SUNSET
MAY  6 2016...........SUNRISE   609 AM CDT   SUNSET   810 PM CDT
MAY  7 2016...........SUNRISE   608 AM CDT   SUNSET   811 PM CDT


-  INDICATES NEGATIVE NUMBERS.
R  INDICATES RECORD WAS SET OR TIED.
MM INDICATES DATA IS MISSING.
T  INDICATES TRACE AMOUNT.




$$
