000
CDUS43 KEAX 030638
CLIDMO


CLIMATE REPORT
NATIONAL WEATHER SERVICE KANSAS CITY/PLEASANT HILL MO
137 AM CDT FRI JUL 3 2015


...................................

...THE SEDALIA MO CLIMATE SUMMARY FOR JULY 2 2015...

CLIMATE NORMAL PERIOD 1981 TO 2010
CLIMATE RECORD PERIOD 9999 TO 9999


WEATHER ITEM   OBSERVED TIME   NORMAL DEPARTURE LAST
                VALUE   (LST)  VALUE  FROM      YEAR
                                      NORMAL
......................................................
TEMPERATURE (F)
 YESTERDAY
  MAXIMUM         77   1255 PM  88    -11       75
  MINIMUM         69   1159 PM  69      0       58
  AVERAGE         73            78     -5       67

PRECIPITATION (IN)
  YESTERDAY        0.01          0.13  -0.12      T
  MONTH TO DATE    4.26          0.26   4.00     0.15
  SINCE JUN 1     10.55          5.35   5.20     6.26
  SINCE JAN 1     23.98         20.50   3.48    17.63

DEGREE DAYS
 HEATING
  YESTERDAY        0             0      0        0
  MONTH TO DATE    0             0      0        0
  SINCE JUN 1      5             6     -1        0
  SINCE JUL 1      0             0      0        0

 COOLING
  YESTERDAY        8            13     -5        2
  MONTH TO DATE   20            26     -6       14
  SINCE JUN 1    359           330     29      326
  SINCE JAN 1    486           469     17      521
......................................................


WIND (MPH)
  HIGHEST WIND SPEED    14   HIGHEST WIND DIRECTION    NE (50)
  HIGHEST GUST SPEED    19   HIGHEST GUST DIRECTION    NE (60)
  AVERAGE WIND SPEED     6.5


SKY COVER
  AVERAGE SKY COVER 1.0


WEATHER CONDITIONS
 THE FOLLOWING WEATHER WAS RECORDED YESTERDAY.
  LIGHT RAIN
  FOG


RELATIVE HUMIDITY (PERCENT)
 HIGHEST    93          1200 AM
 LOWEST     74           100 PM
 AVERAGE    84

..........................................................


THE SEDALIA MO CLIMATE NORMALS FOR TODAY
                         NORMAL
 MAXIMUM TEMPERATURE (F)   88
 MINIMUM TEMPERATURE (F)   69


SUNRISE AND SUNSET
JULY  3 2015..........SUNRISE   552 AM CDT   SUNSET   841 PM CDT
JULY  4 2015..........SUNRISE   553 AM CDT   SUNSET   841 PM CDT


-  INDICATES NEGATIVE NUMBERS.
R  INDICATES RECORD WAS SET OR TIED.
MM INDICATES DATA IS MISSING.
T  INDICATES TRACE AMOUNT.




$$
