000
CDUS43 KEAX 280638
CLIDMO


CLIMATE REPORT
NATIONAL WEATHER SERVICE KANSAS CITY/PLEASANT HILL MO
1236 AM CST SUN DEC 28 2014


...................................

...THE SEDALIA MO CLIMATE SUMMARY FOR DECEMBER 27 2014...

CLIMATE NORMAL PERIOD 1981 TO 2010
CLIMATE RECORD PERIOD 9999 TO 9999


WEATHER ITEM   OBSERVED TIME   NORMAL DEPARTURE LAST
                VALUE   (LST)  VALUE  FROM      YEAR
                                      NORMAL
......................................................
TEMPERATURE (F)
 YESTERDAY
  MAXIMUM         53    133 AM  41     12       51
  MINIMUM         27   1159 PM  24      3       29
  AVERAGE         40            32      8       40

PRECIPITATION (IN)
  YESTERDAY        0.01          0.08  -0.07     0.00
  MONTH TO DATE    1.94          1.99  -0.05     1.63
  SINCE DEC 1      1.94          1.99  -0.05     1.63
  SINCE JAN 1     35.27         40.78  -5.51    40.69

DEGREE DAYS
 HEATING
  YESTERDAY       25            33     -8       25
  MONTH TO DATE  682           804   -122      892
  SINCE DEC 1    682           804   -122      892
  SINCE JUL 1   1667          1649     18     1841

 COOLING
  YESTERDAY        0             0      0        0
  MONTH TO DATE    0             0      0        0
  SINCE DEC 1      0             0      0        0
  SINCE JAN 1   1409          1490    -81     1485
......................................................


WIND (MPH)
  HIGHEST WIND SPEED    24   HIGHEST WIND DIRECTION     W (280)
  HIGHEST GUST SPEED    29   HIGHEST GUST DIRECTION     W (280)
  AVERAGE WIND SPEED    10.4


SKY COVER
  AVERAGE SKY COVER 1.0


WEATHER CONDITIONS
 THE FOLLOWING WEATHER WAS RECORDED YESTERDAY.
  LIGHT RAIN
  LIGHT SNOW
  FOG


RELATIVE HUMIDITY (PERCENT)
 HIGHEST    96           300 AM
 LOWEST     63          1000 PM
 AVERAGE    80

..........................................................


THE SEDALIA MO CLIMATE NORMALS FOR TODAY
                         NORMAL
 MAXIMUM TEMPERATURE (F)   41
 MINIMUM TEMPERATURE (F)   24


SUNRISE AND SUNSET
DECEMBER 28 2014......SUNRISE   730 AM CST   SUNSET   459 PM CST
DECEMBER 29 2014......SUNRISE   730 AM CST   SUNSET   459 PM CST


-  INDICATES NEGATIVE NUMBERS.
R  INDICATES RECORD WAS SET OR TIED.
MM INDICATES DATA IS MISSING.
T  INDICATES TRACE AMOUNT.




$$
