000
CDUS42 KCAE 240531
CLIDNL


CLIMATE REPORT
NATIONAL WEATHER SERVICE COLUMBIA SC
130 AM EDT FRI OCT 24 2014


...................................

...THE AUGUSTA DANIEL FIELD GA CLIMATE SUMMARY FOR OCTOBER 23 2014...

CLIMATE NORMAL PERIOD 1981 TO 2010
CLIMATE RECORD PERIOD 9999 TO 9999


WEATHER ITEM   OBSERVED TIME   RECORD YEAR NORMAL DEPARTURE LAST
                VALUE   (LST)  VALUE       VALUE  FROM      YEAR
                                                  NORMAL
..................................................................
TEMPERATURE (F)
 YESTERDAY
  MAXIMUM         72    429 PM  MM      MM  74     -2       70
  MINIMUM         46    434 AM  MM      MM  54     -8       49
  AVERAGE         59                        64     -5       60

PRECIPITATION (IN)
  YESTERDAY        0.00         MM      MM   0.07  -0.07     0.00
  MONTH TO DATE    0.99                      2.63  -1.64     0.87
  SINCE SEP 1      5.03                      6.00  -0.97     2.27
  SINCE JAN 1     33.52                     39.16  -5.64    51.34

DEGREE DAYS
 HEATING
  YESTERDAY        6                         3      3        5
  MONTH TO DATE   22                        41    -19       10
  SINCE SEP 1     25                        44    -19       10
  SINCE JUL 1     25                        44    -19       10

 COOLING
  YESTERDAY        0                         2     -2        0
  MONTH TO DATE  141                        92     49      117
  SINCE SEP 1    523                       412    111      461
  SINCE JAN 1   2594                      2223    371     2063
..................................................................


WIND (MPH)
  HIGHEST WIND SPEED    12   HIGHEST WIND DIRECTION    NW (330)
  HIGHEST GUST SPEED    16   HIGHEST GUST DIRECTION     N (340)
  AVERAGE WIND SPEED     4.7


SKY COVER
  AVERAGE SKY COVER 0.0


WEATHER CONDITIONS
 THE FOLLOWING WEATHER WAS RECORDED YESTERDAY.
  NO SIGNIFICANT WEATHER WAS OBSERVED.


RELATIVE HUMIDITY (PERCENT)
 HIGHEST    76           700 AM
 LOWEST     28           200 PM

..........................................................


THE AUGUSTA DANIEL FIELD GA CLIMATE NORMALS FOR TODAY
                         NORMAL    RECORD    YEAR
 MAXIMUM TEMPERATURE (F)   73        MM        MM
 MINIMUM TEMPERATURE (F)   54        MM        MM


SUNRISE AND SUNSET
OCTOBER 24 2014.......SUNRISE   740 AM EDT   SUNSET   644 PM EDT
OCTOBER 25 2014.......SUNRISE   741 AM EDT   SUNSET   643 PM EDT


-  INDICATES NEGATIVE NUMBERS.
R  INDICATES RECORD WAS SET OR TIED.
MM INDICATES DATA IS MISSING.
T  INDICATES TRACE AMOUNT.




$$
