000
CDUS42 KCAE 270551
CLIDNL


CLIMATE REPORT
NATIONAL WEATHER SERVICE COLUMBIA SC
150 AM EDT FRI MAY 27 2016


...................................

...THE AUGUSTA DANIEL FIELD GA CLIMATE SUMMARY FOR MAY 26 2016...

CLIMATE NORMAL PERIOD 1981 TO 2010
CLIMATE RECORD PERIOD 9999 TO 9999


WEATHER ITEM   OBSERVED TIME   NORMAL DEPARTURE LAST
                VALUE   (LST)  VALUE  FROM      YEAR
                                      NORMAL
......................................................
TEMPERATURE (F)
 YESTERDAY
  MAXIMUM         91    351 PM  86      5       90
  MINIMUM         67    549 AM  66      1       70
  AVERAGE         79            76      3       80

PRECIPITATION (IN)
  YESTERDAY        0.00          0.14  -0.14     0.75
  MONTH TO DATE    3.03          2.48   0.55     1.45
  SINCE MAR 1      8.26          9.74  -1.48     7.51
  SINCE JAN 1     12.87         17.98  -5.11    12.44

DEGREE DAYS
 HEATING
  YESTERDAY        0             0      0        0
  MONTH TO DATE    7             8     -1        2
  SINCE MAR 1    162           354   -192      181
  SINCE JUL 1   1463          2167   -704     2036

 COOLING
  YESTERDAY       14            11      3       15
  MONTH TO DATE  229           199     30      284
  SINCE MAR 1    456           296    160      475
  SINCE JAN 1    462           300    162      475
......................................................


WIND (MPH)
  HIGHEST WIND SPEED    14   HIGHEST WIND DIRECTION    SE (150)
  HIGHEST GUST SPEED    19   HIGHEST GUST DIRECTION     S (160)
  AVERAGE WIND SPEED     7.1


SKY COVER
  AVERAGE SKY COVER 0.3


WEATHER CONDITIONS
 THE FOLLOWING WEATHER WAS RECORDED YESTERDAY.
  NO SIGNIFICANT WEATHER WAS OBSERVED.


RELATIVE HUMIDITY (PERCENT)
 HIGHEST    76           600 AM
 LOWEST     37           200 PM

..........................................................


THE AUGUSTA DANIEL FIELD GA CLIMATE NORMALS FOR TODAY
                         NORMAL    RECORD    YEAR
 MAXIMUM TEMPERATURE (F)   86        MM        MM
 MINIMUM TEMPERATURE (F)   66        MM        MM


SUNRISE AND SUNSET
MAY 27 2016...........SUNRISE   621 AM EDT   SUNSET   830 PM EDT
MAY 28 2016...........SUNRISE   620 AM EDT   SUNSET   831 PM EDT


-  INDICATES NEGATIVE NUMBERS.
R  INDICATES RECORD WAS SET OR TIED.
MM INDICATES DATA IS MISSING.
T  INDICATES TRACE AMOUNT.




$$
