000
CDUS42 KCAE 270643
CLIDNL


CLIMATE REPORT
NATIONAL WEATHER SERVICE COLUMBIA SC
243 AM EDT FRI MAR 27 2015


...................................

...THE AUGUSTA DANIEL FIELD GA CLIMATE SUMMARY FOR MARCH 26 2015...

CLIMATE NORMAL PERIOD 1981 TO 2010
CLIMATE RECORD PERIOD 9999 TO 9999


WEATHER ITEM   OBSERVED TIME   NORMAL DEPARTURE LAST
                VALUE   (LST)  VALUE  FROM      YEAR
                                      NORMAL
......................................................
TEMPERATURE (F)
 YESTERDAY
  MAXIMUM         76    353 PM  71      5       56
  MINIMUM         62    250 AM  49     13       32
  AVERAGE         69            60      9       44

PRECIPITATION (IN)
  YESTERDAY        0.00          0.15  -0.15     0.00
  MONTH TO DATE    2.39          3.54  -1.15     2.38
  SINCE MAR 1      2.39          3.54  -1.15     2.38
  SINCE JAN 1      7.32         11.78  -4.46     8.67

DEGREE DAYS
 HEATING
  YESTERDAY        0             6     -6       21
  MONTH TO DATE  114           222   -108      290
  SINCE MAR 1    114           222   -108      290
  SINCE JUL 1   1969          2035    -66     2126

 COOLING
  YESTERDAY        4             1      3        0
  MONTH TO DATE   43            24     19        5
  SINCE MAR 1     43            24     19        5
  SINCE JAN 1     43            28     15       13
......................................................


WIND (MPH)
  HIGHEST WIND SPEED    17   HIGHEST WIND DIRECTION     S (200)
  HIGHEST GUST SPEED    22   HIGHEST GUST DIRECTION     S (200)
  AVERAGE WIND SPEED     7.9


SKY COVER
  AVERAGE SKY COVER 0.6


WEATHER CONDITIONS
 THE FOLLOWING WEATHER WAS RECORDED YESTERDAY.
  FOG
  FOG W/VISIBILITY <= 1/4 MILE


RELATIVE HUMIDITY (PERCENT)
 HIGHEST    93           200 AM
 LOWEST     50           100 PM

..........................................................


THE AUGUSTA DANIEL FIELD GA CLIMATE NORMALS FOR TODAY
                         NORMAL    RECORD    YEAR
 MAXIMUM TEMPERATURE (F)   71        MM        MM
 MINIMUM TEMPERATURE (F)   49        MM        MM


SUNRISE AND SUNSET
MARCH 27 2015.........SUNRISE   723 AM EDT   SUNSET   745 PM EDT
MARCH 28 2015.........SUNRISE   721 AM EDT   SUNSET   746 PM EDT


-  INDICATES NEGATIVE NUMBERS.
R  INDICATES RECORD WAS SET OR TIED.
MM INDICATES DATA IS MISSING.
T  INDICATES TRACE AMOUNT.




$$
