000
CDUS43 KLOT 240636
CLIDPA


CLIMATE REPORT
NATIONAL WEATHER SERVICE CHICAGO IL
136 AM CDT TUE MAY 24 2016


...................................

...THE DU PAGE  AIRPORT CLIMATE SUMMARY FOR MAY 23 2016...

CLIMATE NORMAL PERIOD 1981 TO 2010
CLIMATE RECORD PERIOD 1997 TO 2016


WEATHER ITEM   OBSERVED TIME   RECORD YEAR NORMAL DEPARTURE LAST
                VALUE   (LST)  VALUE       VALUE  FROM      YEAR
                                                  NORMAL
..................................................................
TEMPERATURE (F)
 YESTERDAY
  MAXIMUM         81    419 PM  89    2010  73      8       81
  MINIMUM         48    413 AM  37    2013  50     -2       41
  AVERAGE         65                        62      3       61

PRECIPITATION (IN)
  YESTERDAY        0.00          0.28        0.17  -0.17     0.00
  MONTH TO DATE    4.56                      3.48   1.08     3.08
  SINCE MAR 1     10.48                      9.19   1.29     7.82
  SINCE JAN 1     12.68                     11.92   0.76     9.65

SNOWFALL (IN)
  YESTERDAY        0.0
  MONTH TO DATE    0.0
  SINCE JUL 1     21.6

DEGREE DAYS
 HEATING
  YESTERDAY        0                         5     -5        4
  MONTH TO DATE  233                       181     52      165
  SINCE MAR 1   1424                      1492    -68     1574
  SINCE JUL 1   5627                      6247   -620     6766

 COOLING
  YESTERDAY        0                         2     -2        0
  MONTH TO DATE    0                        23    -23       27
  SINCE MAR 1      6                        27    -21       27
  SINCE JAN 1      6                        27    -21       27
..................................................................


WIND (MPH)
  RESULTANT WIND SPEED   5   RESULTANT WIND DIRECTION   S (160)
  HIGHEST WIND SPEED    15   HIGHEST WIND DIRECTION    SE (150)
  HIGHEST GUST SPEED    21   HIGHEST GUST DIRECTION     S (180)
  AVERAGE WIND SPEED     5.7



WEATHER CONDITIONS
 THE FOLLOWING WEATHER WAS RECORDED YESTERDAY.
  NO SIGNIFICANT WEATHER WAS OBSERVED.


..........................................................


THE DU PAGE  AIRPORT CLIMATE NORMALS FOR TODAY
                         NORMAL    RECORD    YEAR
 MAXIMUM TEMPERATURE (F)   74        91      2010
 MINIMUM TEMPERATURE (F)   51        34      2013


SUNRISE AND SUNSET
MAY 24 2016...........SUNRISE   525 AM CDT   SUNSET   816 PM CDT
MAY 25 2016...........SUNRISE   524 AM CDT   SUNSET   817 PM CDT


-  INDICATES NEGATIVE NUMBERS.
R  INDICATES RECORD WAS SET OR TIED.
MM INDICATES DATA IS MISSING.
T  INDICATES TRACE AMOUNT.




$$
