000
CDUS43 KLOT 290634
CLIDPA


CLIMATE REPORT
NATIONAL WEATHER SERVICE CHICAGO IL
1233 AM CST SAT NOV 29 2014


...................................

...THE DU PAGE  AIRPORT CLIMATE SUMMARY FOR NOVEMBER 28 2014...

CLIMATE NORMAL PERIOD 1981 TO 2010
CLIMATE RECORD PERIOD 1997 TO 2014


WEATHER ITEM   OBSERVED TIME   RECORD YEAR NORMAL DEPARTURE LAST
                VALUE   (LST)  VALUE       VALUE  FROM      YEAR
                                                  NORMAL
..................................................................
TEMPERATURE (F)
 YESTERDAY
  MAXIMUM         35    908 PM  66    1998  42     -7       34
  MINIMUM         13   1226 AM  11    2002  26    -13       16
  AVERAGE         24                        34    -10       25

PRECIPITATION (IN)
  YESTERDAY        0.00          0.69        0.10  -0.10     0.00
  MONTH TO DATE    1.03                      2.88  -1.85     2.21
  SINCE SEP 1      6.24                      9.36  -3.12     6.82
  SINCE JAN 1     28.86                     34.99  -6.13    34.18

SNOWFALL (IN)
  YESTERDAY        0.0
  MONTH TO DATE    0.9
  SINCE JUL 1      0.9

DEGREE DAYS
 HEATING
  YESTERDAY       41                        31     10       40
  MONTH TO DATE  871                       678    193      805
  SINCE SEP 1   1397                      1180    217     1342
  SINCE JUL 1   1406                      1189    217     1368

 COOLING
  YESTERDAY        0                         0      0        0
  MONTH TO DATE    0                         0      0        0
  SINCE SEP 1     78                        90    -12      118
  SINCE JAN 1    767                       814    -47      745
..................................................................


WIND (MPH)
  RESULTANT WIND SPEED   9   RESULTANT WIND DIRECTION   S (160)
  HIGHEST WIND SPEED    20   HIGHEST WIND DIRECTION     S (170)
  HIGHEST GUST SPEED    25   HIGHEST GUST DIRECTION     S (160)
  AVERAGE WIND SPEED     9.6



WEATHER CONDITIONS
 THE FOLLOWING WEATHER WAS RECORDED YESTERDAY.
  NO SIGNIFICANT WEATHER WAS OBSERVED.


..........................................................


THE DU PAGE  AIRPORT CLIMATE NORMALS FOR TODAY
                         NORMAL    RECORD    YEAR
 MAXIMUM TEMPERATURE (F)   42        66      1998
 MINIMUM TEMPERATURE (F)   25        10      2013


SUNRISE AND SUNSET
NOVEMBER 29 2014......SUNRISE   659 AM CST   SUNSET   423 PM CST
NOVEMBER 30 2014......SUNRISE   700 AM CST   SUNSET   423 PM CST


-  INDICATES NEGATIVE NUMBERS.
R  INDICATES RECORD WAS SET OR TIED.
MM INDICATES DATA IS MISSING.
T  INDICATES TRACE AMOUNT.




$$
