000
CDUS43 KLOT 280636
CLIDPA


CLIMATE REPORT
NATIONAL WEATHER SERVICE CHICAGO IL
135 AM CDT THU AUG 28 2014


...................................

...THE DU PAGE  AIRPORT CLIMATE SUMMARY FOR AUGUST 27 2014...

CLIMATE NORMAL PERIOD 1981 TO 2010
CLIMATE RECORD PERIOD 1997 TO 2014


WEATHER ITEM   OBSERVED TIME   RECORD YEAR NORMAL DEPARTURE LAST
                VALUE   (LST)  VALUE       VALUE  FROM      YEAR
                                                  NORMAL
..................................................................
TEMPERATURE (F)
 YESTERDAY
  MAXIMUM         84    104 PM  92    2013  81      3       92
  MINIMUM         63   1158 PM  54    2008  60      3       72
  AVERAGE         74                        71      3       82

PRECIPITATION (IN)
  YESTERDAY        0.00          0.63        0.15  -0.15     0.00
  MONTH TO DATE    5.58                      4.13   1.45     1.02
  SINCE JUN 1     14.70                     12.14   2.56     8.87
  SINCE JAN 1     22.34                     25.16  -2.82    26.16

SNOWFALL (IN)
  YESTERDAY        0.0

DEGREE DAYS
 HEATING
  YESTERDAY        0                         0      0        0
  MONTH TO DATE    0                         0      0        7
  SINCE JUN 1     27                        38    -11       80
  SINCE JUL 1      9                         2      7       26

 COOLING
  YESTERDAY        9                         6      3       17
  MONTH TO DATE  216                       199     17      145
  SINCE JUN 1    577                       655    -78      503
  SINCE JAN 1    646                       701    -55      580
..................................................................


WIND (MPH)
  RESULTANT WIND SPEED   4   RESULTANT WIND DIRECTION  NE (40)
  HIGHEST WIND SPEED    13   HIGHEST WIND DIRECTION    NE (60)
  HIGHEST GUST SPEED    15   HIGHEST GUST DIRECTION    NE (60)
  AVERAGE WIND SPEED     5.1



WEATHER CONDITIONS
 THE FOLLOWING WEATHER WAS RECORDED YESTERDAY.
  NO SIGNIFICANT WEATHER WAS OBSERVED.


..........................................................


THE DU PAGE  AIRPORT CLIMATE NORMALS FOR TODAY
                         NORMAL    RECORD    YEAR
 MAXIMUM TEMPERATURE (F)   81        92      2003
 MINIMUM TEMPERATURE (F)   60        54      2003


SUNRISE AND SUNSET
AUGUST 28 2014........SUNRISE   614 AM CDT   SUNSET   733 PM CDT
AUGUST 29 2014........SUNRISE   616 AM CDT   SUNSET   731 PM CDT


-  INDICATES NEGATIVE NUMBERS.
R  INDICATES RECORD WAS SET OR TIED.
MM INDICATES DATA IS MISSING.
T  INDICATES TRACE AMOUNT.




$$
