430
CDUS45 KGJT 240732
CLIDRO


CLIMATE REPORT
NATIONAL WEATHER SERVICE GRAND JUNCTION CO
129 AM MDT TUE OCT 24 2017


...................................

...THE DURANGO AIRPORT CO CLIMATE SUMMARY FOR OCTOBER 23 2017...

CLIMATE NORMAL PERIOD 1981 TO 2010
CLIMATE RECORD PERIOD 9999 TO 9999


WEATHER ITEM   OBSERVED TIME   RECORD YEAR NORMAL DEPARTURE LAST
                VALUE   (LST)  VALUE       VALUE  FROM      YEAR
                                                  NORMAL
..................................................................
TEMPERATURE (F)
 YESTERDAY
  MAXIMUM         72    325 PM  MM      MM  60     12       73
  MINIMUM         28    538 AM  MM      MM  29     -1       32
  AVERAGE         50                        44      6       53

PRECIPITATION (IN)
  YESTERDAY        0.00         MM      MM   0.03  -0.03     0.00
  MONTH TO DATE    T                         1.04  -1.04     0.58
  SINCE SEP 1      1.24                      2.95  -1.71     1.72
  SINCE JAN 1      8.95                     12.92  -3.97     8.83

SNOWFALL (IN)
  YESTERDAY       MM            MM      MM  MM     MM       MM
  MONTH TO DATE   MM                        MM     MM       MM
  SINCE SEP 1     MM                        MM     MM       MM
  SINCE JUL 1     MM                        MM     MM       MM
  SNOW DEPTH      MM

DEGREE DAYS
 HEATING
  YESTERDAY       15                        21     -6       12
  MONTH TO DATE  376                       382     -6      346
  SINCE SEP 1    562                       577    -15      544
  SINCE JUL 1    573                       606    -33      591

 COOLING
  YESTERDAY        0                         0      0        0
  MONTH TO DATE    0                         0      0        0
  SINCE SEP 1     42                         6     36        6
  SINCE JAN 1    351                       243    108      319
..................................................................


WIND (MPH)
  HIGHEST WIND SPEED    15   HIGHEST WIND DIRECTION    SW (220)
  HIGHEST GUST SPEED    18   HIGHEST GUST DIRECTION     W (250)
  AVERAGE WIND SPEED     5.4


SKY COVER
  POSSIBLE SUNSHINE  MM
  AVERAGE SKY COVER 0.0


WEATHER CONDITIONS
 THE FOLLOWING WEATHER WAS RECORDED YESTERDAY.
  NO SIGNIFICANT WEATHER WAS OBSERVED.


RELATIVE HUMIDITY (PERCENT)
 HIGHEST    69           500 AM
 LOWEST     17           400 PM
 AVERAGE    43

..........................................................


THE DURANGO AIRPORT CO CLIMATE NORMALS FOR TODAY
                         NORMAL    RECORD    YEAR
 MAXIMUM TEMPERATURE (F)   59        MM        MM
 MINIMUM TEMPERATURE (F)   28        MM        MM


SUNRISE AND SUNSET
OCTOBER 24 2017.......SUNRISE   728 AM MDT   SUNSET   622 PM MDT
OCTOBER 25 2017.......SUNRISE   729 AM MDT   SUNSET   621 PM MDT


-  INDICATES NEGATIVE NUMBERS.
R  INDICATES RECORD WAS SET OR TIED.
MM INDICATES DATA IS MISSING.
T  INDICATES TRACE AMOUNT.




$$
