000
CDUS45 KGJT 180737
CLIDRO


CLIMATE REPORT
NATIONAL WEATHER SERVICE GRAND JUNCTION CO
135 AM MDT THU SEP 18 2014


...................................

...THE DURANGO AIRPORT CO CLIMATE SUMMARY FOR SEPTEMBER 17 2014...

CLIMATE NORMAL PERIOD 1981 TO 2010
CLIMATE RECORD PERIOD 9999 TO 9999


WEATHER ITEM   OBSERVED TIME   RECORD YEAR NORMAL DEPARTURE LAST
                VALUE   (LST)  VALUE       VALUE  FROM      YEAR
                                                  NORMAL
..................................................................
TEMPERATURE (F)
 YESTERDAY
  MAXIMUM         77    250 PM  MM      MM  75      2       76
  MINIMUM         49   1141 PM  MM      MM  42      7       52
  AVERAGE         63                        58      5       64

PRECIPITATION (IN)
  YESTERDAY        0.03         MM      MM   0.08  -0.05      T
  MONTH TO DATE    0.25                      1.12  -0.87     2.69
  SINCE SEP 1      0.25                      1.12  -0.87     2.69
  SINCE JAN 1      5.88                     11.09  -5.21    10.90

SNOWFALL (IN)
  YESTERDAY       MM            MM      MM  MM     MM       MM
  MONTH TO DATE   MM                        MM     MM       MM
  SINCE SEP 1     MM                        MM     MM       MM
  SINCE JUL 1     MM                        MM     MM       MM
  SNOW DEPTH      MM

DEGREE DAYS
 HEATING
  YESTERDAY        2                         7     -5        1
  MONTH TO DATE   35                        72    -37       28
  SINCE SEP 1     35                        72    -37       28
  SINCE JUL 1     62                       101    -39       41

 COOLING
  YESTERDAY        0                         0      0        0
  MONTH TO DATE    8                         3      5       39
  SINCE SEP 1      8                         3      5       39
  SINCE JAN 1    300                       240     60      388
..................................................................


WIND (MPH)
  HIGHEST WIND SPEED    22   HIGHEST WIND DIRECTION     E (70)
  HIGHEST GUST SPEED    30   HIGHEST GUST DIRECTION     N (350)
  AVERAGE WIND SPEED     5.4


SKY COVER
  POSSIBLE SUNSHINE  MM
  AVERAGE SKY COVER 0.2


WEATHER CONDITIONS
 THE FOLLOWING WEATHER WAS RECORDED YESTERDAY.
  THUNDERSTORM
  LIGHT RAIN


RELATIVE HUMIDITY (PERCENT)
 HIGHEST    86           800 PM
 LOWEST     36           300 PM
 AVERAGE    61

..........................................................


THE DURANGO AIRPORT CO CLIMATE NORMALS FOR TODAY
                         NORMAL    RECORD    YEAR
 MAXIMUM TEMPERATURE (F)   75        MM        MM
 MINIMUM TEMPERATURE (F)   41        MM        MM


SUNRISE AND SUNSET
SEPTEMBER 18 2014.....SUNRISE   656 AM MDT   SUNSET   714 PM MDT
SEPTEMBER 19 2014.....SUNRISE   656 AM MDT   SUNSET   712 PM MDT


-  INDICATES NEGATIVE NUMBERS.
R  INDICATES RECORD WAS SET OR TIED.
MM INDICATES DATA IS MISSING.
T  INDICATES TRACE AMOUNT.




$$
