000
CDUS45 KGJT 050735
CLIDRO


CLIMATE REPORT
NATIONAL WEATHER SERVICE GRAND JUNCTION CO
128 AM MDT WED AUG 5 2015


...................................

...THE DURANGO AIRPORT CO CLIMATE SUMMARY FOR AUGUST 4 2015...

CLIMATE NORMAL PERIOD 1981 TO 2010
CLIMATE RECORD PERIOD 9999 TO 9999


WEATHER ITEM   OBSERVED TIME   RECORD YEAR NORMAL DEPARTURE LAST
                VALUE   (LST)  VALUE       VALUE  FROM      YEAR
                                                  NORMAL
..................................................................
TEMPERATURE (F)
 YESTERDAY
  MAXIMUM         87    347 PM  MM      MM  85      2       80
  MINIMUM         50    447 AM  MM      MM  54     -4       57
  AVERAGE         69                        69      0       69

PRECIPITATION (IN)
  YESTERDAY        T            MM      MM   0.09  -0.09     0.01
  MONTH TO DATE    0.06                      0.34  -0.28     0.92
  SINCE JUN 1      3.42                      2.70   0.72     2.22
  SINCE JAN 1     10.92                      8.13   2.79     4.62

SNOWFALL (IN)
  YESTERDAY       MM            MM      MM  MM     MM       MM
  MONTH TO DATE   MM                        MM     MM       MM
  SINCE JUN 1     MM                        MM     MM       MM
  SINCE JUL 1     MM                        MM     MM       MM
  SNOW DEPTH      MM

DEGREE DAYS
 HEATING
  YESTERDAY        0                         0      0        0
  MONTH TO DATE    0                         0      0        0
  SINCE JUN 1     96                       125    -29       88
  SINCE JUL 1     15                        10      5        0

 COOLING
  YESTERDAY        4                         4      0        4
  MONTH TO DATE   13                        17     -4       11
  SINCE JUN 1    167                       167      0      230
  SINCE JAN 1    167                       168     -1      235
..................................................................


WIND (MPH)
  HIGHEST WIND SPEED    23   HIGHEST WIND DIRECTION     W (290)
  HIGHEST GUST SPEED    31   HIGHEST GUST DIRECTION    NW (310)
  AVERAGE WIND SPEED     8.6


SKY COVER
  POSSIBLE SUNSHINE  MM
  AVERAGE SKY COVER 0.2


WEATHER CONDITIONS
 THE FOLLOWING WEATHER WAS RECORDED YESTERDAY.
  LIGHT RAIN


RELATIVE HUMIDITY (PERCENT)
 HIGHEST    77           500 AM
 LOWEST     14           500 PM
 AVERAGE    46

..........................................................


THE DURANGO AIRPORT CO CLIMATE NORMALS FOR TODAY
                         NORMAL    RECORD    YEAR
 MAXIMUM TEMPERATURE (F)   85        MM        MM
 MINIMUM TEMPERATURE (F)   54        MM        MM


SUNRISE AND SUNSET
AUGUST  5 2015........SUNRISE   619 AM MDT   SUNSET   814 PM MDT
AUGUST  6 2015........SUNRISE   620 AM MDT   SUNSET   813 PM MDT


-  INDICATES NEGATIVE NUMBERS.
R  INDICATES RECORD WAS SET OR TIED.
MM INDICATES DATA IS MISSING.
T  INDICATES TRACE AMOUNT.




$$
