000
CDUS45 KGJT 070756
CLIDRO


CLIMATE REPORT
NATIONAL WEATHER SERVICE GRAND JUNCTION CO
130 AM MDT TUE JUL 7 2015


...................................

...THE DURANGO AIRPORT CO CLIMATE SUMMARY FOR JULY 6 2015...

CLIMATE NORMAL PERIOD 1981 TO 2010
CLIMATE RECORD PERIOD 9999 TO 9999


WEATHER ITEM   OBSERVED TIME   RECORD YEAR NORMAL DEPARTURE LAST
                VALUE   (LST)  VALUE       VALUE  FROM      YEAR
                                                  NORMAL
..................................................................
TEMPERATURE (F)
 YESTERDAY
  MAXIMUM         82   1251 PM  MM      MM  86     -4       89
  MINIMUM         53    540 AM  MM      MM  49      4       49
  AVERAGE         68                        67      1       69

PRECIPITATION (IN)
  YESTERDAY        0.02         MM      MM   0.04  -0.02     0.00
  MONTH TO DATE    0.12                      0.18  -0.06      T
  SINCE JUN 1      1.78                      0.82   0.96      T
  SINCE JAN 1      9.28                      6.25   3.03     2.40

SNOWFALL (IN)
  YESTERDAY       MM            MM      MM  MM     MM       MM
  MONTH TO DATE   MM                        MM     MM       MM
  SINCE JUN 1     MM                        MM     MM       MM
  SINCE JUL 1     MM                        MM     MM       MM
  SNOW DEPTH      MM

DEGREE DAYS
 HEATING
  YESTERDAY        0                         1     -1        0
  MONTH TO DATE    0                         6     -6        0
  SINCE JUN 1     81                       121    -40       88
  SINCE JUL 1      0                         6     -6        0

 COOLING
  YESTERDAY        3                         3      0        4
  MONTH TO DATE   33                        16     17       34
  SINCE JUN 1    102                        44     58       48
  SINCE JAN 1    102                        45     57       53
..................................................................


WIND (MPH)
  HIGHEST WIND SPEED    28   HIGHEST WIND DIRECTION    NW (320)
  HIGHEST GUST SPEED    35   HIGHEST GUST DIRECTION    NW (310)
  AVERAGE WIND SPEED     4.3


SKY COVER
  POSSIBLE SUNSHINE  MM
  AVERAGE SKY COVER 0.3


WEATHER CONDITIONS
 THE FOLLOWING WEATHER WAS RECORDED YESTERDAY.
  THUNDERSTORM
  LIGHT RAIN


RELATIVE HUMIDITY (PERCENT)
 HIGHEST    84           500 PM
 LOWEST     28           100 PM
 AVERAGE    56

..........................................................


THE DURANGO AIRPORT CO CLIMATE NORMALS FOR TODAY
                         NORMAL    RECORD    YEAR
 MAXIMUM TEMPERATURE (F)   86        MM        MM
 MINIMUM TEMPERATURE (F)   50        MM        MM


SUNRISE AND SUNSET
JULY  7 2015..........SUNRISE   558 AM MDT   SUNSET   834 PM MDT
JULY  8 2015..........SUNRISE   558 AM MDT   SUNSET   834 PM MDT


-  INDICATES NEGATIVE NUMBERS.
R  INDICATES RECORD WAS SET OR TIED.
MM INDICATES DATA IS MISSING.
T  INDICATES TRACE AMOUNT.




$$
