644
CDUS44 KEWX 300705
CLIDRT


CLIMATE REPORT
NATIONAL WEATHER SERVICE AUSTIN/SAN ANTONIO, TX
205 AM CDT TUE MAY 30 2017


...................................

...THE DEL RIO CLIMATE SUMMARY FOR MAY 29 2017...

CLIMATE NORMAL PERIOD 1981 TO 2010
CLIMATE RECORD PERIOD 1906 TO 2017


WEATHER ITEM   OBSERVED TIME   RECORD YEAR NORMAL DEPARTURE LAST
                VALUE   (LST)  VALUE       VALUE  FROM      YEAR
                                                  NORMAL
..................................................................
TEMPERATURE (F)
 YESTERDAY
  MAXIMUM         87    523 PM 104    1927  92     -5       88
                                      1912
  MINIMUM         70    539 AM  57    1992  71     -1       70
  AVERAGE         79                        82     -3       79

PRECIPITATION (IN)
  YESTERDAY        0.00          2.87 1925   0.11  -0.11      T
  MONTH TO DATE    3.82                      2.60   1.22     1.50
  SINCE MAR 1      9.97                      5.39   4.58     7.74
  SINCE JAN 1     10.94                      6.99   3.95     8.49

SNOWFALL (IN)
  YESTERDAY        0.0
  MONTH TO DATE    0.0
  SINCE MAR 1      0.0
  SINCE JUL 1      0.0

DEGREE DAYS
 HEATING
  YESTERDAY        0                         0      0        0
  MONTH TO DATE    0                         0      0        1
  SINCE MAR 1     47                       139    -92       70
  SINCE JUL 1    840                      1375   -535     1050

 COOLING
  YESTERDAY       14                        17     -3       14
  MONTH TO DATE  356                       396    -40      348
  SINCE MAR 1    744                       706     38      668
  SINCE JAN 1    807                       725     82      703
..................................................................


WIND (MPH)
  HIGHEST WIND SPEED    16   HIGHEST WIND DIRECTION    SE (140)
  HIGHEST GUST SPEED    23   HIGHEST GUST DIRECTION    SE (140)
  AVERAGE WIND SPEED     7.6


SKY COVER
  AVERAGE SKY COVER 0.4


WEATHER CONDITIONS
 THE FOLLOWING WEATHER WAS RECORDED YESTERDAY.
  NO SIGNIFICANT WEATHER WAS OBSERVED.


RELATIVE HUMIDITY (PERCENT)
 HIGHEST    97           300 AM
 LOWEST     50           500 PM
 AVERAGE    74

..........................................................


THE DEL RIO CLIMATE NORMALS FOR TODAY
                         NORMAL    RECORD    YEAR
 MAXIMUM TEMPERATURE (F)   93       106      2004
                                             1979
 MINIMUM TEMPERATURE (F)   71        59      1984


SUNRISE AND SUNSET
MAY 30 2017...........SUNRISE   645 AM CDT   SUNSET   838 PM CDT
MAY 31 2017...........SUNRISE   645 AM CDT   SUNSET   838 PM CDT


-  INDICATES NEGATIVE NUMBERS.
R  INDICATES RECORD WAS SET OR TIED.
MM INDICATES DATA IS MISSING.
T  INDICATES TRACE AMOUNT.




$$
