000
CDUS44 KEWX 040805
CLIDRT


CLIMATE REPORT
NATIONAL WEATHER SERVICE AUSTIN/SAN ANTONIO, TX
201 AM CST WED MAR 4 2015


...................................

...THE DEL RIO CLIMATE SUMMARY FOR MARCH 3 2015...

CLIMATE NORMAL PERIOD 1981 TO 2010
CLIMATE RECORD PERIOD 1906 TO 2015


WEATHER ITEM   OBSERVED TIME   RECORD YEAR NORMAL DEPARTURE LAST
                VALUE   (LST)  VALUE       VALUE  FROM      YEAR
                                                  NORMAL
..................................................................
TEMPERATURE (F)
 YESTERDAY
  MAXIMUM         61    527 PM  91    1909  73    -12       48
  MINIMUM         48    732 AM  23    2002  49     -1       30
  AVERAGE         55                        61     -6       39

PRECIPITATION (IN)
  YESTERDAY        0.00          1.34 1992   0.04  -0.04     0.00
  MONTH TO DATE    0.00                      0.12  -0.12      T
  SINCE MAR 1      0.00                      0.12  -0.12      T
  SINCE JAN 1      0.99                      1.72  -0.73     0.22

SNOWFALL (IN)
  YESTERDAY        0.0
  MONTH TO DATE    0.0
  SINCE MAR 1      0.0
  SINCE JUL 1      0.0

DEGREE DAYS
 HEATING
  YESTERDAY       10                         6      4       26
  MONTH TO DATE   44                        18     26       33
  SINCE MAR 1     44                        18     26       33
  SINCE JUL 1   1371                      1254    117     1440

 COOLING
  YESTERDAY        0                         2     -2        0
  MONTH TO DATE    0                         4     -4        5
  SINCE MAR 1      0                         4     -4        5
  SINCE JAN 1     15                        23     -8       50
..................................................................


WIND (MPH)
  HIGHEST WIND SPEED    14   HIGHEST WIND DIRECTION    SE (120)
  HIGHEST GUST SPEED    17   HIGHEST GUST DIRECTION    SE (130)
  AVERAGE WIND SPEED     7.7


SKY COVER
  AVERAGE SKY COVER 0.9


WEATHER CONDITIONS
 THE FOLLOWING WEATHER WAS RECORDED YESTERDAY.
  FOG
  HAZE


RELATIVE HUMIDITY (PERCENT)
 HIGHEST    93          1200 AM
 LOWEST     67           300 PM
 AVERAGE    80

..........................................................


THE DEL RIO CLIMATE NORMALS FOR TODAY
                         NORMAL    RECORD    YEAR
 MAXIMUM TEMPERATURE (F)   73        92      2013
                                             1938
 MINIMUM TEMPERATURE (F)   49        25      2002


SUNRISE AND SUNSET
MARCH  4 2015.........SUNRISE   706 AM CST   SUNSET   645 PM CST
MARCH  5 2015.........SUNRISE   705 AM CST   SUNSET   646 PM CST


-  INDICATES NEGATIVE NUMBERS.
R  INDICATES RECORD WAS SET OR TIED.
MM INDICATES DATA IS MISSING.
T  INDICATES TRACE AMOUNT.




$$
