000
CDUS44 KEWX 280725
CLIDRT


CLIMATE REPORT
NATIONAL WEATHER SERVICE AUSTIN/SAN ANTONIO, TX
218 AM CDT THU MAY 28 2015


...................................

...THE DEL RIO CLIMATE SUMMARY FOR MAY 27 2015...

CLIMATE NORMAL PERIOD 1981 TO 2010
CLIMATE RECORD PERIOD 1906 TO 2015


WEATHER ITEM   OBSERVED TIME   RECORD YEAR NORMAL DEPARTURE LAST
                VALUE   (LST)  VALUE       VALUE  FROM      YEAR
                                                  NORMAL
..................................................................
TEMPERATURE (F)
 YESTERDAY
  MAXIMUM         89    327 PM 105    2011  92     -3       97
  MINIMUM         77    727 AM  58    1907  71      6       68
  AVERAGE         83                        81      2       83

PRECIPITATION (IN)
  YESTERDAY        T             6.53 2003   0.10  -0.10     0.00
  MONTH TO DATE    7.23                      2.39   4.84     0.73
  SINCE MAR 1     11.15                      5.18   5.97     1.13
  SINCE JAN 1     12.14                      6.78   5.36     1.35

SNOWFALL (IN)
  YESTERDAY        0.0
  MONTH TO DATE    0.0
  SINCE MAR 1      0.0
  SINCE JUL 1      0.0

DEGREE DAYS
 HEATING
  YESTERDAY        0                         0      0        0
  MONTH TO DATE    0                         0      0        4
  SINCE MAR 1    148                       139      9      152
  SINCE JUL 1   1475                      1375    100     1559

 COOLING
  YESTERDAY       18                        16      2       18
  MONTH TO DATE  336                       363    -27      352
  SINCE MAR 1    627                       673    -46      727
  SINCE JAN 1    642                       692    -50      772
..................................................................


WIND (MPH)
  HIGHEST WIND SPEED    24   HIGHEST WIND DIRECTION    SE (130)
  HIGHEST GUST SPEED    33   HIGHEST GUST DIRECTION    SE (130)
  AVERAGE WIND SPEED    11.7


SKY COVER
  AVERAGE SKY COVER 0.6


WEATHER CONDITIONS
 THE FOLLOWING WEATHER WAS RECORDED YESTERDAY.
  FOG
  HAZE


RELATIVE HUMIDITY (PERCENT)
 HIGHEST    88           400 AM
 LOWEST     59           300 PM
 AVERAGE    74

..........................................................


THE DEL RIO CLIMATE NORMALS FOR TODAY
                         NORMAL    RECORD    YEAR
 MAXIMUM TEMPERATURE (F)   92       108      1927
                                             1912
 MINIMUM TEMPERATURE (F)   71        58      1907


SUNRISE AND SUNSET
MAY 28 2015...........SUNRISE   646 AM CDT   SUNSET   836 PM CDT
MAY 29 2015...........SUNRISE   645 AM CDT   SUNSET   837 PM CDT


-  INDICATES NEGATIVE NUMBERS.
R  INDICATES RECORD WAS SET OR TIED.
MM INDICATES DATA IS MISSING.
T  INDICATES TRACE AMOUNT.




$$
