000
CDUS44 KEWX 310710
CLIDRT


CLIMATE REPORT
NATIONAL WEATHER SERVICE AUSTIN/SAN ANTONIO, TX
203 AM CDT THU JUL 31 2014


...................................

...THE DEL RIO CLIMATE SUMMARY FOR JULY 30 2014...

CLIMATE NORMAL PERIOD 1981 TO 2010
CLIMATE RECORD PERIOD 1906 TO 2014


WEATHER ITEM   OBSERVED TIME   RECORD YEAR NORMAL DEPARTURE LAST
                VALUE   (LST)  VALUE       VALUE  FROM      YEAR
                                                  NORMAL
..................................................................
TEMPERATURE (F)
 YESTERDAY
  MAXIMUM        104    433 PM 111    1960  98      6      101
  MINIMUM         77    710 AM  69    1987  76      1       79
                                      1975
  AVERAGE         91                        86      5       90

PRECIPITATION (IN)
  YESTERDAY        0.00          1.73 1978   0.05  -0.05     0.00
  MONTH TO DATE    0.26                      1.73  -1.47     2.77
  SINCE JUN 1      4.95                      4.08   0.87     4.53
  SINCE JAN 1      6.30                     11.28  -4.98     7.75

SNOWFALL (IN)
  YESTERDAY        0.0
  MONTH TO DATE    0.0
  SINCE JUN 1      0.0
  SINCE JUL 1      0.0

DEGREE DAYS
 HEATING
  YESTERDAY        0                         0      0        0
  MONTH TO DATE    0                         0      0        0
  SINCE JUN 1      0                         0      0        0
  SINCE JUL 1      0                         0      0        0

 COOLING
  YESTERDAY       26                        22      4       25
  MONTH TO DATE  670                       625     45      635
  SINCE JUN 1   1298                      1196    102     1260
  SINCE JAN 1   2148                      1955    193     2166
..................................................................


WIND (MPH)
  HIGHEST WIND SPEED    20   HIGHEST WIND DIRECTION    SE (150)
  HIGHEST GUST SPEED    25   HIGHEST GUST DIRECTION     S (160)
  AVERAGE WIND SPEED    11.3


SKY COVER
  AVERAGE SKY COVER 0.0


WEATHER CONDITIONS
 THE FOLLOWING WEATHER WAS RECORDED YESTERDAY.
  NO SIGNIFICANT WEATHER WAS OBSERVED.


RELATIVE HUMIDITY (PERCENT)
 HIGHEST    67           500 AM
 LOWEST     16           500 PM
 AVERAGE    42

..........................................................


THE DEL RIO CLIMATE NORMALS FOR TODAY
                         NORMAL    RECORD    YEAR
 MAXIMUM TEMPERATURE (F)   98       106      1912
 MINIMUM TEMPERATURE (F)   76        68      1971


SUNRISE AND SUNSET
JULY 31 2014..........SUNRISE   703 AM CDT   SUNSET   836 PM CDT
AUGUST  1 2014........SUNRISE   704 AM CDT   SUNSET   836 PM CDT


-  INDICATES NEGATIVE NUMBERS.
R  INDICATES RECORD WAS SET OR TIED.
MM INDICATES DATA IS MISSING.
T  INDICATES TRACE AMOUNT.




$$
