000
CDUS44 KEWX 252244
CLIDRT


CLIMATE REPORT
NATIONAL WEATHER SERVICE AUSTIN/SAN ANTONIO, TX
543 PM CDT TUE APR 25 2017


...................................

...THE DEL RIO CLIMATE SUMMARY FOR APRIL 25 2017...
VALID TODAY AS OF 0543 PM LOCAL TIME.

CLIMATE NORMAL PERIOD 1981 TO 2010
CLIMATE RECORD PERIOD 1906 TO 2017


WEATHER ITEM   OBSERVED TIME   RECORD YEAR NORMAL DEPARTURE LAST
                VALUE   (LST)  VALUE       VALUE  FROM      YEAR
                                                  NORMAL
..................................................................
TEMPERATURE (F)
 TODAY
  MAXIMUM         91    353 PM 103    1996  86      5       90
  MINIMUM         61    643 AM  40    1913  62     -1       67
  AVERAGE         76                        74      2       79

PRECIPITATION (IN)
  TODAY            0.00          2.76 1990   0.07  -0.07     0.00
  MONTH TO DATE    5.64                      1.31   4.33     3.99
  SINCE MAR 1      6.15                      2.45   3.70     6.07
  SINCE JAN 1      7.12                      4.05   3.07     6.82

SNOWFALL (IN)
  TODAY            0.0
  MONTH TO DATE    0.0
  SINCE MAR 1      0.0
  SINCE JUL 1      0.0
  SNOW DEPTH       0

DEGREE DAYS
 HEATING
  TODAY            0                         0      0        0
  MONTH TO DATE   10                        24    -14       14
  SINCE MAR 1     47                       138    -91       69
  SINCE JUL 1    840                      1374   -534     1049

 COOLING
  TODAY           11                         9      2       14
  MONTH TO DATE  175                       173      2      164
  SINCE MAR 1    329                       260     69      261
  SINCE JAN 1    392                       279    113      296
..................................................................


WIND (MPH)
  HIGHEST WIND SPEED    16   HIGHEST WIND DIRECTION     E (100)
  HIGHEST GUST SPEED    20   HIGHEST GUST DIRECTION    SE (120)
  AVERAGE WIND SPEED     9.4



WEATHER CONDITIONS
 THE FOLLOWING WEATHER WAS RECORDED TODAY.
  NO SIGNIFICANT WEATHER WAS OBSERVED.


RELATIVE HUMIDITY (PERCENT)
 HIGHEST    90           600 AM
 LOWEST     41           300 PM
 AVERAGE    66

..........................................................


THE DEL RIO CLIMATE NORMALS FOR TOMORROW
                         NORMAL    RECORD    YEAR
 MAXIMUM TEMPERATURE (F)   86       104      2011
 MINIMUM TEMPERATURE (F)   63        47      1913


SUNRISE AND SUNSET
APRIL 25 2017.........SUNRISE   707 AM CDT   SUNSET   817 PM CDT
APRIL 26 2017.........SUNRISE   706 AM CDT   SUNSET   817 PM CDT


-  INDICATES NEGATIVE NUMBERS.
R  INDICATES RECORD WAS SET OR TIED.
MM INDICATES DATA IS MISSING.
T  INDICATES TRACE AMOUNT.




$$
