000
CDUS44 KEWX 282254
CLIDRT


CLIMATE REPORT
NATIONAL WEATHER SERVICE AUSTIN/SAN ANTONIO, TX
553 PM CDT TUE JUL 28 2015


...................................

...THE DEL RIO CLIMATE SUMMARY FOR JULY 28 2015...
VALID TODAY AS OF 553 PM LOCAL TIME.

CLIMATE NORMAL PERIOD 1981 TO 2010
CLIMATE RECORD PERIOD 1906 TO 2015


WEATHER ITEM   OBSERVED TIME   RECORD YEAR NORMAL DEPARTURE LAST
                VALUE   (LST)  VALUE       VALUE  FROM      YEAR
                                                  NORMAL
..................................................................
TEMPERATURE (F)
 TODAY
  MAXIMUM        100    359 PM 107    1980  97      3      100
  MINIMUM         77    648 AM  66    1994  76      1       79
  AVERAGE         89                        86      3       90

PRECIPITATION (IN)
  TODAY            0.00          2.95 2005   0.05  -0.05     0.00
  MONTH TO DATE    0.04                      1.62  -1.58     0.26
  SINCE JUN 1      3.52                      3.97  -0.45     4.95
  SINCE JAN 1     18.60                     11.17   7.43     6.30

SNOWFALL (IN)
  TODAY            0.0
  MONTH TO DATE    0.0
  SINCE JUN 1      0.0
  SINCE JUL 1      0.0
  SNOW DEPTH       0

DEGREE DAYS
 HEATING
  TODAY            0                         0      0        0
  MONTH TO DATE    0                         0      0        0
  SINCE JUN 1      0                         0      0        0
  SINCE JUL 1      0                         0      0        0

 COOLING
  TODAY           24                        21      3       25
  MONTH TO DATE  593                       582     11      619
  SINCE JUN 1   1094                      1153    -59     1247
  SINCE JAN 1   1774                      1912   -138     2097
..................................................................


WIND (MPH)
  HIGHEST WIND SPEED    20   HIGHEST WIND DIRECTION     E (110)
  HIGHEST GUST SPEED    26   HIGHEST GUST DIRECTION    SE (120)
  AVERAGE WIND SPEED    12.1



WEATHER CONDITIONS
 THE FOLLOWING WEATHER WAS RECORDED TODAY.
  NO SIGNIFICANT WEATHER WAS OBSERVED.


RELATIVE HUMIDITY (PERCENT)
 HIGHEST    82           600 AM
 LOWEST     31           400 PM
 AVERAGE    57

..........................................................


THE DEL RIO CLIMATE NORMALS FOR TOMORROW
                         NORMAL    RECORD    YEAR
 MAXIMUM TEMPERATURE (F)   97       109      1960
 MINIMUM TEMPERATURE (F)   76        69      2002
                                             1987


SUNRISE AND SUNSET
JULY 28 2015..........SUNRISE   701 AM CDT   SUNSET   839 PM CDT
JULY 29 2015..........SUNRISE   702 AM CDT   SUNSET   838 PM CDT


-  INDICATES NEGATIVE NUMBERS.
R  INDICATES RECORD WAS SET OR TIED.
MM INDICATES DATA IS MISSING.
T  INDICATES TRACE AMOUNT.




$$
