000
CDUS45 KTWC 010025
CLIDUG

CLIMATE REPORT
NATIONAL WEATHER SERVICE TUCSON AZ
525 PM MST FRI OCT 31 2014


...................................

...THE DOUGLAS AZ CLIMATE SUMMARY FOR OCTOBER 31 2014...
VALID TODAY AS OF 0500 PM LOCAL TIME.

CLIMATE NORMAL PERIOD 1981 TO 2010
CLIMATE RECORD PERIOD 1948 TO 2014


WEATHER ITEM   OBSERVED TIME   RECORD YEAR NORMAL DEPARTURE LAST
                VALUE   (LST)  VALUE       VALUE  FROM      YEAR
                                                  NORMAL
..................................................................
TEMPERATURE (F)
 TODAY
  MAXIMUM         83    318 PM  87    2011  77      6       72
                                      2008
  MINIMUM         55    236 AM  19    1993  42     13       30
  AVERAGE         69                        59     10       51

PRECIPITATION (IN)
  TODAY            0.00                      0.02  -0.02     0.00
  MONTH TO DATE    1.36                      0.89   0.47     0.00
  SINCE OCT 1      1.36                      0.89   0.47     0.00
  SINCE JAN 1     14.93                     11.44   3.49    17.11

DEGREE DAYS
 HEATING
  TODAY            0                         6     -6       14
  MONTH TO DATE   19                        82    -63      119
  SINCE SEP 1     19                        83    -64      119
  SINCE JUL 1     19                        83    -64      119

 COOLING
  TODAY            4                         0      4        0
  MONTH TO DATE   46                        61    -15       27
  SINCE SEP 1    332                       342    -10      302
  SINCE JAN 1   1778                      1812    -34     1842
..................................................................


WIND (MPH)
  HIGHEST WIND SPEED    24   HIGHEST WIND DIRECTION     E (100)
  HIGHEST GUST SPEED    31   HIGHEST GUST DIRECTION     E (110)
  AVERAGE WIND SPEED    10.8


SKY COVER
  POSSIBLE SUNSHINE  MM
  AVERAGE SKY COVER 0.0


WEATHER CONDITIONS
 THE FOLLOWING WEATHER WAS RECORDED TODAY.
  NO SIGNIFICANT WEATHER WAS OBSERVED.


RELATIVE HUMIDITY (PERCENT)
 HIGHEST    47
 LOWEST     26
 AVERAGE    37

..........................................................


THE DOUGLAS AZ CLIMATE NORMALS FOR TOMORROW
                         NORMAL    RECORD    YEAR
 MAXIMUM TEMPERATURE (F)   76        88      2011
 MINIMUM TEMPERATURE (F)   41        25      1991
                                             1979
                                             1972


SUNRISE AND SUNSET
OCTOBER 31 2014.......SUNRISE   634 AM MST   SUNSET   530 PM MST
NOVEMBER  1 2014......SUNRISE   634 AM MST   SUNSET   529 PM MST


-  INDICATES NEGATIVE NUMBERS.
R  INDICATES RECORD WAS SET OR TIED.
MM INDICATES DATA IS MISSING.
T  INDICATES TRACE AMOUNT.




$$
