000
CDUS45 KTWC 260026 RRA
CLIDUG

CLIMATE REPORT
NATIONAL WEATHER SERVICE TUCSON AZ
525 PM MST THU AUG 25 2016


...................................

...THE DOUGLAS AZ CLIMATE SUMMARY FOR AUGUST 25 2016...
VALID TODAY AS OF 0500 PM LOCAL TIME.

CLIMATE NORMAL PERIOD 1981 TO 2010
CLIMATE RECORD PERIOD 1948 TO 2016


WEATHER ITEM   OBSERVED TIME   RECORD YEAR NORMAL DEPARTURE LAST
                VALUE   (LST)  VALUE       VALUE  FROM      YEAR
                                                  NORMAL
..................................................................
TEMPERATURE (F)
 TODAY
  MAXIMUM         90    321 PM 100    2011  92     -2       92
                                      2002
  MINIMUM         57    526 AM  54    1990  64     -7       68
  AVERAGE         74                        78     -4       80

PRECIPITATION (IN)
  TODAY            0.00                      0.07  -0.07     0.19
  MONTH TO DATE    2.54                      2.63  -0.09     2.08
  SINCE OCT 1     11.37                     11.14   0.23    12.36
  SINCE JAN 1     10.16                      8.59   1.57    10.39

DEGREE DAYS
 COOLING
  TODAY            9                        13     -4       15
  MONTH TO DATE  283                       327    -44      329
  SINCE JUN 1   1260                      1187     73     1166
  SINCE JAN 1   1408                      1388     20     1228
..................................................................


WIND (MPH)
  HIGHEST WIND SPEED    26   HIGHEST WIND DIRECTION    SE (140)
  HIGHEST GUST SPEED    33   HIGHEST GUST DIRECTION    SE (130)
  AVERAGE WIND SPEED     5.4


SKY COVER
  POSSIBLE SUNSHINE  MM
  AVERAGE SKY COVER 0.2


WEATHER CONDITIONS
 THE FOLLOWING WEATHER WAS RECORDED TODAY.
  NO SIGNIFICANT WEATHER WAS OBSERVED.


RELATIVE HUMIDITY (PERCENT)
 HIGHEST    86
 LOWEST     24
 AVERAGE    55

..........................................................


THE DOUGLAS AZ CLIMATE NORMALS FOR TOMORROW
                         NORMAL    RECORD    YEAR
 MAXIMUM TEMPERATURE (F)   92       101      2011
                                             2001
 MINIMUM TEMPERATURE (F)   64        56      1948


SUNRISE AND SUNSET
AUGUST 25 2016........SUNRISE   550 AM MST   SUNSET   650 PM MST
AUGUST 26 2016........SUNRISE   551 AM MST   SUNSET   649 PM MST


-  INDICATES NEGATIVE NUMBERS.
R  INDICATES RECORD WAS SET OR TIED.
MM INDICATES DATA IS MISSING.
T  INDICATES TRACE AMOUNT.




$$
