000
CDUS45 KTWC 030733
CLIDUG

CLIMATE REPORT
NATIONAL WEATHER SERVICE TUCSON AZ
1232 AM MST TUE MAR 3 2015


...................................

...THE DOUGLAS AZ CLIMATE SUMMARY FOR MARCH 2 2015...

CLIMATE NORMAL PERIOD 1981 TO 2010
CLIMATE RECORD PERIOD 1948 TO 2015


WEATHER ITEM   OBSERVED TIME   RECORD YEAR NORMAL DEPARTURE LAST
                VALUE   (LST)  VALUE       VALUE  FROM      YEAR
                                                  NORMAL
..................................................................
TEMPERATURE (F)
 YESTERDAY
  MAXIMUM         65    118 PM  86    2009  69     -4       62
  MINIMUM         50   1159 PM  18    1971  35     15       42
  AVERAGE         58                        52      6       52

PRECIPITATION (IN)
  YESTERDAY        0.00          0.83 1992   0.02  -0.02     0.09
  MONTH TO DATE    0.00                      0.04  -0.04     0.43
  SINCE OCT 1      3.48                      3.98  -0.50     1.25
  SINCE JAN 1      1.51                      1.43   0.08     0.43

DEGREE DAYS
 HEATING
  YESTERDAY        7                        13     -6       13
  MONTH TO DATE   16                        26    -10       19
  SINCE MAR 1     16                        26    -10       19
  SINCE JUL 1   1854                      2062   -208     1983

 COOLING
  YESTERDAY        0                         0      0        0
  MONTH TO DATE    0                         0      0        0
  SINCE MAR 1      0                         0      0        0
  SINCE JAN 1      0                         0      0        0
..................................................................


WIND (MPH)
  HIGHEST WIND SPEED    33   HIGHEST WIND DIRECTION     S (190)
  HIGHEST GUST SPEED    41   HIGHEST GUST DIRECTION    SW (210)
  AVERAGE WIND SPEED    20.7


SKY COVER
  POSSIBLE SUNSHINE  MM
  AVERAGE SKY COVER 0.4


WEATHER CONDITIONS
 THE FOLLOWING WEATHER WAS RECORDED YESTERDAY.
  NO SIGNIFICANT WEATHER WAS OBSERVED.


RELATIVE HUMIDITY (PERCENT)
 HIGHEST    72
 LOWEST     36
 AVERAGE    54

..........................................................


THE DOUGLAS AZ CLIMATE NORMALS FOR TODAY
                         NORMAL    RECORD    YEAR
 MAXIMUM TEMPERATURE (F)   70        86      2009
 MINIMUM TEMPERATURE (F)   35        14      2002


SUNRISE AND SUNSET
MARCH  3 2015.........SUNRISE   643 AM MST   SUNSET   618 PM MST
MARCH  4 2015.........SUNRISE   642 AM MST   SUNSET   619 PM MST


-  INDICATES NEGATIVE NUMBERS.
R  INDICATES RECORD WAS SET OR TIED.
MM INDICATES DATA IS MISSING.
T  INDICATES TRACE AMOUNT.




$$
