000
CDUS45 KTWC 160734
CLIDUG

CLIMATE REPORT
NATIONAL WEATHER SERVICE TUCSON AZ
1230 AM MST WED APR 16 2014


...................................

...THE DOUGLAS AZ CLIMATE SUMMARY FOR APRIL 15 2014...

CLIMATE NORMAL PERIOD 1981 TO 2010
CLIMATE RECORD PERIOD 1948 TO 2014


WEATHER ITEM   OBSERVED TIME   RECORD YEAR NORMAL DEPARTURE LAST
                VALUE   (LST)  VALUE       VALUE  FROM      YEAR
                                                  NORMAL
..................................................................
TEMPERATURE (F)
 YESTERDAY
  MAXIMUM         82    533 PM  90    1962  79      3       82
  MINIMUM         42    517 AM  28    1983  43     -1       47
  AVERAGE         62                        61      1       65

PRECIPITATION (IN)
  YESTERDAY        0.00          0.30 1966   0.01  -0.01     0.00
  MONTH TO DATE    0.00                      0.11  -0.11     0.01
  SINCE OCT 1      1.26                      4.55  -3.29     1.50
  SINCE JAN 1      0.44                      2.00  -1.56     0.87

DEGREE DAYS
 HEATING
  YESTERDAY        3                         5     -2        0
  MONTH TO DATE   86                        92     -6       72
  SINCE MAR 1    336                       417    -81      311
  SINCE JUL 1   2300                      2453   -153     2515

 COOLING
  YESTERDAY        0                         1     -1        0
  MONTH TO DATE    6                         3      3        2
  SINCE MAR 1      6                         4      2        4
  SINCE JAN 1      6                         4      2        4
..................................................................


WIND (MPH)
  HIGHEST WIND SPEED    16   HIGHEST WIND DIRECTION    SE (140)
  HIGHEST GUST SPEED    19   HIGHEST GUST DIRECTION     S (190)
  AVERAGE WIND SPEED     7.1


SKY COVER
  POSSIBLE SUNSHINE  MM
  AVERAGE SKY COVER 0.0


WEATHER CONDITIONS
 THE FOLLOWING WEATHER WAS RECORDED YESTERDAY.
  NO SIGNIFICANT WEATHER WAS OBSERVED.


RELATIVE HUMIDITY (PERCENT)
 HIGHEST    27
 LOWEST      5
 AVERAGE    16

..........................................................


THE DOUGLAS AZ CLIMATE NORMALS FOR TODAY
                         NORMAL    RECORD    YEAR
 MAXIMUM TEMPERATURE (F)   80        92      1962
 MINIMUM TEMPERATURE (F)   43        31      1976


SUNRISE AND SUNSET
APRIL 16 2014.........SUNRISE   549 AM MST   SUNSET   648 PM MST
APRIL 17 2014.........SUNRISE   548 AM MST   SUNSET   649 PM MST


-  INDICATES NEGATIVE NUMBERS.
R  INDICATES RECORD WAS SET OR TIED.
MM INDICATES DATA IS MISSING.
T  INDICATES TRACE AMOUNT.

$$
