000
CDUS45 KTWC 290029
CLIDUG

CLIMATE REPORT
NATIONAL WEATHER SERVICE TUCSON AZ
528 PM MST FRI NOV 28 2014


...................................

...THE DOUGLAS AZ CLIMATE SUMMARY FOR NOVEMBER 28 2014...
VALID TODAY AS OF 0500 PM LOCAL TIME.

CLIMATE NORMAL PERIOD 1981 TO 2010
CLIMATE RECORD PERIOD 1948 TO 2014


WEATHER ITEM   OBSERVED TIME   RECORD YEAR NORMAL DEPARTURE LAST
                VALUE   (LST)  VALUE       VALUE  FROM      YEAR
                                                  NORMAL
..................................................................
TEMPERATURE (F)
 TODAY
  MAXIMUM         75    322 PM  80    1949  66      9       67
  MINIMUM         25    655 AM  16    2005  32     -7       23
  AVERAGE         50                        49      1       45

PRECIPITATION (IN)
  TODAY            0.00                      0.02  -0.02     0.00
  MONTH TO DATE    0.01                      0.64  -0.63     0.52
  SINCE OCT 1      1.37                      1.53  -0.16     0.52
  SINCE JAN 1     14.94                     12.08   2.86    17.63

DEGREE DAYS
 HEATING
  TODAY           15                        16     -1       20
  MONTH TO DATE  348                       320     28      298
  SINCE SEP 1    367                       403    -36      417
  SINCE JUL 1    367                       403    -36      417
..................................................................


WIND (MPH)
  HIGHEST WIND SPEED    10   HIGHEST WIND DIRECTION     S (160)
  HIGHEST GUST SPEED    12   HIGHEST GUST DIRECTION    SE (150)
  AVERAGE WIND SPEED     3.2


SKY COVER
  POSSIBLE SUNSHINE  MM
  AVERAGE SKY COVER 0.0


WEATHER CONDITIONS
 THE FOLLOWING WEATHER WAS RECORDED TODAY.
  NO SIGNIFICANT WEATHER WAS OBSERVED.


RELATIVE HUMIDITY (PERCENT)
 HIGHEST    63
 LOWEST     12
 AVERAGE    38

..........................................................


THE DOUGLAS AZ CLIMATE NORMALS FOR TOMORROW
                         NORMAL    RECORD    YEAR
 MAXIMUM TEMPERATURE (F)   66        79      1999
                                             1949
 MINIMUM TEMPERATURE (F)   32        16      1948


SUNRISE AND SUNSET
NOVEMBER 28 2014......SUNRISE   657 AM MST   SUNSET   515 PM MST
NOVEMBER 29 2014......SUNRISE   658 AM MST   SUNSET   515 PM MST


-  INDICATES NEGATIVE NUMBERS.
R  INDICATES RECORD WAS SET OR TIED.
MM INDICATES DATA IS MISSING.
T  INDICATES TRACE AMOUNT.




$$
