000
CDUS45 KTWC 250039 RRA
CLIDUG

CLIMATE REPORT
NATIONAL WEATHER SERVICE TUCSON AZ
538 PM MST FRI FEB 24 2017


...................................

...THE DOUGLAS AZ CLIMATE SUMMARY FOR FEBRUARY 24 2017...
VALID TODAY AS OF 0500 PM LOCAL TIME.

CLIMATE NORMAL PERIOD 1981 TO 2010
CLIMATE RECORD PERIOD 1948 TO 2017


WEATHER ITEM   OBSERVED TIME   RECORD YEAR NORMAL DEPARTURE LAST
                VALUE   (LST)  VALUE       VALUE  FROM      YEAR
                                                  NORMAL
..................................................................
TEMPERATURE (F)
 TODAY
  MAXIMUM         64    402 PM  85    2009  68     -4       66
  MINIMUM         26    706 AM  19    1965  34     -8       40
                                      1964
  AVERAGE         45                        51     -6       53

PRECIPITATION (IN)
  TODAY            0.00                      0.02  -0.02     0.00
  MONTH TO DATE    0.38                      0.57  -0.19     0.08
  SINCE OCT 1      2.97                      3.86  -0.89     2.45
  SINCE JAN 1      1.62                      1.31   0.31     1.24

DEGREE DAYS
 HEATING
  TODAY           20                        14      6       12
  MONTH TO DATE  303                       378    -75      348
  SINCE DEC 1   1400                      1548   -148     1673
  SINCE JUL 1   1736                      1983   -247     2126
..................................................................


WIND (MPH)
  HIGHEST WIND SPEED    21   HIGHEST WIND DIRECTION    NW (320)
  HIGHEST GUST SPEED    27   HIGHEST GUST DIRECTION    NW (300)
  AVERAGE WIND SPEED     7.7


SKY COVER
  POSSIBLE SUNSHINE  MM
  AVERAGE SKY COVER 0.0


WEATHER CONDITIONS
 THE FOLLOWING WEATHER WAS RECORDED TODAY.
  NO SIGNIFICANT WEATHER WAS OBSERVED.


RELATIVE HUMIDITY (PERCENT)
 HIGHEST    68
 LOWEST      9
 AVERAGE    39

..........................................................


THE DOUGLAS AZ CLIMATE NORMALS FOR TOMORROW
                         NORMAL    RECORD    YEAR
 MAXIMUM TEMPERATURE (F)   68        85      2009
                                             1986
 MINIMUM TEMPERATURE (F)   34        15      1960


SUNRISE AND SUNSET
FEBRUARY 24 2017......SUNRISE   650 AM MST   SUNSET   613 PM MST
FEBRUARY 25 2017......SUNRISE   649 AM MST   SUNSET   614 PM MST


-  INDICATES NEGATIVE NUMBERS.
R  INDICATES RECORD WAS SET OR TIED.
MM INDICATES DATA IS MISSING.
T  INDICATES TRACE AMOUNT.




$$
