000
CDUS45 KTWC 030730
CLIDUG

CLIMATE REPORT
NATIONAL WEATHER SERVICE TUCSON AZ
1229 AM MST WED JUN 3 2015


...................................

...THE DOUGLAS AZ CLIMATE SUMMARY FOR JUNE 2 2015...

CLIMATE NORMAL PERIOD 1981 TO 2010
CLIMATE RECORD PERIOD 1948 TO 2015


WEATHER ITEM   OBSERVED TIME   RECORD YEAR NORMAL DEPARTURE LAST
                VALUE   (LST)  VALUE       VALUE  FROM      YEAR
                                                  NORMAL
..................................................................
TEMPERATURE (F)
 YESTERDAY
  MAXIMUM         96    116 PM 104    2014  93      3      104
  MINIMUM         54    431 AM  41    1991  56     -2       57
  AVERAGE         75                        75      0       81

PRECIPITATION (IN)
  YESTERDAY        0.00          2.03 1952   0.01  -0.01     0.00
  MONTH TO DATE    0.00                      0.02  -0.02     0.00
  SINCE OCT 1      4.80                      4.97  -0.17     1.39
  SINCE JAN 1      2.83                      2.42   0.41     0.57

DEGREE DAYS
 HEATING
  YESTERDAY        0                         0      0        0
  MONTH TO DATE    0                         0      0        0
  SINCE JUN 1      0                         0      0        0
  SINCE JUL 1   2272                      2522   -250     2361

 COOLING
  YESTERDAY       10                        10      0       16
  MONTH TO DATE   24                        19      5       30
  SINCE JUN 1     24                        19      5       30
  SINCE JAN 1     86                       220   -134      198
..................................................................


WIND (MPH)
  HIGHEST WIND SPEED    26   HIGHEST WIND DIRECTION    SW (230)
  HIGHEST GUST SPEED    35   HIGHEST GUST DIRECTION     W (280)
  AVERAGE WIND SPEED     9.1


SKY COVER
  POSSIBLE SUNSHINE  MM
  AVERAGE SKY COVER 0.0


WEATHER CONDITIONS
 THE FOLLOWING WEATHER WAS RECORDED YESTERDAY.
  NO SIGNIFICANT WEATHER WAS OBSERVED.


RELATIVE HUMIDITY (PERCENT)
 HIGHEST    28
 LOWEST      6
 AVERAGE    17

..........................................................


THE DOUGLAS AZ CLIMATE NORMALS FOR TODAY
                         NORMAL    RECORD    YEAR
 MAXIMUM TEMPERATURE (F)   94       104      2014
 MINIMUM TEMPERATURE (F)   57        41      1955


SUNRISE AND SUNSET
JUNE  3 2015..........SUNRISE   514 AM MST   SUNSET   719 PM MST
JUNE  4 2015..........SUNRISE   514 AM MST   SUNSET   720 PM MST


-  INDICATES NEGATIVE NUMBERS.
R  INDICATES RECORD WAS SET OR TIED.
MM INDICATES DATA IS MISSING.
T  INDICATES TRACE AMOUNT.




$$
