000
CDUS43 KDVN 282123
CLIDVN


CLIMATE REPORT
NATIONAL WEATHER SERVICE QUAD CITIES IA IL
422 PM CDT TUE JUL 28 2015


...................................

...THE DAVENPORT IA CLIMATE SUMMARY FOR JULY 28 2015...
VALID TODAY AS OF 0400 PM LOCAL TIME.

CLIMATE NORMAL PERIOD 1981 TO 2010
CLIMATE RECORD PERIOD 9999 TO 9999


WEATHER ITEM   OBSERVED TIME   RECORD YEAR NORMAL DEPARTURE LAST
                VALUE   (LST)  VALUE       VALUE  FROM      YEAR
                                                  NORMAL
..................................................................
TEMPERATURE (F)
 TODAY
  MAXIMUM         82   1136 AM  MM      MM  83     -1       73
  MINIMUM         70    505 AM  MM      MM  63      7       51
  AVERAGE         76                        73      3       62

PRECIPITATION (IN)
  TODAY            0.83         MM      MM   0.12   0.71     0.00
  MONTH TO DATE    6.89                      3.81   3.08     1.56
  SINCE JUN 1     14.57                      8.00   6.57     9.79
  SINCE JAN 1     25.21                     20.81   4.40    21.35

SNOWFALL (IN)
  TODAY            0.0          MM      MM  MM     MM        0.0
  MONTH TO DATE    0.0                      MM     MM        0.0
  SINCE JUN 1      0.0                      MM     MM        0.0
  SINCE JUL 1      0.0                      MM     MM        0.0
  SNOW DEPTH       0

DEGREE DAYS
 HEATING
  TODAY            0                         0      0        3
  MONTH TO DATE    5                         0      5       17
  SINCE JUN 1     12                        24    -12       21
  SINCE JUL 1      5                         0      5       17

 COOLING
  TODAY           11                         8      3        0
  MONTH TO DATE  203                       233    -30      122
  SINCE JUN 1    389                       415    -26      335
  SINCE JAN 1    469                       476     -7      443
..................................................................


WIND (MPH)
  HIGHEST WIND SPEED    17   HIGHEST WIND DIRECTION    NW (300)
  HIGHEST GUST SPEED    24   HIGHEST GUST DIRECTION     W (290)
  AVERAGE WIND SPEED     7.3


SKY COVER
  POSSIBLE SUNSHINE  MM
  AVERAGE SKY COVER 0.3


WEATHER CONDITIONS
 THE FOLLOWING WEATHER WAS RECORDED TODAY.
  THUNDERSTORM
  HEAVY RAIN
  RAIN
  LIGHT RAIN
  FOG
  HAZE


RELATIVE HUMIDITY (PERCENT)
 HIGHEST    97           500 AM
 LOWEST     85           300 PM
 AVERAGE    91

..........................................................


THE DAVENPORT IA CLIMATE NORMALS FOR TOMORROW
                         NORMAL    RECORD    YEAR
 MAXIMUM TEMPERATURE (F)   83        MM        MM
 MINIMUM TEMPERATURE (F)   63        MM        MM


SUNRISE AND SUNSET
JULY 28 2015..........SUNRISE   553 AM CDT   SUNSET   824 PM CDT
JULY 29 2015..........SUNRISE   554 AM CDT   SUNSET   823 PM CDT


-  INDICATES NEGATIVE NUMBERS.
R  INDICATES RECORD WAS SET OR TIED.
MM INDICATES DATA IS MISSING.
T  INDICATES TRACE AMOUNT.




$$
