000
CDUS43 KDVN 222223
CLIDVN


CLIMATE REPORT
NATIONAL WEATHER SERVICE QUAD CITIES IA IL
423 PM CST MON DEC 22 2014


...................................

...THE DAVENPORT IA CLIMATE SUMMARY FOR DECEMBER 22 2014...
VALID TODAY AS OF 0400 PM LOCAL TIME.

CLIMATE NORMAL PERIOD 1981 TO 2010
CLIMATE RECORD PERIOD 9999 TO 9999


WEATHER ITEM   OBSERVED TIME   RECORD YEAR NORMAL DEPARTURE LAST
                VALUE   (LST)  VALUE       VALUE  FROM      YEAR
                                                  NORMAL
..................................................................
TEMPERATURE (F)
 TODAY
  MAXIMUM         37    359 PM  MM      MM  31      6       29
  MINIMUM         35    759 AM  MM      MM  15     20       11
  AVERAGE         36                        23     13       20

PRECIPITATION (IN)
  TODAY            0.08         MM      MM   0.05   0.03     0.42
  MONTH TO DATE    0.52                      1.42  -0.90     1.02
  SINCE DEC 1      0.52                      1.42  -0.90     1.02
  SINCE JAN 1     33.95                     35.72  -1.77    34.79

SNOWFALL (IN)
  TODAY            0.0          MM      MM  MM     MM        5.9
  MONTH TO DATE    T                        MM     MM       11.7
  SINCE DEC 1      T                        MM     MM       11.7
  SINCE JUL 1      4.0                      MM     MM       15.0
  SNOW DEPTH       0

DEGREE DAYS
 HEATING
  TODAY           29                        42    -13       45
  MONTH TO DATE  753                       848    -95      963
  SINCE DEC 1    753                       848    -95      963
  SINCE JUL 1   2358                      2196    162     2376

 COOLING
  TODAY            0                         0      0        0
  MONTH TO DATE    0                         0      0        0
  SINCE DEC 1      0                         0      0        0
  SINCE JAN 1    728                       786    -58      938
..................................................................


WIND (MPH)
  HIGHEST WIND SPEED    21   HIGHEST WIND DIRECTION    SE (150)
  HIGHEST GUST SPEED    25   HIGHEST GUST DIRECTION    SE (130)
  AVERAGE WIND SPEED    14.0


SKY COVER
  POSSIBLE SUNSHINE  MM
  AVERAGE SKY COVER 1.0


WEATHER CONDITIONS
 THE FOLLOWING WEATHER WAS RECORDED TODAY.
  LIGHT RAIN
  FOG
  HAZE


RELATIVE HUMIDITY (PERCENT)
 HIGHEST    92          1200 PM
 LOWEST     75          1200 AM
 AVERAGE    84

..........................................................


THE DAVENPORT IA CLIMATE NORMALS FOR TOMORROW
                         NORMAL    RECORD    YEAR
 MAXIMUM TEMPERATURE (F)   31        MM        MM
 MINIMUM TEMPERATURE (F)   15        MM        MM


SUNRISE AND SUNSET
DECEMBER 22 2014......SUNRISE   726 AM CST   SUNSET   436 PM CST
DECEMBER 23 2014......SUNRISE   727 AM CST   SUNSET   436 PM CST


-  INDICATES NEGATIVE NUMBERS.
R  INDICATES RECORD WAS SET OR TIED.
MM INDICATES DATA IS MISSING.
T  INDICATES TRACE AMOUNT.




$$
