000
CDUS43 KDVN 261020
CLIDVN


CLIMATE REPORT
NATIONAL WEATHER SERVICE QUAD CITIES IA IL
417 AM CST SUN FEB 26 2017


...................................

...THE DAVENPORT IA CLIMATE SUMMARY FOR FEBRUARY 25 2017...

CLIMATE NORMAL PERIOD 1981 TO 2010
CLIMATE RECORD PERIOD 9999 TO 9999


WEATHER ITEM   OBSERVED TIME   RECORD YEAR NORMAL DEPARTURE LAST
                VALUE   (LST)  VALUE       VALUE  FROM      YEAR
                                                  NORMAL
..................................................................
TEMPERATURE (F)
 YESTERDAY
  MAXIMUM         30    346 PM  MM      MM  38     -8       39
  MINIMUM         18    705 AM  MM      MM  21     -3       27
  AVERAGE         24                        30     -6       33

PRECIPITATION (IN)
  YESTERDAY        T            MM      MM   0.06  -0.06     0.00
  MONTH TO DATE    0.77                      1.16  -0.39     0.38
  SINCE DEC 1      3.29                      4.08  -0.79     5.22
  SINCE JAN 1      1.91                      2.35  -0.44     0.78

SNOWFALL (IN)
  YESTERDAY        0.4          MM      MM  MM     MM        0.0
  MONTH TO DATE    2.0                      MM     MM        2.6
  SINCE DEC 1     19.1                      MM     MM        8.5
  SINCE JUL 1     19.1                      MM     MM       15.4
  SNOW DEPTH       1

DEGREE DAYS
 HEATING
  YESTERDAY       41                        35      6       32
  MONTH TO DATE  724                       986   -262      915
  SINCE DEC 1   3141                      3574   -433     3072
  SINCE JUL 1   3996                      4922   -926     4135

 COOLING
  YESTERDAY        0                         0      0        0
  MONTH TO DATE    0                         0      0        0
  SINCE DEC 1      0                         0      0        0
  SINCE JAN 1      0                         0      0        0
..................................................................


WIND (MPH)
  HIGHEST WIND SPEED    28   HIGHEST WIND DIRECTION     W (290)
  HIGHEST GUST SPEED    33   HIGHEST GUST DIRECTION     W (290)
  AVERAGE WIND SPEED    17.1


SKY COVER
  POSSIBLE SUNSHINE  MM
  AVERAGE SKY COVER 0.4


WEATHER CONDITIONS
 THE FOLLOWING WEATHER WAS RECORDED YESTERDAY.
  LIGHT SNOW
  FOG
  HAZE


RELATIVE HUMIDITY (PERCENT)
 HIGHEST    88           200 AM
 LOWEST     58           300 PM
 AVERAGE    73

..........................................................


THE DAVENPORT IA CLIMATE NORMALS FOR TODAY
                         NORMAL    RECORD    YEAR
 MAXIMUM TEMPERATURE (F)   39        MM        MM
 MINIMUM TEMPERATURE (F)   22        MM        MM


SUNRISE AND SUNSET
FEBRUARY 26 2017......SUNRISE   641 AM CST   SUNSET   550 PM CST
FEBRUARY 27 2017......SUNRISE   640 AM CST   SUNSET   551 PM CST


-  INDICATES NEGATIVE NUMBERS.
R  INDICATES RECORD WAS SET OR TIED.
MM INDICATES DATA IS MISSING.
T  INDICATES TRACE AMOUNT.




$$
