000
CDUS46 KOTX 230823
CLIEAT


CLIMATE REPORT
NATIONAL WEATHER SERVICE SPOKANE, WA
122 AM PDT SAT AUG 23 2014


...................................

...THE WENATCHEE WA PANGBORN FIELD CLIMATE SUMMARY FOR AUGUST 22 2014...

CLIMATE NORMAL PERIOD 1981 TO 2010
CLIMATE RECORD PERIOD 1959 TO 2014


WEATHER ITEM   OBSERVED TIME   RECORD YEAR NORMAL DEPARTURE LAST
                VALUE   (LST)  VALUE       VALUE  FROM      YEAR
                                                  NORMAL
..................................................................
TEMPERATURE (F)
 YESTERDAY
  MAXIMUM         83    156 PM 100    1961  85     -2       89
  MINIMUM         57    554 AM  43    1960  60     -3       59
  AVERAGE         70                        72     -2       74

PRECIPITATION (IN)
  YESTERDAY        T             0.22 2001   0.01  -0.01     0.00
  MONTH TO DATE    0.83                      0.14   0.69     1.82
  SINCE OCT 1      4.52                      7.61  -3.09     9.59
  SINCE JAN 1      3.96                      4.66  -0.70     5.79

SNOWFALL (IN)
  YESTERDAY       MM             0.0  1999   0.0   MM       MM
  MONTH TO DATE   MM                         0.0   MM       MM
  SINCE JUN 1     MM                         0.0   MM       MM
  SINCE JUL 1     MM                         0.0   MM       MM
  SNOW DEPTH      MM

DEGREE DAYS
 HEATING
  YESTERDAY        0                         0      0        0
  MONTH TO DATE    0                         0      0        0
  SINCE JUN 1     15                        65    -50       35
  SINCE JUL 1      0                         7     -7        0

 COOLING
  YESTERDAY        5                         7     -2        9
  MONTH TO DATE  312                       212    100      238
  SINCE JUN 1    959                       773    186      763
  SINCE JAN 1   1017                       920     97      823
..................................................................


WIND (MPH)
  HIGHEST WIND SPEED    26   HIGHEST WIND DIRECTION    NW (310)
  HIGHEST GUST SPEED    31   HIGHEST GUST DIRECTION    NW (300)
  AVERAGE WIND SPEED     9.4


SKY COVER
  POSSIBLE SUNSHINE  MM
  AVERAGE SKY COVER 0.5


WEATHER CONDITIONS
 THE FOLLOWING WEATHER WAS RECORDED YESTERDAY.
  THUNDERSTORM


RELATIVE HUMIDITY (PERCENT)
 HIGHEST    72           200 AM
 LOWEST     26           200 PM
 AVERAGE    49

..........................................................


THE WENATCHEE WA PANGBORN FIELD CLIMATE NORMALS FOR TODAY
                         NORMAL    RECORD    YEAR
 MAXIMUM TEMPERATURE (F)   84       101      1970
 MINIMUM TEMPERATURE (F)   59        42      1992


SUNRISE AND SUNSET
AUGUST 23 2014........SUNRISE   608 AM PDT   SUNSET   758 PM PDT
AUGUST 24 2014........SUNRISE   609 AM PDT   SUNSET   756 PM PDT


-  INDICATES NEGATIVE NUMBERS.
R  INDICATES RECORD WAS SET OR TIED.
MM INDICATES DATA IS MISSING.
T  INDICATES TRACE AMOUNT.




$$
