000
CDUS46 KOTX 010825
CLIEAT


CLIMATE REPORT
NATIONAL WEATHER SERVICE SPOKANE, WA
125 AM PDT SUN MAY 1 2016


...................................

...THE WENATCHEE WA PANGBORN FIELD CLIMATE SUMMARY FOR APRIL 30 2016...

CLIMATE NORMAL PERIOD 1981 TO 2010
CLIMATE RECORD PERIOD 1959 TO 2016


WEATHER ITEM   OBSERVED TIME   RECORD YEAR NORMAL DEPARTURE LAST
                VALUE   (LST)  VALUE       VALUE  FROM      YEAR
                                                  NORMAL
..................................................................
TEMPERATURE (F)
 YESTERDAY
  MAXIMUM         73    542 PM  88    1998  66      7       71
  MINIMUM         51    543 AM  32    1972  44      7       44
  AVERAGE         62                        55      7       58

PRECIPITATION (IN)
  YESTERDAY        T             0.23 1987   0.01  -0.01     0.00
  MONTH TO DATE    0.50                      0.46   0.04     0.30
  SINCE OCT 1      9.30                      5.92   3.38     5.66
  SINCE JAN 1      5.44                      2.97   2.47     2.48

SNOWFALL (IN)
  YESTERDAY       MM

DEGREE DAYS
 HEATING
  YESTERDAY        3                        10     -7        7
  MONTH TO DATE  180                       403   -223      358
  SINCE MAR 1    766                      1052   -286      795
  SINCE JUL 1   4639                      5516   -877     4424

 COOLING
  YESTERDAY        0                         0      0        0
  MONTH TO DATE   12                        36    -24        0
  SINCE MAR 1     12                        38    -26        0
  SINCE JAN 1     12                        38    -26        0
..................................................................


WIND (MPH)
  HIGHEST WIND SPEED    22   HIGHEST WIND DIRECTION    NW (320)
  HIGHEST GUST SPEED    27   HIGHEST GUST DIRECTION    NW (330)
  AVERAGE WIND SPEED    10.7


SKY COVER
  POSSIBLE SUNSHINE  MM
  AVERAGE SKY COVER 0.2


WEATHER CONDITIONS
 THE FOLLOWING WEATHER WAS RECORDED YESTERDAY.
  NO SIGNIFICANT WEATHER WAS OBSERVED.


RELATIVE HUMIDITY (PERCENT)
 HIGHEST    59          1100 PM
 LOWEST     15           400 PM
 AVERAGE    37

..........................................................


THE WENATCHEE WA PANGBORN FIELD CLIMATE NORMALS FOR TODAY
                         NORMAL    RECORD    YEAR
 MAXIMUM TEMPERATURE (F)   67        87      1998
 MINIMUM TEMPERATURE (F)   44        34      1963


SUNRISE AND SUNSET
MAY  1 2016...........SUNRISE   543 AM PDT   SUNSET   813 PM PDT
MAY  2 2016...........SUNRISE   542 AM PDT   SUNSET   815 PM PDT


-  INDICATES NEGATIVE NUMBERS.
R  INDICATES RECORD WAS SET OR TIED.
MM INDICATES DATA IS MISSING.
T  INDICATES TRACE AMOUNT.




$$
