000
CDUS46 KOTX 280434
CLIEAT


CLIMATE REPORT
NATIONAL WEATHER SERVICE SPOKANE, WA
933 PM PDT TUE SEP 27 2016


...................................

...THE WENATCHEE WA PANGBORN FIELD CLIMATE SUMMARY FOR SEPTEMBER 27 2016...
VALID TODAY AS OF 0800 PM LOCAL TIME.

CLIMATE NORMAL PERIOD 1981 TO 2010
CLIMATE RECORD PERIOD 1959 TO 2016


WEATHER ITEM   OBSERVED TIME   RECORD YEAR NORMAL DEPARTURE LAST
                VALUE   (LST)  VALUE       VALUE  FROM      YEAR
                                                  NORMAL
..................................................................
TEMPERATURE (F)
 TODAY
  MAXIMUM         81    344 PM  88    1963  72      9       72
  MINIMUM         61    616 AM  32    1972  48     13       43
  AVERAGE         71                        60     11       58

PRECIPITATION (IN)
  TODAY            0.00          0.07 1995   0.01  -0.01     0.00
  MONTH TO DATE    0.05                      0.30  -0.25     0.40
  SINCE OCT 1     11.21                      7.97   3.24     7.57
  SINCE JAN 1      7.35                      5.02   2.33     4.39

SNOWFALL (IN)
  TODAY           MM

DEGREE DAYS
 HEATING
  TODAY            0                         6     -6        7
  MONTH TO DATE   68                        79    -11       66
  SINCE SEP 1     68                        79    -11       66
  SINCE JUL 1     72                        93    -21       66

 COOLING
  TODAY            6                         1      5        0
  MONTH TO DATE   28                        79    -51       50
  SINCE SEP 1     28                        79    -51       50
  SINCE JAN 1    801                       867    -66     1388
..................................................................


WIND (MPH)
  HIGHEST WIND SPEED    21   HIGHEST WIND DIRECTION    NW (310)
  HIGHEST GUST SPEED    26   HIGHEST GUST DIRECTION     W (280)
  AVERAGE WIND SPEED     9.2


SKY COVER
  POSSIBLE SUNSHINE  MM
  AVERAGE SKY COVER 0.0


WEATHER CONDITIONS
 THE FOLLOWING WEATHER WAS RECORDED TODAY.
  NO SIGNIFICANT WEATHER WAS OBSERVED.


RELATIVE HUMIDITY (PERCENT)
 HIGHEST    60          1200 AM
 LOWEST     18           300 PM
 AVERAGE    39

..........................................................


THE WENATCHEE WA PANGBORN FIELD CLIMATE NORMALS FOR TOMORROW
                         NORMAL    RECORD    YEAR
 MAXIMUM TEMPERATURE (F)   71        89      1963
 MINIMUM TEMPERATURE (F)   48        34      1999


SUNRISE AND SUNSET
SEPTEMBER 27 2016.....SUNRISE   655 AM PDT   SUNSET   647 PM PDT
SEPTEMBER 28 2016.....SUNRISE   656 AM PDT   SUNSET   645 PM PDT


-  INDICATES NEGATIVE NUMBERS.
R  INDICATES RECORD WAS SET OR TIED.
MM INDICATES DATA IS MISSING.
T  INDICATES TRACE AMOUNT.




$$
