000
CDUS46 KOTX 302329
CLIEAT


CLIMATE REPORT
NATIONAL WEATHER SERVICE SPOKANE, WA
428 PM PDT TUE AUG 30 2016


...................................

...THE WENATCHEE WA PANGBORN FIELD CLIMATE SUMMARY FOR AUGUST 30 2016...
VALID AS OF 0400 PM LOCAL TIME.

CLIMATE NORMAL PERIOD 1981 TO 2010
CLIMATE RECORD PERIOD 1959 TO 2016


WEATHER ITEM   OBSERVED TIME   RECORD YEAR NORMAL DEPARTURE LAST
                VALUE   (LST)  VALUE       VALUE  FROM      YEAR
                                                  NORMAL
..................................................................
TEMPERATURE (F)
 TODAY
  MAXIMUM         82    217 PM  97    1998  82      0       73
  MINIMUM         63    658 AM  45    1965  58      5       58
  AVERAGE         73                        70      3       66

PRECIPITATION (IN)
  TODAY            0.00          0.42 1977   0.00   0.00     0.02
  MONTH TO DATE    T                         0.19  -0.19     0.02
  SINCE OCT 1     11.16                      7.66   3.50     7.17
  SINCE JAN 1      7.30                      4.71   2.59     3.99

SNOWFALL (IN)
  TODAY           MM

DEGREE DAYS
 HEATING
  TODAY            0                         1     -1        0
  MONTH TO DATE    2                         2      0        0
  SINCE JUN 1     60                        67     -7        0
  SINCE JUL 1      4                         9     -5        0

 COOLING
  TODAY            8                         6      2        1
  MONTH TO DATE  302                       263     39      375
  SINCE JUN 1    726                       824    -98     1238
  SINCE JAN 1    768                       971   -203     1337
..................................................................


WIND (MPH)
  HIGHEST WIND SPEED    15   HIGHEST WIND DIRECTION    NW (320)
  HIGHEST GUST SPEED    18   HIGHEST GUST DIRECTION    NW (320)
  AVERAGE WIND SPEED     7.6


SKY COVER
  POSSIBLE SUNSHINE  MM
  AVERAGE SKY COVER 0.0


WEATHER CONDITIONS
 THE FOLLOWING WEATHER WAS RECORDED TODAY.
  NO SIGNIFICANT WEATHER WAS OBSERVED.


RELATIVE HUMIDITY (PERCENT)
 HIGHEST    56           500 AM
 LOWEST     21           300 PM
 AVERAGE    39

..........................................................


THE WENATCHEE WA PANGBORN FIELD CLIMATE NORMALS FOR TOMORROW
                         NORMAL    RECORD    YEAR
 MAXIMUM TEMPERATURE (F)   82        99      1998
 MINIMUM TEMPERATURE (F)   57        45      1999


SUNRISE AND SUNSET
AUGUST 30 2016........SUNRISE   618 AM PDT   SUNSET   744 PM PDT
AUGUST 31 2016........SUNRISE   619 AM PDT   SUNSET   742 PM PDT


-  INDICATES NEGATIVE NUMBERS.
R  INDICATES RECORD WAS SET OR TIED.
MM INDICATES DATA IS MISSING.
T  INDICATES TRACE AMOUNT.




$$
