000
CDUS46 KOTX 192337
CLIEAT


CLIMATE REPORT
NATIONAL WEATHER SERVICE SPOKANE, WA
428 PM PDT FRI SEP 19 2014


...................................

...THE WENATCHEE WA PANGBORN FIELD CLIMATE SUMMARY FOR SEPTEMBER 19 2014...
VALID AS OF 0400 PM LOCAL TIME.

CLIMATE NORMAL PERIOD 1981 TO 2010
CLIMATE RECORD PERIOD 1959 TO 2014


WEATHER ITEM   OBSERVED TIME   RECORD YEAR NORMAL DEPARTURE LAST
                VALUE   (LST)  VALUE       VALUE  FROM      YEAR
                                                  NORMAL
..................................................................
TEMPERATURE (F)
 TODAY
  MAXIMUM         83    238 PM  90    1994  75      8       72
  MINIMUM         65    609 AM  37    1983  51     14       47
  AVERAGE         74                        63     11       60

PRECIPITATION (IN)
  TODAY            0.00          0.44 2010   0.01  -0.01     0.00
  MONTH TO DATE    T                         0.21  -0.21     0.62
  SINCE OCT 1      4.52                      7.88  -3.36    10.30
  SINCE JAN 1      3.96                      4.93  -0.97     6.50

SNOWFALL (IN)
  TODAY           MM             0.0  1999   0.0   MM       MM
  MONTH TO DATE   MM                         0.0   MM       MM
  SINCE SEP 1     MM                         0.0   MM       MM
  SINCE JUL 1     MM                         0.0   MM       MM
  SNOW DEPTH      MM

DEGREE DAYS
 HEATING
  TODAY            0                         4     -4        5
  MONTH TO DATE   16                        40    -24       10
  SINCE SEP 1     16                        40    -24       10
  SINCE JUL 1     16                        54    -38       10

 COOLING
  TODAY            9                         2      7        0
  MONTH TO DATE   84                        68     16      146
  SINCE SEP 1     84                        68     16      146
  SINCE JAN 1   1175                       856    319     1027
..................................................................


WIND (MPH)
  HIGHEST WIND SPEED    24   HIGHEST WIND DIRECTION    NW (300)
  HIGHEST GUST SPEED    27   HIGHEST GUST DIRECTION    NW (300)
  AVERAGE WIND SPEED     9.8


SKY COVER
  POSSIBLE SUNSHINE  MM
  AVERAGE SKY COVER 0.0


WEATHER CONDITIONS
 THE FOLLOWING WEATHER WAS RECORDED TODAY.
  NO SIGNIFICANT WEATHER WAS OBSERVED.


RELATIVE HUMIDITY (PERCENT)
 HIGHEST    56           600 AM
 LOWEST     28           100 PM
 AVERAGE    42

..........................................................


THE WENATCHEE WA PANGBORN FIELD CLIMATE NORMALS FOR TOMORROW
                         NORMAL    RECORD    YEAR
 MAXIMUM TEMPERATURE (F)   75        91      1967
 MINIMUM TEMPERATURE (F)   51        33      1983


SUNRISE AND SUNSET
SEPTEMBER 19 2014.....SUNRISE   644 AM PDT   SUNSET   704 PM PDT
SEPTEMBER 20 2014.....SUNRISE   645 AM PDT   SUNSET   702 PM PDT


-  INDICATES NEGATIVE NUMBERS.
R  INDICATES RECORD WAS SET OR TIED.
MM INDICATES DATA IS MISSING.
T  INDICATES TRACE AMOUNT.




$$
