000
CDUS46 KOTX 230819
CLIEAT


CLIMATE REPORT
NATIONAL WEATHER SERVICE SPOKANE, WA
118 AM PDT SAT MAY 23 2015


...................................

...THE WENATCHEE WA PANGBORN FIELD CLIMATE SUMMARY FOR MAY 22 2015...

CLIMATE NORMAL PERIOD 1981 TO 2010
CLIMATE RECORD PERIOD 1959 TO 2015


WEATHER ITEM   OBSERVED TIME   RECORD YEAR NORMAL DEPARTURE LAST
                VALUE   (LST)  VALUE       VALUE  FROM      YEAR
                                                  NORMAL
..................................................................
TEMPERATURE (F)
 YESTERDAY
  MAXIMUM         81        MM  90    1979  73      8       88
  MINIMUM         60        MM  37    1964  50     10       59
  AVERAGE         71                        62      9       74

PRECIPITATION (IN)
  YESTERDAY        0.05          0.55 2013   0.03   0.02     0.00
  MONTH TO DATE    1.17                      0.43   0.74     0.18
  SINCE OCT 1      6.83                      6.35   0.48     2.87
  SINCE JAN 1      3.65                      3.40   0.25     2.31

SNOWFALL (IN)
  YESTERDAY       MM

DEGREE DAYS
 HEATING
  YESTERDAY        0                         5     -5        0
  MONTH TO DATE   74                       163    -89       65
  SINCE MAR 1    869                      1215   -346     1039
  SINCE JUL 1   4498                      5679  -1181     5609

 COOLING
  YESTERDAY        6                         1      5        9
  MONTH TO DATE   32                        18     14       47
  SINCE MAR 1     32                        56    -24       47
  SINCE JAN 1     32                        56    -24       47
..................................................................


WIND (MPH)
  HIGHEST WIND SPEED    17   HIGHEST WIND DIRECTION    NW (320)
  HIGHEST GUST SPEED    16   HIGHEST GUST DIRECTION     W (290)
  AVERAGE WIND SPEED     8.8


SKY COVER
  POSSIBLE SUNSHINE  MM
  AVERAGE SKY COVER 0.4


WEATHER CONDITIONS
 THE FOLLOWING WEATHER WAS RECORDED YESTERDAY.
  LIGHT RAIN


RELATIVE HUMIDITY (PERCENT)
 HIGHEST    60           300 AM
 LOWEST     30           300 PM
 AVERAGE    45

..........................................................


THE WENATCHEE WA PANGBORN FIELD CLIMATE NORMALS FOR TODAY
                         NORMAL    RECORD    YEAR
 MAXIMUM TEMPERATURE (F)   73        93      2001
 MINIMUM TEMPERATURE (F)   51        38      1975


SUNRISE AND SUNSET
MAY 23 2015...........SUNRISE   515 AM PDT   SUNSET   840 PM PDT
MAY 24 2015...........SUNRISE   514 AM PDT   SUNSET   841 PM PDT


-  INDICATES NEGATIVE NUMBERS.
R  INDICATES RECORD WAS SET OR TIED.
MM INDICATES DATA IS MISSING.
T  INDICATES TRACE AMOUNT.




$$
