000
CDUS46 KOTX 180829
CLIEAT


CLIMATE REPORT
NATIONAL WEATHER SERVICE SPOKANE, WA
1228 AM PST THU DEC 18 2014


...................................

...THE WENATCHEE WA PANGBORN FIELD CLIMATE SUMMARY FOR DECEMBER 17 2014...

CLIMATE NORMAL PERIOD 1981 TO 2010
CLIMATE RECORD PERIOD 1959 TO 2014


WEATHER ITEM   OBSERVED TIME   RECORD YEAR NORMAL DEPARTURE LAST
                VALUE   (LST)  VALUE       VALUE  FROM      YEAR
                                                  NORMAL
..................................................................
TEMPERATURE (F)
 YESTERDAY
  MAXIMUM         37   1058 PM  52    1998  31      6       31
  MINIMUM         34   1218 PM -12    1964  23     11       28
  AVERAGE         36                        27      9       30

PRECIPITATION (IN)
  YESTERDAY        0.19          0.23 1994   0.05   0.14     0.00
  MONTH TO DATE    0.67                      0.78  -0.11     0.07
  SINCE OCT 1      2.51                      2.33   0.18     0.52
  SINCE JAN 1      6.63                      7.39  -0.76     7.21

SNOWFALL (IN)
  YESTERDAY       MM

DEGREE DAYS
 HEATING
  YESTERDAY       29                        38     -9       35
  MONTH TO DATE  518                       613    -95      698
  SINCE DEC 1    518                       613    -95      698
  SINCE JUL 1   1624                      1985   -361     2063

 COOLING
  YESTERDAY        0                         0      0        0
  MONTH TO DATE    0                         0      0        0
  SINCE DEC 1      0                         0      0        0
  SINCE JAN 1   1218                       790    428     1028
..................................................................


WIND (MPH)
  HIGHEST WIND SPEED     7   HIGHEST WIND DIRECTION    NW (330)
  HIGHEST GUST SPEED    14   HIGHEST GUST DIRECTION    NW (310)
  AVERAGE WIND SPEED     2.2


SKY COVER
  POSSIBLE SUNSHINE  MM
  AVERAGE SKY COVER 1.0


WEATHER CONDITIONS
 THE FOLLOWING WEATHER WAS RECORDED YESTERDAY.
  LIGHT RAIN
  SNOW
  LIGHT SNOW
  FOG
  FOG W/VISIBILITY <= 1/4 MILE


RELATIVE HUMIDITY (PERCENT)
 HIGHEST    96           700 AM
 LOWEST     85          1200 AM
 AVERAGE    91

..........................................................


THE WENATCHEE WA PANGBORN FIELD CLIMATE NORMALS FOR TODAY
                         NORMAL    RECORD    YEAR
 MAXIMUM TEMPERATURE (F)   31        52      1976
 MINIMUM TEMPERATURE (F)   23        -3      1984


SUNRISE AND SUNSET
DECEMBER 18 2014......SUNRISE   744 AM PST   SUNSET   411 PM PST
DECEMBER 19 2014......SUNRISE   744 AM PST   SUNSET   412 PM PST


-  INDICATES NEGATIVE NUMBERS.
R  INDICATES RECORD WAS SET OR TIED.
MM INDICATES DATA IS MISSING.
T  INDICATES TRACE AMOUNT.




$$
