000
CDUS42 KAKQ 250545
CLIECG


CLIMATE REPORT
NATIONAL WEATHER SERVICE WAKEFIELD, VA
145 AM EDT SUN JUN 25 2017


...................................

...THE ELIZABETH CITY NC CLIMATE SUMMARY FOR JUNE 24 2017...

CLIMATE NORMAL PERIOD 1981 TO 2010
CLIMATE RECORD PERIOD 1934 TO 2017


WEATHER ITEM   OBSERVED TIME   RECORD YEAR NORMAL DEPARTURE LAST
                VALUE   (LST)  VALUE       VALUE  FROM      YEAR
                                                  NORMAL
..................................................................
TEMPERATURE (F)
 YESTERDAY
  MAXIMUM         90    454 PM  99    2010  87      3       83
  MINIMUM         72   1136 PM  54    1963  68      4       69
                                      1947
                                      1937
  AVERAGE         81                        77      4       76

PRECIPITATION (IN)
  YESTERDAY        0.69          2.13 1965   0.13   0.56      T
  MONTH TO DATE    3.42                      3.64  -0.22     2.64
  SINCE JUN 1      3.42                      3.64  -0.22     2.64
  SINCE JAN 1     20.39                     20.81  -0.42    20.85

SNOWFALL (IN)
  YESTERDAY        0.0           0.0  2002  MM     MM
  MONTH TO DATE    0.0                      MM     MM
  SINCE NOV 1      1.2                      MM     MM
  SINCE JUL 1      1.2                      MM     MM
  SNOW DEPTH       0

DEGREE DAYS
 HEATING
  YESTERDAY        0                         0      0        0
  MONTH TO DATE    4                         0      4        0
  SINCE JUN 1      4                         0      4        0
  SINCE JUL 1   2691                      3229   -538     2481

 COOLING
  YESTERDAY       16                        12      4       11
  MONTH TO DATE  286                       237     49      255
  SINCE JUN 1    286                       237     49      255
  SINCE JAN 1    584                       401    183      425
..................................................................


WIND (MPH)
  HIGHEST WIND SPEED    30   HIGHEST WIND DIRECTION    SW (220)
  HIGHEST GUST SPEED    40   HIGHEST GUST DIRECTION    SW (220)
  AVERAGE WIND SPEED    13.2


SKY COVER
  POSSIBLE SUNSHINE  MM
  AVERAGE SKY COVER 0.3


WEATHER CONDITIONS
 THE FOLLOWING WEATHER WAS RECORDED YESTERDAY.
  THUNDERSTORM
  HEAVY RAIN
  RAIN
  LIGHT RAIN
  FOG


RELATIVE HUMIDITY (PERCENT)
 HIGHEST   100           900 PM
 LOWEST     56           300 PM
 AVERAGE    78

..........................................................


THE ELIZABETH CITY NC CLIMATE NORMALS FOR TODAY
                         NORMAL    RECORD    YEAR
 MAXIMUM TEMPERATURE (F)   87       100      1952
 MINIMUM TEMPERATURE (F)   68        55      1963


SUNRISE AND SUNSET
JUNE 25 2017..........SUNRISE   549 AM EDT   SUNSET   826 PM EDT
JUNE 26 2017..........SUNRISE   549 AM EDT   SUNSET   826 PM EDT


-  INDICATES NEGATIVE NUMBERS.
R  INDICATES RECORD WAS SET OR TIED.
MM INDICATES DATA IS MISSING.
T  INDICATES TRACE AMOUNT.




$$
