000
CDUS42 KAKQ 210828
CLIECG


CLIMATE REPORT
NATIONAL WEATHER SERVICE WAKEFIELD, VA
427 AM EDT MON APR 21 2014


...................................

...THE ELIZABETH CITY NC CLIMATE SUMMARY FOR APRIL 20 2014...

CLIMATE NORMAL PERIOD 1981 TO 2010
CLIMATE RECORD PERIOD 1934 TO 2014


WEATHER ITEM   OBSERVED TIME   RECORD YEAR NORMAL DEPARTURE LAST
                VALUE   (LST)  VALUE       VALUE  FROM      YEAR
                                                  NORMAL
..................................................................
TEMPERATURE (F)
 YESTERDAY
  MAXIMUM         54    922 AM  93    1985  71    -17       67
  MINIMUM         48   1159 PM  33    1953  49     -1       48
  AVERAGE         51                        60     -9       58

PRECIPITATION (IN)
  YESTERDAY        0.17          4.65 1991   0.10   0.07     0.38
  MONTH TO DATE    2.43                      2.15   0.28     1.74
  SINCE MAR 1      4.84                      6.13  -1.29     3.50
  SINCE JAN 1      8.98                     12.57  -3.59     8.55

SNOWFALL (IN)
  YESTERDAY        0.0           0.0  2002  MM     MM
  MONTH TO DATE    0.0                      MM     MM
  SINCE NOV 1     10.2                      MM     MM
  SINCE JUL 1     10.2                      MM     MM
  SNOW DEPTH       0

DEGREE DAYS
 HEATING
  YESTERDAY       14                         6      8        7
  MONTH TO DATE  139                       170    -31      116
  SINCE MAR 1    687                       635     52      707
  SINCE JUL 1   3260                      3107    153     2716

 COOLING
  YESTERDAY        0                         1     -1        0
  MONTH TO DATE   22                        20      2       49
  SINCE MAR 1     22                        25     -3       49
  SINCE JAN 1     22                        27     -5       54
..................................................................


WIND (MPH)
  HIGHEST WIND SPEED    32   HIGHEST WIND DIRECTION    NE (30)
  HIGHEST GUST SPEED    41   HIGHEST GUST DIRECTION    NE (30)
  AVERAGE WIND SPEED    21.5


SKY COVER
  POSSIBLE SUNSHINE  MM
  AVERAGE SKY COVER 0.9


WEATHER CONDITIONS
 THE FOLLOWING WEATHER WAS RECORDED YESTERDAY.
  RAIN
  LIGHT RAIN
  FOG
  HAZE


RELATIVE HUMIDITY (PERCENT)
 HIGHEST    89          1100 AM
 LOWEST     59           400 AM
 AVERAGE    74

..........................................................


THE ELIZABETH CITY NC CLIMATE NORMALS FOR TODAY
                         NORMAL    RECORD    YEAR
 MAXIMUM TEMPERATURE (F)   71        94      1985
 MINIMUM TEMPERATURE (F)   49        32      1961


SUNRISE AND SUNSET
APRIL 21 2014.........SUNRISE   624 AM EDT   SUNSET   744 PM EDT
APRIL 22 2014.........SUNRISE   622 AM EDT   SUNSET   745 PM EDT


-  INDICATES NEGATIVE NUMBERS.
R  INDICATES RECORD WAS SET OR TIED.
MM INDICATES DATA IS MISSING.
T  INDICATES TRACE AMOUNT.




$$
