000
CDUS42 KAKQ 010550
CLIECG


CLIMATE REPORT
NATIONAL WEATHER SERVICE WAKEFIELD, VA
150 AM EDT WED JUL 1 2015


...................................

...THE ELIZABETH CITY NC CLIMATE SUMMARY FOR JUNE 30 2015...

CLIMATE NORMAL PERIOD 1981 TO 2010
CLIMATE RECORD PERIOD 1934 TO 2015


WEATHER ITEM   OBSERVED TIME   RECORD YEAR NORMAL DEPARTURE LAST
                VALUE   (LST)  VALUE       VALUE  FROM      YEAR
                                                  NORMAL
..................................................................
TEMPERATURE (F)
 YESTERDAY
  MAXIMUM         89    418 PM 100    1936  87      2       85
  MINIMUM         71   1159 PM  53    1938  69      2       63
  AVERAGE         80                        78      2       74

PRECIPITATION (IN)
  YESTERDAY        0.00          1.61 1967   0.16  -0.16     0.00
  MONTH TO DATE    4.87                      4.49   0.38     3.83
  SINCE JUN 1      4.87                      4.49   0.38     3.83
  SINCE JAN 1     22.17                     21.66   0.51    18.79

SNOWFALL (IN)
  YESTERDAY        0.0           0.0  2002  MM     MM
  MONTH TO DATE    0.0                      MM     MM
  SINCE NOV 1      T                        MM     MM
  SINCE JUL 1      T                        MM     MM
  SNOW DEPTH       0

DEGREE DAYS
 HEATING
  YESTERDAY        0                         0      0        0
  MONTH TO DATE    0                         0      0        5
  SINCE JUN 1      0                         3     -3        5
  SINCE JUL 1   3235                      3232      3     3341

 COOLING
  YESTERDAY       15                        13      2        9
  MONTH TO DATE  408                       314     94      311
  SINCE JUN 1    408                       314     94      311
  SINCE JAN 1    613                       478    135      520
..................................................................


WIND (MPH)
  HIGHEST WIND SPEED    25   HIGHEST WIND DIRECTION     W (280)
  HIGHEST GUST SPEED    32   HIGHEST GUST DIRECTION     W (280)
  AVERAGE WIND SPEED     8.8


SKY COVER
  POSSIBLE SUNSHINE  MM
  AVERAGE SKY COVER 0.1


WEATHER CONDITIONS
 THE FOLLOWING WEATHER WAS RECORDED YESTERDAY.
  HAZE


RELATIVE HUMIDITY (PERCENT)
 HIGHEST    94           600 AM
 LOWEST     50          1200 PM
 AVERAGE    72

..........................................................


THE ELIZABETH CITY NC CLIMATE NORMALS FOR TODAY
                         NORMAL    RECORD    YEAR
 MAXIMUM TEMPERATURE (F)   87       101      2012
 MINIMUM TEMPERATURE (F)   69        56      1938


SUNRISE AND SUNSET
JULY  1 2015..........SUNRISE   551 AM EDT   SUNSET   826 PM EDT
JULY  2 2015..........SUNRISE   551 AM EDT   SUNSET   826 PM EDT


-  INDICATES NEGATIVE NUMBERS.
R  INDICATES RECORD WAS SET OR TIED.
MM INDICATES DATA IS MISSING.
T  INDICATES TRACE AMOUNT.




$$
