000
CDUS42 KAKQ 190630
CLIECG


CLIMATE REPORT
NATIONAL WEATHER SERVICE WAKEFIELD, VA
129 AM EST SUN FEB 19 2017


...................................

...THE ELIZABETH CITY NC CLIMATE SUMMARY FOR FEBRUARY 18 2017...

CLIMATE NORMAL PERIOD 1981 TO 2010
CLIMATE RECORD PERIOD 1934 TO 2017


WEATHER ITEM   OBSERVED TIME   RECORD YEAR NORMAL DEPARTURE LAST
                VALUE   (LST)  VALUE       VALUE  FROM      YEAR
                                                  NORMAL
..................................................................
TEMPERATURE (F)
 YESTERDAY
  MAXIMUM         71    324 PM  80    1976  54     17       48
  MINIMUM         38    708 AM  10    1958  35      3       32
  AVERAGE         55                        44     11       40

PRECIPITATION (IN)
  YESTERDAY        0.00          1.12 1940   0.12  -0.12     0.00
  MONTH TO DATE    0.91                      2.04  -1.13     3.76
  SINCE DEC 1      7.27                      7.86  -0.59    10.68
  SINCE JAN 1      4.60                      5.30  -0.70     6.67

SNOWFALL (IN)
  YESTERDAY        0.0           6.0  1979  MM     MM
  MONTH TO DATE    0.0                      MM     MM
  SINCE NOV 1      1.2                      MM     MM
  SINCE JUL 1      1.2                      MM     MM
  SNOW DEPTH       0

DEGREE DAYS
 HEATING
  YESTERDAY       10                        20    -10       25
  MONTH TO DATE  318                       388    -70      421
  SINCE DEC 1   1525                      1760   -235     1397
  SINCE JUL 1   2015                      2275   -260     1753

 COOLING
  YESTERDAY        0                         0      0        0
  MONTH TO DATE    3                         0      3        0
  SINCE DEC 1      3                         3      0       31
  SINCE JAN 1      3                         1      2        0
..................................................................


WIND (MPH)
  HIGHEST WIND SPEED    18   HIGHEST WIND DIRECTION    SW (210)
  HIGHEST GUST SPEED    25   HIGHEST GUST DIRECTION     S (200)
  AVERAGE WIND SPEED     8.1


SKY COVER
  POSSIBLE SUNSHINE  MM
  AVERAGE SKY COVER 0.0


WEATHER CONDITIONS
 THE FOLLOWING WEATHER WAS RECORDED YESTERDAY.
  NO SIGNIFICANT WEATHER WAS OBSERVED.


RELATIVE HUMIDITY (PERCENT)
 HIGHEST    86           600 AM
 LOWEST     31           300 PM
 AVERAGE    59

..........................................................


THE ELIZABETH CITY NC CLIMATE NORMALS FOR TODAY
                         NORMAL    RECORD    YEAR
 MAXIMUM TEMPERATURE (F)   55        77      1939
 MINIMUM TEMPERATURE (F)   35        14      2015


SUNRISE AND SUNSET
FEBRUARY 19 2017......SUNRISE   647 AM EST   SUNSET   550 PM EST
FEBRUARY 20 2017......SUNRISE   646 AM EST   SUNSET   551 PM EST


-  INDICATES NEGATIVE NUMBERS.
R  INDICATES RECORD WAS SET OR TIED.
MM INDICATES DATA IS MISSING.
T  INDICATES TRACE AMOUNT.




$$
